000
CDUS41 KBGM 040546
CLIBGM


CLIMATE REPORT
NATIONAL WEATHER SERVICE BINGHAMTON NY
145 AM EDT FRI SEP 4 2015


...................................

...THE BINGHAMTON NY CLIMATE SUMMARY FOR SEPTEMBER 3 2015...

CLIMATE NORMAL PERIOD 1981 TO 2010
CLIMATE RECORD PERIOD 1951 TO 2015


WEATHER ITEM   OBSERVED TIME   RECORD YEAR NORMAL DEPARTURE LAST
                VALUE   (LST)  VALUE       VALUE  FROM      YEAR
                                                  NORMAL
..................................................................
TEMPERATURE (F)
 YESTERDAY
  MAXIMUM         85    236 PM  96    1953  73     12       76
  MINIMUM         64    501 AM  38    1994  55      9       61
  AVERAGE         75                        64     11       69

PRECIPITATION (IN)
  YESTERDAY        0.00          1.19 1974   0.11  -0.11     0.00
  MONTH TO DATE    0.00                      0.34  -0.34     0.66
  SINCE SEP 1      0.00                      0.34  -0.34     0.66
  SINCE JAN 1     31.52                     26.55   4.97    29.69

SNOWFALL (IN)
  YESTERDAY        0.0           0.0  2002   0.0    0.0      0.0
                                      2001
                                      2000
  MONTH TO DATE    0.0                       0.0    0.0      0.0
  SINCE SEP 1      0.0                       0.0    0.0      0.0
  SINCE JUL 1      T                         0.0    0.0       T
  SNOW DEPTH       0

DEGREE DAYS
 HEATING
  YESTERDAY        0                         3     -3        0
  MONTH TO DATE    0                         9     -9        0
  SINCE SEP 1      0                         9     -9        0
  SINCE JUL 1     49                        72    -23       66

 COOLING
  YESTERDAY       10                         2      8        4
  MONTH TO DATE   23                         6     17       20
  SINCE SEP 1     23                         6     17       20
  SINCE JAN 1    365                       354     11      322
..................................................................


WIND (MPH)
  HIGHEST WIND SPEED    12   HIGHEST WIND DIRECTION     N (360)
  HIGHEST GUST SPEED    14   HIGHEST GUST DIRECTION     N (10)
  AVERAGE WIND SPEED     5.1


SKY COVER
  AVERAGE SKY COVER 0.2


WEATHER CONDITIONS
 THE FOLLOWING WEATHER WAS RECORDED YESTERDAY.
  THUNDERSTORM
  FOG
  FOG W/VISIBILITY <= 1/4 MILE
  HAZE


RELATIVE HUMIDITY (PERCENT)
 HIGHEST   100           300 AM
 LOWEST     58           300 PM
 AVERAGE    79

..........................................................


THE BINGHAMTON NY CLIMATE NORMALS FOR TODAY
                         NORMAL    RECORD    YEAR
 MAXIMUM TEMPERATURE (F)   73        91      1953
 MINIMUM TEMPERATURE (F)   55        40      1987


SUNRISE AND SUNSET
SEPTEMBER  4 2015.....SUNRISE   632 AM EDT   SUNSET   733 PM EDT
SEPTEMBER  5 2015.....SUNRISE   633 AM EDT   SUNSET   731 PM EDT


-  INDICATES NEGATIVE NUMBERS.
R  INDICATES RECORD WAS SET OR TIED.
MM INDICATES DATA IS MISSING.
T  INDICATES TRACE AMOUNT.




$$
