319
CDUS41 KBGM 210522
CLIBGM


CLIMATE REPORT
NATIONAL WEATHER SERVICE BINGHAMTON NY
121 AM EDT SAT OCT 21 2017


...................................

...THE BINGHAMTON NY CLIMATE SUMMARY FOR OCTOBER 20 2017...

CLIMATE NORMAL PERIOD 1981 TO 2010
CLIMATE RECORD PERIOD 1951 TO 2017


WEATHER ITEM   OBSERVED TIME   RECORD YEAR NORMAL DEPARTURE LAST
                VALUE   (LST)  VALUE       VALUE  FROM      YEAR
                                                  NORMAL
..................................................................
TEMPERATURE (F)
 YESTERDAY
  MAXIMUM         64    323 PM  77    1963  55      9       63
  MINIMUM         45    649 AM  20    1972  39      6       46
  AVERAGE         55                        47      8       55

PRECIPITATION (IN)
  YESTERDAY        0.00          1.15 1976   0.10  -0.10     0.66
  MONTH TO DATE    1.55                      2.18  -0.63     1.37
  SINCE SEP 1      2.81                      5.81  -3.00     2.40
  SINCE JAN 1     42.55                     32.02  10.53    25.95

SNOWFALL (IN)
  YESTERDAY        0.0           1.3  1952   0.0    0.0      0.0
  MONTH TO DATE    0.0                       0.3   -0.3      0.0
  SINCE SEP 1      0.0                       0.3   -0.3      0.0
  SINCE JUL 1      0.0                       0.3   -0.3      0.0
  SNOW DEPTH       0

DEGREE DAYS
 HEATING
  YESTERDAY       10                        18     -8       10
  MONTH TO DATE  162                       297   -135      223
  SINCE SEP 1    317                       491   -174      337
  SINCE JUL 1    398                       554   -156      346

 COOLING
  YESTERDAY        0                         0      0        0
  MONTH TO DATE    9                         0      9        4
  SINCE SEP 1     78                        31     47       52
  SINCE JAN 1    349                       379    -30      563
..................................................................


WIND (MPH)
  HIGHEST WIND SPEED    17   HIGHEST WIND DIRECTION    NW (320)
  HIGHEST GUST SPEED    24   HIGHEST GUST DIRECTION     N (10)
  AVERAGE WIND SPEED     6.2


SKY COVER
  AVERAGE SKY COVER 0.0


WEATHER CONDITIONS
 THE FOLLOWING WEATHER WAS RECORDED YESTERDAY.
  NO SIGNIFICANT WEATHER WAS OBSERVED.


RELATIVE HUMIDITY (PERCENT)
 HIGHEST    83           100 AM
 LOWEST     31           300 PM
 AVERAGE    57

..........................................................


THE BINGHAMTON NY CLIMATE NORMALS FOR TODAY
                         NORMAL    RECORD    YEAR
 MAXIMUM TEMPERATURE (F)   55        80      1979
 MINIMUM TEMPERATURE (F)   39        21      1974


SUNRISE AND SUNSET
OCTOBER 21 2017.......SUNRISE   724 AM EDT   SUNSET   612 PM EDT
OCTOBER 22 2017.......SUNRISE   725 AM EDT   SUNSET   611 PM EDT


-  INDICATES NEGATIVE NUMBERS.
R  INDICATES RECORD WAS SET OR TIED.
MM INDICATES DATA IS MISSING.
T  INDICATES TRACE AMOUNT.




$$
