000
CDUS41 KBGM 021030
CLIBGM


CLIMATE REPORT
NATIONAL WEATHER SERVICE BINGHAMTON NY
629 AM EDT THU JUL 2 2015


...................................

...THE BINGHAMTON NY CLIMATE SUMMARY FOR JULY 1 2015...

CLIMATE NORMAL PERIOD 1981 TO 2010
CLIMATE RECORD PERIOD 1951 TO 2015


WEATHER ITEM   OBSERVED TIME   RECORD YEAR NORMAL DEPARTURE LAST
                VALUE   (LST)  VALUE       VALUE  FROM      YEAR
                                                  NORMAL
..................................................................
TEMPERATURE (F)
 YESTERDAY
  MAXIMUM         71    401 PM  87    1968  77     -6       86
                                      1963
                                      1956
  MINIMUM         60   1006 PM  44    1988  59      1       69
  AVERAGE         66                        68     -2       78

PRECIPITATION (IN)
  YESTERDAY        0.69          1.80 2013   0.12   0.57     0.00
  MONTH TO DATE    0.69                      0.12   0.57     0.00
  SINCE JUN 1     10.43                      4.43   6.00     4.37
  SINCE JAN 1     23.98                     19.18   4.80    19.73

SNOWFALL (IN)
  YESTERDAY        0.0           0.0  2002   0.0    0.0      0.0
                                      2000
                                      2001
  MONTH TO DATE    0.0                       0.0    0.0      0.0
  SINCE JUN 1      0.0                       0.0    0.0      0.0
  SINCE JUL 1      0.0                       0.0    0.0      0.0
  SNOW DEPTH       0

DEGREE DAYS
 HEATING
  YESTERDAY        0                         1     -1        0
  MONTH TO DATE    0                         1     -1        0
  SINCE JUN 1     77                        92    -15       45
  SINCE JUL 1      0                         1     -1        0

 COOLING
  YESTERDAY        1                         4     -3       13
  MONTH TO DATE    1                         4     -3       13
  SINCE JUN 1     51                        78    -27       98
  SINCE JAN 1    124                       101     23      123
..................................................................


WIND (MPH)
  HIGHEST WIND SPEED    21   HIGHEST WIND DIRECTION     W (280)
  HIGHEST GUST SPEED    30   HIGHEST GUST DIRECTION     W (280)
  AVERAGE WIND SPEED     8.7


SKY COVER
  AVERAGE SKY COVER 0.6


WEATHER CONDITIONS
 THE FOLLOWING WEATHER WAS RECORDED YESTERDAY.
  THUNDERSTORM
  HEAVY RAIN
  RAIN
  LIGHT RAIN
  FOG


RELATIVE HUMIDITY (PERCENT)
 HIGHEST   100           500 AM
 LOWEST     68           400 PM
 AVERAGE    84

..........................................................


THE BINGHAMTON NY CLIMATE NORMALS FOR TODAY
                         NORMAL    RECORD    YEAR
 MAXIMUM TEMPERATURE (F)   77        92      1966
 MINIMUM TEMPERATURE (F)   59        45      2001


SUNRISE AND SUNSET
JULY  2 2015..........SUNRISE   532 AM EDT   SUNSET   844 PM EDT
JULY  3 2015..........SUNRISE   532 AM EDT   SUNSET   844 PM EDT


-  INDICATES NEGATIVE NUMBERS.
R  INDICATES RECORD WAS SET OR TIED.
MM INDICATES DATA IS MISSING.
T  INDICATES TRACE AMOUNT.

$$
