000
CDUS41 KBGM 300602
CLIBGM


CLIMATE REPORT
NATIONAL WEATHER SERVICE BINGHAMTON NY
201 AM EDT FRI SEP 30 2016


...................................

...THE BINGHAMTON NY CLIMATE SUMMARY FOR SEPTEMBER 29 2016...

CLIMATE NORMAL PERIOD 1981 TO 2010
CLIMATE RECORD PERIOD 1951 TO 2016


WEATHER ITEM   OBSERVED TIME   RECORD YEAR NORMAL DEPARTURE LAST
                VALUE   (LST)  VALUE       VALUE  FROM      YEAR
                                                  NORMAL
..................................................................
TEMPERATURE (F)
 YESTERDAY
  MAXIMUM         57    457 PM  79    1954  63     -6       68
  MINIMUM         51    749 AM  27    2000  46      5       65
  AVERAGE         54                        54      0       67

PRECIPITATION (IN)
  YESTERDAY        0.03          1.66 2011   0.12  -0.09     1.21
  MONTH TO DATE    0.79                      3.50  -2.71     1.71
  SINCE SEP 1      0.79                      3.50  -2.71     1.71
  SINCE JAN 1     24.34                     29.71  -5.37    33.23

SNOWFALL (IN)
  YESTERDAY        0.0           T    1970   0.0    0.0      0.0
  MONTH TO DATE    0.0                       0.0    0.0      0.0
  SINCE SEP 1      0.0                       0.0    0.0      0.0
  SINCE JUL 1      0.0                       0.0    0.0       T
  SNOW DEPTH       0

DEGREE DAYS
 HEATING
  YESTERDAY       11                        11      0        0
  MONTH TO DATE   99                       183    -84       73
  SINCE SEP 1     99                       183    -84       73
  SINCE JUL 1    108                       246   -138      122

 COOLING
  YESTERDAY        0                         0      0        2
  MONTH TO DATE   48                        29     19      101
  SINCE SEP 1     48                        29     19      101
  SINCE JAN 1    559                       377    182      443
..................................................................


WIND (MPH)
  HIGHEST WIND SPEED    13   HIGHEST WIND DIRECTION     E (100)
  HIGHEST GUST SPEED    17   HIGHEST GUST DIRECTION     E (110)
  AVERAGE WIND SPEED     7.9


SKY COVER
  AVERAGE SKY COVER 0.9


WEATHER CONDITIONS
 THE FOLLOWING WEATHER WAS RECORDED YESTERDAY.
  LIGHT RAIN
  FOG


RELATIVE HUMIDITY (PERCENT)
 HIGHEST    96           200 AM
 LOWEST     71          1000 PM
 AVERAGE    84

..........................................................


THE BINGHAMTON NY CLIMATE NORMALS FOR TODAY
                         NORMAL    RECORD    YEAR
 MAXIMUM TEMPERATURE (F)   63        85      1953
 MINIMUM TEMPERATURE (F)   45        29      1991


SUNRISE AND SUNSET
SEPTEMBER 30 2016.....SUNRISE   700 AM EDT   SUNSET   646 PM EDT
OCTOBER  1 2016.......SUNRISE   701 AM EDT   SUNSET   645 PM EDT


-  INDICATES NEGATIVE NUMBERS.
R  INDICATES RECORD WAS SET OR TIED.
MM INDICATES DATA IS MISSING.
T  INDICATES TRACE AMOUNT.




$$
