000
CDUS41 KBGM 222219
CLIBGM


CLIMATE REPORT
NATIONAL WEATHER SERVICE BINGHAMTON NY
619 PM EDT THU JUN 22 2017


...................................

...THE BINGHAMTON NY CLIMATE SUMMARY FOR JUNE 22 2017...
VALID TODAY AS OF 0500 PM LOCAL TIME.

CLIMATE NORMAL PERIOD 1981 TO 2010
CLIMATE RECORD PERIOD 1951 TO 2017


WEATHER ITEM   OBSERVED TIME   RECORD YEAR NORMAL DEPARTURE LAST
                VALUE   (LST)  VALUE       VALUE  FROM      YEAR
                                                  NORMAL
..................................................................
TEMPERATURE (F)
 TODAY
  MAXIMUM         75    200 PM  91    1988  75      0       73
  MINIMUM         61    700 AM  43    1992  57      4       55
  AVERAGE         68                        66      2       64

PRECIPITATION (IN)
  TODAY            0.00          1.47 1972   0.14  -0.14     0.00
  MONTH TO DATE    4.80                      3.18   1.62     1.84
  SINCE JUN 1      4.80                      3.18   1.62     1.84
  SINCE JAN 1     29.25                     17.93  11.32    14.23

SNOWFALL (IN)
  TODAY            0.0           T    2002   0.0    0.0      0.0
  MONTH TO DATE    0.0                       0.0    0.0      0.0
  SINCE JUN 1      0.0                       0.0    0.0      0.0
  SINCE JUL 1    135.2                      83.4   51.8     32.0
  SNOW DEPTH       0

DEGREE DAYS
 HEATING
  TODAY            0                         2     -2        1
  MONTH TO DATE   75                        79     -4       69
  SINCE JUN 1     75                        79     -4       69
  SINCE JUL 1   6591                      7183   -592     6198

 COOLING
  TODAY            3                         3      0        0
  MONTH TO DATE   54                        47      7       36
  SINCE JUN 1     54                        47      7       36
  SINCE JAN 1     75                        70      5       82
..................................................................


WIND (MPH)
  HIGHEST WIND SPEED    14   HIGHEST WIND DIRECTION    SW (240)
  HIGHEST GUST SPEED    18   HIGHEST GUST DIRECTION    SW (240)
  AVERAGE WIND SPEED     8.9


SKY COVER
  AVERAGE SKY COVER 0.1


WEATHER CONDITIONS
 THE FOLLOWING WEATHER WAS RECORDED TODAY.
  NO SIGNIFICANT WEATHER WAS OBSERVED.


RELATIVE HUMIDITY (PERCENT)
 HIGHEST    84           700 AM
 LOWEST     54           100 PM
 AVERAGE    69

..........................................................


THE BINGHAMTON NY CLIMATE NORMALS FOR TOMORROW
                         NORMAL    RECORD    YEAR
 MAXIMUM TEMPERATURE (F)   76        89      1975
 MINIMUM TEMPERATURE (F)   57        39      1992


SUNRISE AND SUNSET
JUNE 22 2017..........SUNRISE   528 AM EDT   SUNSET   844 PM EDT
JUNE 23 2017..........SUNRISE   528 AM EDT   SUNSET   844 PM EDT


-  INDICATES NEGATIVE NUMBERS.
R  INDICATES RECORD WAS SET OR TIED.
MM INDICATES DATA IS MISSING.
T  INDICATES TRACE AMOUNT.




$$
