000
CDUS41 KBGM 040708
CLIBGM


CLIMATE REPORT
NATIONAL WEATHER SERVICE BINGHAMTON NY
206 AM EST THU FEB 4 2016


...................................

...THE BINGHAMTON NY CLIMATE SUMMARY FOR FEBRUARY 3 2016...

CLIMATE NORMAL PERIOD 1981 TO 2010
CLIMATE RECORD PERIOD 1951 TO 2016


WEATHER ITEM   OBSERVED TIME   RECORD YEAR NORMAL DEPARTURE LAST
                VALUE   (LST)  VALUE       VALUE  FROM      YEAR
                                                  NORMAL
..................................................................
TEMPERATURE (F)
 YESTERDAY
  MAXIMUM         52    521 PM  53    1991  30     22       20
  MINIMUM         37    713 AM -12    1955  16     21        0
  AVERAGE         45                        23     22       10

PRECIPITATION (IN)
  YESTERDAY        0.77          0.94 1983   0.08   0.69      T
  MONTH TO DATE    0.78                      0.24   0.54     0.53
  SINCE DEC 1      5.70                      5.52   0.18     5.76
  SINCE JAN 1      2.09                      2.69  -0.60     2.46

SNOWFALL (IN)
  YESTERDAY        0.0           5.7  2004   0.6   -0.6      0.1
  MONTH TO DATE    0.0                       1.9   -1.9     10.8
  SINCE DEC 1     12.4                      41.9  -29.5     40.0
  SINCE JUL 1     13.5                      48.7  -35.2     53.7
  SNOW DEPTH       0

DEGREE DAYS
 HEATING
  YESTERDAY       20                        42    -22       55
  MONTH TO DATE   76                       126    -50      152
  SINCE DEC 1   2084                      2623   -539     2681
  SINCE JUL 1   3354                      4198   -844     4216

 COOLING
  YESTERDAY        0                         0      0        0
  MONTH TO DATE    0                         0      0        0
  SINCE DEC 1      0                         0      0        0
  SINCE JAN 1      0                         0      0        0
..................................................................


WIND (MPH)
  HIGHEST WIND SPEED    24   HIGHEST WIND DIRECTION     S (180)
  HIGHEST GUST SPEED    36   HIGHEST GUST DIRECTION     S (190)
  AVERAGE WIND SPEED    12.3


SKY COVER
  AVERAGE SKY COVER 0.9


WEATHER CONDITIONS
 THE FOLLOWING WEATHER WAS RECORDED YESTERDAY.
  HEAVY RAIN
  RAIN
  LIGHT RAIN
  FOG


RELATIVE HUMIDITY (PERCENT)
 HIGHEST    96          1100 AM
 LOWEST     40           400 AM
 AVERAGE    68

..........................................................


THE BINGHAMTON NY CLIMATE NORMALS FOR TODAY
                         NORMAL    RECORD    YEAR
 MAXIMUM TEMPERATURE (F)   30        55      1991
 MINIMUM TEMPERATURE (F)   16        -4      1996


SUNRISE AND SUNSET
FEBRUARY  4 2016......SUNRISE   714 AM EST   SUNSET   522 PM EST
FEBRUARY  5 2016......SUNRISE   713 AM EST   SUNSET   523 PM EST


-  INDICATES NEGATIVE NUMBERS.
R  INDICATES RECORD WAS SET OR TIED.
MM INDICATES DATA IS MISSING.
T  INDICATES TRACE AMOUNT.




$$
