000
CDUS41 KBGM 060322
CLIBGM


CLIMATE REPORT
NATIONAL WEATHER SERVICE BINGHAMTON NY
1021 PM EST SUN FEB 5 2017


...................................

...THE BINGHAMTON NY CLIMATE SUMMARY FOR FEBRUARY 5 2017...
VALID AS OF 1000 PM LOCAL TIME.

CLIMATE NORMAL PERIOD 1981 TO 2010
CLIMATE RECORD PERIOD 1951 TO 2017


WEATHER ITEM   OBSERVED TIME   RECORD YEAR NORMAL DEPARTURE LAST
                VALUE   (LST)  VALUE       VALUE  FROM      YEAR
                                                  NORMAL
..................................................................
TEMPERATURE (F)
 TODAY
  MAXIMUM         32    806 PM  55    1991  30      2       32
  MINIMUM         20    216 AM  -7    1978  16      4       22
  AVERAGE         26                        23      3       27

PRECIPITATION (IN)
  TODAY            0.02          1.29 2014   0.08  -0.06      T
  MONTH TO DATE    0.09                      0.40  -0.31     0.78
  SINCE DEC 1      7.47                      5.68   1.79     5.70
  SINCE JAN 1      3.88                      2.85   1.03     2.09

SNOWFALL (IN)
  TODAY            0.1          13.2  2014   0.6   -0.5       T
  MONTH TO DATE    2.1                       3.1   -1.0       T
  SINCE DEC 1     43.9                      43.1    0.8     12.4
  SINCE JUL 1     72.5                      49.9   22.6     13.5
  SNOW DEPTH       5

DEGREE DAYS
 HEATING
  TODAY           39                        42     -3       38
  MONTH TO DATE  216                       210      6      140
  SINCE DEC 1   2549                      2707   -158     2148
  SINCE JUL 1   3898                      4282   -384     3418

 COOLING
  TODAY            0                         0      0        0
  MONTH TO DATE    0                         0      0        0
  SINCE DEC 1      0                         0      0        0
  SINCE JAN 1      0                         0      0        0
..................................................................


WIND (MPH)
  HIGHEST WIND SPEED    21   HIGHEST WIND DIRECTION     W (290)
  HIGHEST GUST SPEED    29   HIGHEST GUST DIRECTION     W (290)
  AVERAGE WIND SPEED    11.0


SKY COVER
  AVERAGE SKY COVER 0.9


WEATHER CONDITIONS
 THE FOLLOWING WEATHER WAS RECORDED TODAY.
  SNOW
  LIGHT SNOW
  FOG
  FOG W/VISIBILITY <= 1/4 MILE
  HAZE


RELATIVE HUMIDITY (PERCENT)
 HIGHEST    69           400 PM
 LOWEST     42           900 AM
 AVERAGE    56

..........................................................


THE BINGHAMTON NY CLIMATE NORMALS FOR TOMORROW
                         NORMAL    RECORD    YEAR
 MAXIMUM TEMPERATURE (F)   30        50      2012
                                             2005
 MINIMUM TEMPERATURE (F)   16        -7      1995


SUNRISE AND SUNSET
FEBRUARY  5 2017......SUNRISE   712 AM EST   SUNSET   524 PM EST
FEBRUARY  6 2017......SUNRISE   711 AM EST   SUNSET   525 PM EST


-  INDICATES NEGATIVE NUMBERS.
R  INDICATES RECORD WAS SET OR TIED.
MM INDICATES DATA IS MISSING.
T  INDICATES TRACE AMOUNT.

$$
