000
CDUS41 KBGM 230532
CLIBGM


CLIMATE REPORT
NATIONAL WEATHER SERVICE BINGHAMTON NY
1231 AM EST WED NOV 23 2016


...................................

...THE BINGHAMTON NY CLIMATE SUMMARY FOR NOVEMBER 22 2016...

CLIMATE NORMAL PERIOD 1981 TO 2010
CLIMATE RECORD PERIOD 1951 TO 2016


WEATHER ITEM   OBSERVED TIME   RECORD YEAR NORMAL DEPARTURE LAST
                VALUE   (LST)  VALUE       VALUE  FROM      YEAR
                                                  NORMAL
..................................................................
TEMPERATURE (F)
 YESTERDAY
  MAXIMUM         28   1159 PM  65    2007  42    -14       45
  MINIMUM         24    816 AM  10    1989  29     -5       26
  AVERAGE         26                        36    -10       36

PRECIPITATION (IN)
  YESTERDAY        0.17          1.75 1991   0.12   0.05      T
  MONTH TO DATE    1.47                      2.42  -0.95     2.55
  SINCE SEP 1      8.33                      9.38  -1.05     7.49
  SINCE JAN 1     31.88                     35.59  -3.71    39.01

SNOWFALL (IN)
  YESTERDAY        2.9 R         1.6  2008   0.3    2.6       T
  MONTH TO DATE   27.6                       3.3   24.3      0.2
  SINCE SEP 1     28.6                       4.3   24.3      0.5
  SINCE JUL 1     28.6                       4.3   24.3      0.5
  SNOW DEPTH      15

DEGREE DAYS
 HEATING
  YESTERDAY       39                        29     10       29
  MONTH TO DATE  515                       556    -41      387
  SINCE SEP 1   1117                      1265   -148      989
  SINCE JUL 1   1126                      1328   -202     1038

 COOLING
  YESTERDAY        0                         0      0        0
  MONTH TO DATE    0                         0      0        0
  SINCE SEP 1     52                        33     19      101
  SINCE JAN 1    563                       381    182      443
..................................................................


WIND (MPH)
  HIGHEST WIND SPEED    22   HIGHEST WIND DIRECTION    NW (330)
  HIGHEST GUST SPEED    35   HIGHEST GUST DIRECTION    NW (300)
  AVERAGE WIND SPEED    11.7


SKY COVER
  AVERAGE SKY COVER 1.0


WEATHER CONDITIONS
 THE FOLLOWING WEATHER WAS RECORDED YESTERDAY.
  SNOW
  LIGHT SNOW
  FOG
  FOG W/VISIBILITY <= 1/4 MILE
  HAZE


RELATIVE HUMIDITY (PERCENT)
 HIGHEST    92          1200 AM
 LOWEST     75           800 PM
 AVERAGE    84

..........................................................


THE BINGHAMTON NY CLIMATE NORMALS FOR TODAY
                         NORMAL    RECORD    YEAR
 MAXIMUM TEMPERATURE (F)   42        65      1979
 MINIMUM TEMPERATURE (F)   29        12      2008
                                             1989


SUNRISE AND SUNSET
NOVEMBER 23 2016......SUNRISE   705 AM EST   SUNSET   436 PM EST
NOVEMBER 24 2016......SUNRISE   706 AM EST   SUNSET   435 PM EST


-  INDICATES NEGATIVE NUMBERS.
R  INDICATES RECORD WAS SET OR TIED.
MM INDICATES DATA IS MISSING.
T  INDICATES TRACE AMOUNT.




$$
