000
CDUS41 KBGM 190552
CLIBGM


CLIMATE REPORT
NATIONAL WEATHER SERVICE BINGHAMTON NY
152 AM EDT TUE AUG 19 2014


...................................

...THE BINGHAMTON NY CLIMATE SUMMARY FOR AUGUST 18 2014...

CLIMATE NORMAL PERIOD 1981 TO 2010
CLIMATE RECORD PERIOD 1951 TO 2014


WEATHER ITEM   OBSERVED TIME   RECORD YEAR NORMAL DEPARTURE LAST
                VALUE   (LST)  VALUE       VALUE  FROM      YEAR
                                                  NORMAL
..................................................................
TEMPERATURE (F)
 YESTERDAY
  MAXIMUM         71    259 PM  90    2002  77     -6       72
  MINIMUM         52    508 AM  46    2000  58     -6       57
                                      1981
  AVERAGE         62                        68     -6       65

PRECIPITATION (IN)
  YESTERDAY        0.00          1.55 1955   0.11  -0.11      T
  MONTH TO DATE    3.01                      2.01   1.00     3.84
  SINCE JUN 1     11.22                     10.02   1.20    15.60
  SINCE JAN 1     26.58                     24.77   1.81    28.76

SNOWFALL (IN)
  YESTERDAY        0.0           T    1962   0.0    0.0      0.0
  MONTH TO DATE    0.0                       0.0    0.0      0.0
  SINCE JUN 1      T                         0.0    0.0      0.0
  SINCE JUL 1      T                         0.0    0.0      0.0
  SNOW DEPTH       0

DEGREE DAYS
 HEATING
  YESTERDAY        3                         1      2        0
  MONTH TO DATE   27                        18      9       34
  SINCE JUN 1     97                       133    -36      135
  SINCE JUL 1     52                        42     10       48

 COOLING
  YESTERDAY        0                         4     -4        0
  MONTH TO DATE   41                        72    -31       19
  SINCE JUN 1    249                       284    -35      322
  SINCE JAN 1    274                       307    -33      365
..................................................................


WIND (MPH)
  HIGHEST WIND SPEED    12   HIGHEST WIND DIRECTION     N (350)
  HIGHEST GUST SPEED    15   HIGHEST GUST DIRECTION     N (350)
  AVERAGE WIND SPEED     4.8


SKY COVER
  AVERAGE SKY COVER 0.5


WEATHER CONDITIONS
 THE FOLLOWING WEATHER WAS RECORDED YESTERDAY.
  FOG
  FOG W/VISIBILITY <= 1/4 MILE


RELATIVE HUMIDITY (PERCENT)
 HIGHEST   100           300 AM
 LOWEST     53           300 PM
 AVERAGE    77

..........................................................


THE BINGHAMTON NY CLIMATE NORMALS FOR TODAY
                         NORMAL    RECORD    YEAR
 MAXIMUM TEMPERATURE (F)   76        86      1983
                                             1978
                                             1955
 MINIMUM TEMPERATURE (F)   58        43      1963


SUNRISE AND SUNSET
AUGUST 19 2014........SUNRISE   616 AM EDT   SUNSET   759 PM EDT
AUGUST 20 2014........SUNRISE   617 AM EDT   SUNSET   757 PM EDT


-  INDICATES NEGATIVE NUMBERS.
R  INDICATES RECORD WAS SET OR TIED.
MM INDICATES DATA IS MISSING.
T  INDICATES TRACE AMOUNT.




$$
