509
CDUS41 KBGM 132229
CLIBGM


CLIMATE REPORT
NATIONAL WEATHER SERVICE BINGHAMTON NY
529 PM EST TUE FEB 13 2018


...................................

...THE BINGHAMTON NY CLIMATE SUMMARY FOR FEBRUARY 13 2018...
VALID TODAY AS OF 0500 PM LOCAL TIME.

CLIMATE NORMAL PERIOD 1981 TO 2010
CLIMATE RECORD PERIOD 1951 TO 2018


WEATHER ITEM   OBSERVED TIME   RECORD YEAR NORMAL DEPARTURE LAST
                VALUE   (LST)  VALUE       VALUE  FROM      YEAR
                                                  NORMAL
..................................................................
TEMPERATURE (F)
 TODAY
  MAXIMUM         30    459 PM  50    1974  32     -2       31
  MINIMUM         15    742 AM  -8    1979  17     -2       20
                                      1967
  AVERAGE         23                        24     -1       26

PRECIPITATION (IN)
  TODAY            T             2.16 1966   0.08  -0.08     0.10
  MONTH TO DATE    1.46                      1.04   0.42     1.72
  SINCE DEC 1      5.67                      6.32  -0.65     9.10
  SINCE JAN 1      4.26                      3.49   0.77     5.51

SNOWFALL (IN)
  TODAY            0.1           6.8  1993   0.6   -0.5      5.0
  MONTH TO DATE   13.6                       7.9    5.7     19.1
  SINCE DEC 1     39.8                      47.9   -8.1     60.9
  SINCE JUL 1     41.6                      54.7  -13.1     89.5
  SNOW DEPTH       3

DEGREE DAYS
 HEATING
  TODAY           42                        41      1       39
  MONTH TO DATE  542                       541      1      517
  SINCE DEC 1   3164                      3038    126     2850
  SINCE JUL 1   4562                      4613    -51     4199

 COOLING
  TODAY            0                         0      0        0
  MONTH TO DATE    0                         0      0        0
  SINCE DEC 1      0                         0      0        0
  SINCE JAN 1      0                         0      0        0
..................................................................


WIND (MPH)
  HIGHEST WIND SPEED    10   HIGHEST WIND DIRECTION     N (340)
  HIGHEST GUST SPEED    14   HIGHEST GUST DIRECTION    SE (140)
  AVERAGE WIND SPEED     4.0


SKY COVER
  AVERAGE SKY COVER 0.4


WEATHER CONDITIONS
 THE FOLLOWING WEATHER WAS RECORDED TODAY.
  LIGHT SNOW
  FOG


RELATIVE HUMIDITY (PERCENT)
 HIGHEST    80           500 AM
 LOWEST     43           400 PM
 AVERAGE    62

..........................................................


THE BINGHAMTON NY CLIMATE NORMALS FOR TOMORROW
                         NORMAL    RECORD    YEAR
 MAXIMUM TEMPERATURE (F)   32        52      1984
 MINIMUM TEMPERATURE (F)   17       -18      2016


SUNRISE AND SUNSET
FEBRUARY 13 2018......SUNRISE   703 AM EST   SUNSET   534 PM EST
FEBRUARY 14 2018......SUNRISE   701 AM EST   SUNSET   535 PM EST


-  INDICATES NEGATIVE NUMBERS.
R  INDICATES RECORD WAS SET OR TIED.
MM INDICATES DATA IS MISSING.
T  INDICATES TRACE AMOUNT.




$$
