000
CDUS41 KBGM 240642
CLIBGM


CLIMATE REPORT
NATIONAL WEATHER SERVICE BINGHAMTON NY
242 AM EDT FRI JUL 24 2015


...................................

...THE BINGHAMTON NY CLIMATE SUMMARY FOR JULY 23 2015...

CLIMATE NORMAL PERIOD 1981 TO 2010
CLIMATE RECORD PERIOD 1951 TO 2015


WEATHER ITEM   OBSERVED TIME   RECORD YEAR NORMAL DEPARTURE LAST
                VALUE   (LST)  VALUE       VALUE  FROM      YEAR
                                                  NORMAL
..................................................................
TEMPERATURE (F)
 YESTERDAY
  MAXIMUM         73    445 PM  92    1972  78     -5       85
  MINIMUM         53    526 AM  48    1981  60     -7       62
  AVERAGE         63                        69     -6       74

PRECIPITATION (IN)
  YESTERDAY        0.00          1.67 2007   0.12  -0.12     0.76
  MONTH TO DATE    3.97                      2.76   1.21     3.76
  SINCE JUN 1     13.71                      7.07   6.64     8.13
  SINCE JAN 1     27.26                     21.82   5.44    23.49

SNOWFALL (IN)
  YESTERDAY        0.0           0.0  2002   0.0    0.0       T
                                      2000
                                      2001
  MONTH TO DATE    0.0                       0.0    0.0       T
  SINCE JUN 1      0.0                       0.0    0.0       T
  SINCE JUL 1      0.0                       0.0    0.0       T
  SNOW DEPTH       0

DEGREE DAYS
 HEATING
  YESTERDAY        2                         1      1        0
  MONTH TO DATE   24                        23      1        8
  SINCE JUN 1    101                       114    -13       53
  SINCE JUL 1     24                        23      1        8

 COOLING
  YESTERDAY        0                         5     -5        9
  MONTH TO DATE   69                       106    -37      113
  SINCE JUN 1    119                       180    -61      198
  SINCE JAN 1    192                       203    -11      223
..................................................................


WIND (MPH)
  HIGHEST WIND SPEED    15   HIGHEST WIND DIRECTION     N (350)
  HIGHEST GUST SPEED    23   HIGHEST GUST DIRECTION     W (270)
  AVERAGE WIND SPEED     6.3


SKY COVER
  AVERAGE SKY COVER 0.2


WEATHER CONDITIONS
 THE FOLLOWING WEATHER WAS RECORDED YESTERDAY.
  NO SIGNIFICANT WEATHER WAS OBSERVED.


RELATIVE HUMIDITY (PERCENT)
 HIGHEST    89           400 AM
 LOWEST     41           200 PM
 AVERAGE    65

..........................................................


THE BINGHAMTON NY CLIMATE NORMALS FOR TODAY
                         NORMAL    RECORD    YEAR
 MAXIMUM TEMPERATURE (F)   78        88      2001
                                             1987
 MINIMUM TEMPERATURE (F)   60        49      1985
                                             1981


SUNRISE AND SUNSET
JULY 24 2015..........SUNRISE   549 AM EDT   SUNSET   832 PM EDT
JULY 25 2015..........SUNRISE   550 AM EDT   SUNSET   831 PM EDT


-  INDICATES NEGATIVE NUMBERS.
R  INDICATES RECORD WAS SET OR TIED.
MM INDICATES DATA IS MISSING.
T  INDICATES TRACE AMOUNT.




$$
