000
CDUS41 KBGM 100600
CLIBGM


CLIMATE REPORT
NATIONAL WEATHER SERVICE BINGHAMTON NY
100 AM EST FRI NOV 10 2017


...................................

...THE BINGHAMTON NY CLIMATE SUMMARY FOR NOVEMBER 9 2017...

CLIMATE NORMAL PERIOD 1981 TO 2010
CLIMATE RECORD PERIOD 1951 TO 2017


WEATHER ITEM   OBSERVED TIME   RECORD YEAR NORMAL DEPARTURE LAST
                VALUE   (LST)  VALUE       VALUE  FROM      YEAR
                                                  NORMAL
..................................................................
TEMPERATURE (F)
 YESTERDAY
  MAXIMUM         42   1144 PM  66    2009  48     -6       51
                                      1975
  MINIMUM         25    552 AM  13    1976  34     -9       34
  AVERAGE         34                        41     -7       43

PRECIPITATION (IN)
  YESTERDAY        T             0.68 1997   0.11  -0.11     0.08
  MONTH TO DATE    0.96                      1.00  -0.04     0.27
  SINCE SEP 1      6.35                      7.96  -1.61     7.13
  SINCE JAN 1     46.09                     34.17  11.92    30.68

SNOWFALL (IN)
  YESTERDAY        T             3.8  1961   0.2   -0.2      0.0
  MONTH TO DATE    T                         1.0   -1.0      0.0
  SINCE SEP 1      T                         2.0   -2.0      1.0
  SINCE JUL 1      T                         2.0   -2.0      1.0
  SNOW DEPTH       0

DEGREE DAYS
 HEATING
  YESTERDAY       31                        24      7       22
  MONTH TO DATE  203                       207     -4      182
  SINCE SEP 1    680                       916   -236      784
  SINCE JUL 1    761                       979   -218      793

 COOLING
  YESTERDAY        0                         0      0        0
  MONTH TO DATE    0                         0      0        0
  SINCE SEP 1     78                        33     45       52
  SINCE JAN 1    349                       381    -32      563
..................................................................


WIND (MPH)
  HIGHEST WIND SPEED    22   HIGHEST WIND DIRECTION    NW (310)
  HIGHEST GUST SPEED    32   HIGHEST GUST DIRECTION    NW (310)
  AVERAGE WIND SPEED     8.1


SKY COVER
  AVERAGE SKY COVER 0.6


WEATHER CONDITIONS
 THE FOLLOWING WEATHER WAS RECORDED YESTERDAY.
  LIGHT SNOW
  FOG
  HAZE


RELATIVE HUMIDITY (PERCENT)
 HIGHEST    92           600 PM
 LOWEST     63           100 AM
 AVERAGE    78

..........................................................


THE BINGHAMTON NY CLIMATE NORMALS FOR TODAY
                         NORMAL    RECORD    YEAR
 MAXIMUM TEMPERATURE (F)   48        65      1975
 MINIMUM TEMPERATURE (F)   33        18      1956


SUNRISE AND SUNSET
NOVEMBER 10 2017......SUNRISE   648 AM EST   SUNSET   447 PM EST
NOVEMBER 11 2017......SUNRISE   650 AM EST   SUNSET   446 PM EST


-  INDICATES NEGATIVE NUMBERS.
R  INDICATES RECORD WAS SET OR TIED.
MM INDICATES DATA IS MISSING.
T  INDICATES TRACE AMOUNT.




$$
