000
CDUS41 KBGM 100325
CLIBGM


CLIMATE REPORT
NATIONAL WEATHER SERVICE BINGHAMTON NY
1024 PM EST FRI FEB 9 2018


...................................

...THE BINGHAMTON NY CLIMATE SUMMARY FOR FEBRUARY 9 2018...
VALID AS OF 1000 PM LOCAL TIME.

CLIMATE NORMAL PERIOD 1981 TO 2010
CLIMATE RECORD PERIOD 1951 TO 2018


WEATHER ITEM   OBSERVED TIME   RECORD YEAR NORMAL DEPARTURE LAST
                VALUE   (LST)  VALUE       VALUE  FROM      YEAR
                                                  NORMAL
..................................................................
TEMPERATURE (F)
 TODAY
  MAXIMUM         27    959 PM  51    2001  31     -4       25
  MINIMUM          9    541 AM  -5    1979  17     -8        9
  AVERAGE         18                        24     -6       17

PRECIPITATION (IN)
  TODAY            0.10          0.53 2005   0.08   0.02     0.15
  MONTH TO DATE    1.27                      0.72   0.55     0.72
  SINCE DEC 1      5.48                      6.00  -0.52     8.10
  SINCE JAN 1      4.07                      3.17   0.90     4.51

SNOWFALL (IN)
  TODAY            1.1           5.7  2017   0.6    0.5      5.7
  MONTH TO DATE   13.5                       5.5    8.0      7.9
  SINCE DEC 1     39.7                      45.5   -5.8     49.7
  SINCE JUL 1     41.5                      52.3  -10.8     78.3
  SNOW DEPTH       8

DEGREE DAYS
 HEATING
  TODAY           47                        41      6       48
  MONTH TO DATE  405                       377     28      359
  SINCE DEC 1   3027                      2874    153     2692
  SINCE JUL 1   4425                      4449    -24     4041

 COOLING
  TODAY            0                         0      0        0
  MONTH TO DATE    0                         0      0        0
  SINCE DEC 1      0                         0      0        0
  SINCE JAN 1      0                         0      0        0
..................................................................


WIND (MPH)
  HIGHEST WIND SPEED    16   HIGHEST WIND DIRECTION     S (190)
  HIGHEST GUST SPEED    22   HIGHEST GUST DIRECTION     S (190)
  AVERAGE WIND SPEED     6.8


SKY COVER
  AVERAGE SKY COVER 0.9


WEATHER CONDITIONS
 THE FOLLOWING WEATHER WAS RECORDED TODAY.
  LIGHT SNOW
  FOG
  HAZE


RELATIVE HUMIDITY (PERCENT)
 HIGHEST    88          1200 AM
 LOWEST     70           400 AM
 AVERAGE    79

..........................................................


THE BINGHAMTON NY CLIMATE NORMALS FOR TOMORROW
                         NORMAL    RECORD    YEAR
 MAXIMUM TEMPERATURE (F)   31        52      2001
 MINIMUM TEMPERATURE (F)   17        -9      1962


SUNRISE AND SUNSET
FEBRUARY  9 2018......SUNRISE   708 AM EST   SUNSET   529 PM EST
FEBRUARY 10 2018......SUNRISE   707 AM EST   SUNSET   530 PM EST


-  INDICATES NEGATIVE NUMBERS.
R  INDICATES RECORD WAS SET OR TIED.
MM INDICATES DATA IS MISSING.
T  INDICATES TRACE AMOUNT.




$$
