000
CDUS41 KBGM 250616
CLIBGM


CLIMATE REPORT
NATIONAL WEATHER SERVICE BINGHAMTON NY
115 AM EST SUN JAN 25 2015


...................................

...THE BINGHAMTON NY CLIMATE SUMMARY FOR JANUARY 24 2015...

CLIMATE NORMAL PERIOD 1981 TO 2010
CLIMATE RECORD PERIOD 1951 TO 2015


WEATHER ITEM   OBSERVED TIME   RECORD YEAR NORMAL DEPARTURE LAST
                VALUE   (LST)  VALUE       VALUE  FROM      YEAR
                                                  NORMAL
..................................................................
TEMPERATURE (F)
 YESTERDAY
  MAXIMUM         35    243 PM  56    1967  29      6       13
  MINIMUM         25    551 PM -10    1963  15     10       -3
  AVERAGE         30                        22      8        5

PRECIPITATION (IN)
  YESTERDAY        0.02          0.67 1965   0.08  -0.06     0.00
  MONTH TO DATE    1.58                      1.91  -0.33     2.86
  SINCE DEC 1      4.88                      4.74   0.14     6.30
  SINCE JAN 1      1.58                      1.91  -0.33     2.86

SNOWFALL (IN)
  YESTERDAY        0.2           2.8  1965   0.7   -0.5      0.0
  MONTH TO DATE   11.3                      17.4   -6.1     20.8
  SINCE DEC 1     24.4                      35.2  -10.8     45.8
  SINCE JUL 1     38.1                      42.0   -3.9     54.0
  SNOW DEPTH       3

DEGREE DAYS
 HEATING
  YESTERDAY       35                        43     -8       60
  MONTH TO DATE 1106                      1026     80     1108
  SINCE DEC 1   2175                      2196    -21     2256
  SINCE JUL 1   3710                      3771    -61     3847

 COOLING
  YESTERDAY        0                         0      0        0
  MONTH TO DATE    0                         0      0        0
  SINCE DEC 1      0                         0      0        0
  SINCE JAN 1      0                         0      0        0
..................................................................


WIND (MPH)
  HIGHEST WIND SPEED    18   HIGHEST WIND DIRECTION     N (340)
  HIGHEST GUST SPEED    24   HIGHEST GUST DIRECTION     N (340)
  AVERAGE WIND SPEED     6.7


SKY COVER
  AVERAGE SKY COVER 0.9


WEATHER CONDITIONS
 THE FOLLOWING WEATHER WAS RECORDED YESTERDAY.
  LIGHT SNOW
  FOG
  HAZE


RELATIVE HUMIDITY (PERCENT)
 HIGHEST    92           800 AM
 LOWEST     69           200 PM
 AVERAGE    81

..........................................................


THE BINGHAMTON NY CLIMATE NORMALS FOR TODAY
                         NORMAL    RECORD    YEAR
 MAXIMUM TEMPERATURE (F)   29        63      1967
 MINIMUM TEMPERATURE (F)   15        -9      1963


SUNRISE AND SUNSET
JANUARY 25 2015.......SUNRISE   724 AM EST   SUNSET   509 PM EST
JANUARY 26 2015.......SUNRISE   723 AM EST   SUNSET   510 PM EST


-  INDICATES NEGATIVE NUMBERS.
R  INDICATES RECORD WAS SET OR TIED.
MM INDICATES DATA IS MISSING.
T  INDICATES TRACE AMOUNT.




$$
