000
CDUS41 KBGM 140539
CLIBGM


CLIMATE REPORT
NATIONAL WEATHER SERVICE BINGHAMTON NY
138 AM EDT TUE OCT 14 2014


...................................

...THE BINGHAMTON NY CLIMATE SUMMARY FOR OCTOBER 13 2014...

CLIMATE NORMAL PERIOD 1981 TO 2010
CLIMATE RECORD PERIOD 1951 TO 2014


WEATHER ITEM   OBSERVED TIME   RECORD YEAR NORMAL DEPARTURE LAST
                VALUE   (LST)  VALUE       VALUE  FROM      YEAR
                                                  NORMAL
..................................................................
TEMPERATURE (F)
 YESTERDAY
  MAXIMUM         59   1159 PM  78    1995  58      1       65
  MINIMUM         47   1204 AM  26    2012  41      6       50
  AVERAGE         53                        49      4       58

PRECIPITATION (IN)
  YESTERDAY        T             1.57 1990   0.10  -0.10     0.00
  MONTH TO DATE    0.49                      1.45  -0.96     1.65
  SINCE SEP 1      2.40                      5.08  -2.68     4.56
  SINCE JAN 1     31.43                     31.29   0.14    34.85

SNOWFALL (IN)
  YESTERDAY        0.0           0.3  1980   0.0    0.0      0.0
  MONTH TO DATE    0.0                       0.1   -0.1      0.0
  SINCE SEP 1      0.0                       0.1   -0.1      0.0
  SINCE JUL 1      T                         0.1   -0.1      0.0
  SNOW DEPTH       0

DEGREE DAYS
 HEATING
  YESTERDAY       12                        16     -4        7
  MONTH TO DATE  159                       178    -19       73
  SINCE SEP 1    320                       372    -52      314
  SINCE JUL 1    386                       435    -49      365

 COOLING
  YESTERDAY        0                         0      0        0
  MONTH TO DATE    0                         0      0       12
  SINCE SEP 1     38                        31      7       53
  SINCE JAN 1    340                       379    -39      480
..................................................................


WIND (MPH)
  HIGHEST WIND SPEED    16   HIGHEST WIND DIRECTION     S (180)
  HIGHEST GUST SPEED    23   HIGHEST GUST DIRECTION     S (180)
  AVERAGE WIND SPEED     9.6


SKY COVER
  AVERAGE SKY COVER 1.0


WEATHER CONDITIONS
 THE FOLLOWING WEATHER WAS RECORDED YESTERDAY.
  NO SIGNIFICANT WEATHER WAS OBSERVED.


RELATIVE HUMIDITY (PERCENT)
 HIGHEST    93           600 PM
 LOWEST     61           100 AM
 AVERAGE    77

..........................................................


THE BINGHAMTON NY CLIMATE NORMALS FOR TODAY
                         NORMAL    RECORD    YEAR
 MAXIMUM TEMPERATURE (F)   58        80      1954
 MINIMUM TEMPERATURE (F)   41        24      1993


SUNRISE AND SUNSET
OCTOBER 14 2014.......SUNRISE   715 AM EDT   SUNSET   624 PM EDT
OCTOBER 15 2014.......SUNRISE   717 AM EDT   SUNSET   622 PM EDT


-  INDICATES NEGATIVE NUMBERS.
R  INDICATES RECORD WAS SET OR TIED.
MM INDICATES DATA IS MISSING.
T  INDICATES TRACE AMOUNT.

$$
