000
CDUS41 KBGM 012134
CLIBGM


CLIMATE REPORT
NATIONAL WEATHER SERVICE BINGHAMTON NY
534 PM EDT TUE JUL 1 2014


...................................

...THE BINGHAMTON NY CLIMATE SUMMARY FOR JULY 1 2014...
VALID TODAY AS OF 0500 PM LOCAL TIME.

CLIMATE NORMAL PERIOD 1981 TO 2010
CLIMATE RECORD PERIOD 1951 TO 2014


WEATHER ITEM   OBSERVED TIME   RECORD YEAR NORMAL DEPARTURE LAST
                VALUE   (LST)  VALUE       VALUE  FROM      YEAR
                                                  NORMAL
..................................................................
TEMPERATURE (F)
 TODAY
  MAXIMUM         86    316 PM  87    1968  77      9       72
                                      1963
                                      1956
  MINIMUM         69    539 AM  44    1988  59     10       66
  AVERAGE         78                        68     10       69

PRECIPITATION (IN)
  TODAY            0.00          1.80 2013   0.12  -0.12     1.80
  MONTH TO DATE    0.00                      0.12  -0.12     1.80
  SINCE JUN 1      4.37                      4.43  -0.06     7.04
  SINCE JAN 1     19.73                     19.18   0.55    20.20

SNOWFALL (IN)
  TODAY            0.0           0.0  2002   0.0    0.0      0.0
                                      2000
                                      2001
  MONTH TO DATE    0.0                       0.0    0.0      0.0
  SINCE JUN 1      0.0                       0.0    0.0      0.0
  SINCE JUL 1      0.0                       0.0    0.0      0.0
  SNOW DEPTH       0

DEGREE DAYS
 HEATING
  TODAY            0                         1     -1        0
  MONTH TO DATE    0                         1     -1        0
  SINCE JUN 1     45                        92    -47       87
  SINCE JUL 1      0                         1     -1        0

 COOLING
  TODAY           13                         4      9        4
  MONTH TO DATE   13                         4      9        4
  SINCE JUN 1     98                        78     20       87
  SINCE JAN 1    123                       101     22      130
..................................................................


WIND (MPH)
  HIGHEST WIND SPEED    20   HIGHEST WIND DIRECTION    SW (220)
  HIGHEST GUST SPEED    28   HIGHEST GUST DIRECTION     S (200)
  AVERAGE WIND SPEED     9.0


SKY COVER
  AVERAGE SKY COVER 0.2


WEATHER CONDITIONS
 THE FOLLOWING WEATHER WAS RECORDED TODAY.
  NO SIGNIFICANT WEATHER WAS OBSERVED.


RELATIVE HUMIDITY (PERCENT)
 HIGHEST    90           200 AM
 LOWEST     58           200 PM
 AVERAGE    74

..........................................................


THE BINGHAMTON NY CLIMATE NORMALS FOR TOMORROW
                         NORMAL    RECORD    YEAR
 MAXIMUM TEMPERATURE (F)   77        92      1966
 MINIMUM TEMPERATURE (F)   59        45      2001


SUNRISE AND SUNSET
JULY  1 2014..........SUNRISE   531 AM EDT   SUNSET   844 PM EDT
JULY  2 2014..........SUNRISE   532 AM EDT   SUNSET   844 PM EDT


-  INDICATES NEGATIVE NUMBERS.
R  INDICATES RECORD WAS SET OR TIED.
MM INDICATES DATA IS MISSING.
T  INDICATES TRACE AMOUNT.




$$
