000
CDUS41 KBGM 120524
CLIBGM


CLIMATE REPORT
NATIONAL WEATHER SERVICE BINGHAMTON NY
124 AM EDT TUE AUG 12 2014


...................................

...THE BINGHAMTON NY CLIMATE SUMMARY FOR AUGUST 11 2014...

CLIMATE NORMAL PERIOD 1981 TO 2010
CLIMATE RECORD PERIOD 1951 TO 2014


WEATHER ITEM   OBSERVED TIME   RECORD YEAR NORMAL DEPARTURE LAST
                VALUE   (LST)  VALUE       VALUE  FROM      YEAR
                                                  NORMAL
..................................................................
TEMPERATURE (F)
 YESTERDAY
  MAXIMUM         80   1226 PM  89    1988  77      3       74
  MINIMUM         61    549 AM  47    1972  59      2       51
                                      1968
  AVERAGE         71                        68      3       63

PRECIPITATION (IN)
  YESTERDAY        0.00          0.99 1984   0.10  -0.10     0.00
  MONTH TO DATE    0.23                      1.24  -1.01     3.26
  SINCE JUN 1      8.44                      9.25  -0.81    15.02
  SINCE JAN 1     23.80                     24.00  -0.20    28.18

SNOWFALL (IN)
  YESTERDAY        0.0           0.0  2002   0.0    0.0      0.0
                                      2001
                                      2000
  MONTH TO DATE    0.0                       0.0    0.0      0.0
  SINCE JUN 1      T                         0.0    0.0      0.0
  SINCE JUL 1      T                         0.0    0.0      0.0
  SNOW DEPTH       0

DEGREE DAYS
 HEATING
  YESTERDAY        0                         1     -1        2
  MONTH TO DATE    3                        11     -8       15
  SINCE JUN 1     73                       126    -53      116
  SINCE JUL 1     28                        35     -7       29

 COOLING
  YESTERDAY        6                         4      2        0
  MONTH TO DATE   40                        44     -4       17
  SINCE JUN 1    248                       256     -8      320
  SINCE JAN 1    273                       279     -6      363
..................................................................


WIND (MPH)
  HIGHEST WIND SPEED    15   HIGHEST WIND DIRECTION     S (180)
  HIGHEST GUST SPEED    23   HIGHEST GUST DIRECTION     S (170)
  AVERAGE WIND SPEED     7.0


SKY COVER
  AVERAGE SKY COVER 0.3


WEATHER CONDITIONS
 THE FOLLOWING WEATHER WAS RECORDED YESTERDAY.
  NO SIGNIFICANT WEATHER WAS OBSERVED.


RELATIVE HUMIDITY (PERCENT)
 HIGHEST    78           100 AM
 LOWEST     43          1200 PM
 AVERAGE    61

..........................................................


THE BINGHAMTON NY CLIMATE NORMALS FOR TODAY
                         NORMAL    RECORD    YEAR
 MAXIMUM TEMPERATURE (F)   77        91      2002
 MINIMUM TEMPERATURE (F)   59        45      1971


SUNRISE AND SUNSET
AUGUST 12 2014........SUNRISE   608 AM EDT   SUNSET   809 PM EDT
AUGUST 13 2014........SUNRISE   609 AM EDT   SUNSET   808 PM EDT


-  INDICATES NEGATIVE NUMBERS.
R  INDICATES RECORD WAS SET OR TIED.
MM INDICATES DATA IS MISSING.
T  INDICATES TRACE AMOUNT.




$$
