000
CDUS41 KBGM 142117
CLIBGM


CLIMATE REPORT
NATIONAL WEATHER SERVICE BINGHAMTON NY
517 PM EDT THU APR 14 2016


...................................

...THE BINGHAMTON NY CLIMATE SUMMARY FOR APRIL 14 2016...
VALID TODAY AS OF 0500 PM LOCAL TIME.

CLIMATE NORMAL PERIOD 1981 TO 2010
CLIMATE RECORD PERIOD 1951 TO 2016


WEATHER ITEM   OBSERVED TIME   RECORD YEAR NORMAL DEPARTURE LAST
                VALUE   (LST)  VALUE       VALUE  FROM      YEAR
                                                  NORMAL
..................................................................
TEMPERATURE (F)
 TODAY
  MAXIMUM         55    350 PM  79    1968  54      1       60
  MINIMUM         29    546 AM  22    1957  35     -6       42
  AVERAGE         42                        44     -2       51

PRECIPITATION (IN)
  TODAY            0.00          0.61 2002   0.12  -0.12     0.17
  MONTH TO DATE    2.21                      1.65   0.56     2.52
  SINCE MAR 1      3.61                      4.64  -1.03     4.51
  SINCE JAN 1      8.92                      9.40  -0.48     8.45

SNOWFALL (IN)
  TODAY            0.0           1.4  1962   0.2   -0.2      0.0
  MONTH TO DATE    9.3                       2.8    6.5      2.3
  SINCE MAR 1     10.3                      17.9   -7.6     17.1
  SINCE JUL 1     32.0                      81.8  -49.8     92.9
  SNOW DEPTH       0

DEGREE DAYS
 HEATING
  TODAY           23                        21      2       14
  MONTH TO DATE  433                       326    107      313
  SINCE MAR 1   1204                      1323   -119     1483
  SINCE JUL 1   5562                      6522   -960     7015

 COOLING
  TODAY            0                         0      0        0
  MONTH TO DATE    0                         0      0        0
  SINCE MAR 1      0                         0      0        0
  SINCE JAN 1      0                         0      0        0
..................................................................


WIND (MPH)
  HIGHEST WIND SPEED    13   HIGHEST WIND DIRECTION     N (10)
  HIGHEST GUST SPEED    20   HIGHEST GUST DIRECTION     N (10)
  AVERAGE WIND SPEED     4.9


SKY COVER
  AVERAGE SKY COVER 0.2


WEATHER CONDITIONS
 THE FOLLOWING WEATHER WAS RECORDED TODAY.
  NO SIGNIFICANT WEATHER WAS OBSERVED.


RELATIVE HUMIDITY (PERCENT)
 HIGHEST    75           500 AM
 LOWEST     26           100 PM
 AVERAGE    51

..........................................................


THE BINGHAMTON NY CLIMATE NORMALS FOR TOMORROW
                         NORMAL    RECORD    YEAR
 MAXIMUM TEMPERATURE (F)   54        83      1994
 MINIMUM TEMPERATURE (F)   36        21      1957


SUNRISE AND SUNSET
APRIL 14 2016.........SUNRISE   624 AM EDT   SUNSET   745 PM EDT
APRIL 15 2016.........SUNRISE   622 AM EDT   SUNSET   746 PM EDT


-  INDICATES NEGATIVE NUMBERS.
R  INDICATES RECORD WAS SET OR TIED.
MM INDICATES DATA IS MISSING.
T  INDICATES TRACE AMOUNT.

$$
