000
CDUS41 KBGM 280605
CLIBGM


CLIMATE REPORT
NATIONAL WEATHER SERVICE BINGHAMTON NY
101 AM EST THU JAN 28 2016


...................................

...THE BINGHAMTON NY CLIMATE SUMMARY FOR JANUARY 27 2016...

CLIMATE NORMAL PERIOD 1981 TO 2010
CLIMATE RECORD PERIOD 1951 TO 2016


WEATHER ITEM   OBSERVED TIME   RECORD YEAR NORMAL DEPARTURE LAST
                VALUE   (LST)  VALUE       VALUE  FROM      YEAR
                                                  NORMAL
..................................................................
TEMPERATURE (F)
 YESTERDAY
  MAXIMUM         35   1221 AM  54    1974  29      6       16
  MINIMUM         24   1159 PM  -8    2005  15      9        7
                                      1994
  AVERAGE         30                        22      8       12

PRECIPITATION (IN)
  YESTERDAY        T             1.26 1976   0.08  -0.08      T
  MONTH TO DATE    1.31                      2.14  -0.83     1.75
  SINCE DEC 1      4.92                      4.97  -0.05     5.05
  SINCE JAN 1      1.31                      2.14  -0.83     1.75

SNOWFALL (IN)
  YESTERDAY        T             6.8  2004   0.7   -0.7       T
                                      1976
  MONTH TO DATE   10.2                      19.5   -9.3     12.9
  SINCE DEC 1     12.4                      37.3  -24.9     26.0
  SINCE JUL 1     13.5                      44.1  -30.6     39.7
  SNOW DEPTH       T

DEGREE DAYS
 HEATING
  YESTERDAY       35                        43     -8       53
  MONTH TO DATE 1122                      1155    -33     1258
  SINCE DEC 1   1877                      2325   -448     2327
  SINCE JUL 1   3147                      3900   -753     3862

 COOLING
  YESTERDAY        0                         0      0        0
  MONTH TO DATE    0                         0      0        0
  SINCE DEC 1      0                         0      0        0
  SINCE JAN 1      0                         0      0        0
..................................................................


WIND (MPH)
  HIGHEST WIND SPEED    24   HIGHEST WIND DIRECTION     W (280)
  HIGHEST GUST SPEED    37   HIGHEST GUST DIRECTION     W (280)
  AVERAGE WIND SPEED     8.6


SKY COVER
  AVERAGE SKY COVER 1.0


WEATHER CONDITIONS
 THE FOLLOWING WEATHER WAS RECORDED YESTERDAY.
  LIGHT SNOW
  FOG
  HAZE


RELATIVE HUMIDITY (PERCENT)
 HIGHEST    81          1000 PM
 LOWEST     54           200 PM
 AVERAGE    68

..........................................................


THE BINGHAMTON NY CLIMATE NORMALS FOR TODAY
                         NORMAL    RECORD    YEAR
 MAXIMUM TEMPERATURE (F)   29        53      2002
 MINIMUM TEMPERATURE (F)   15        -8      1966


SUNRISE AND SUNSET
JANUARY 28 2016.......SUNRISE   721 AM EST   SUNSET   513 PM EST
JANUARY 29 2016.......SUNRISE   721 AM EST   SUNSET   514 PM EST


-  INDICATES NEGATIVE NUMBERS.
R  INDICATES RECORD WAS SET OR TIED.
MM INDICATES DATA IS MISSING.
T  INDICATES TRACE AMOUNT.

$$
