000
CDUS41 KBGM 010520
CLIBGM


CLIMATE REPORT
NATIONAL WEATHER SERVICE BINGHAMTON NY
1220 AM EST MON JAN 1 2018


...................................

...THE BINGHAMTON NY CLIMATE SUMMARY FOR DECEMBER 31 2017...

CLIMATE NORMAL PERIOD 1981 TO 2010
CLIMATE RECORD PERIOD 1951 TO 2017


WEATHER ITEM   OBSERVED TIME   RECORD YEAR NORMAL DEPARTURE LAST
                VALUE   (LST)  VALUE       VALUE  FROM      YEAR
                                                  NORMAL
..................................................................
TEMPERATURE (F)
 YESTERDAY
  MAXIMUM          9   1208 AM  59    1972  30    -21       35
                                      1965
  MINIMUM         -3R  1141 PM  -3    1962  17    -20       22
  AVERAGE          3                        23    -20       29

PRECIPITATION (IN)
  YESTERDAY        0.02          0.61 1972   0.08  -0.06     0.02
  MONTH TO DATE    1.41                      2.83  -1.42     3.59
  SINCE DEC 1      1.41                      2.83  -1.42     3.59
  SINCE JAN 1     48.30                     39.30   9.00    36.11

SNOWFALL (IN)
  YESTERDAY        0.2           5.2  1967   0.7   -0.5      0.1
  MONTH TO DATE   11.3                      17.8   -6.5     29.8
  SINCE DEC 1     11.3                      17.8   -6.5     29.8
  SINCE JUL 1     13.1                      24.6  -11.5     58.4
  SNOW DEPTH       4

DEGREE DAYS
 HEATING
  YESTERDAY       62                        42     20       36
  MONTH TO DATE 1272                      1168    104     1176
  SINCE DEC 1   1272                      1170    102     1176
  SINCE JUL 1   2670                      2745    -75     2525

 COOLING
  YESTERDAY        0                         0      0        0
  MONTH TO DATE    0                         0      0        0
  SINCE DEC 1      0                         0      0        0
  SINCE JAN 1    349                       381    -32      563
..................................................................


WIND (MPH)
  HIGHEST WIND SPEED    17   HIGHEST WIND DIRECTION    NW (310)
  HIGHEST GUST SPEED    25   HIGHEST GUST DIRECTION    NW (310)
  AVERAGE WIND SPEED     9.2


SKY COVER
  AVERAGE SKY COVER 0.5


WEATHER CONDITIONS
 THE FOLLOWING WEATHER WAS RECORDED YESTERDAY.
  SNOW
  LIGHT SNOW
  FOG
  HAZE
  BLOWING SNOW


RELATIVE HUMIDITY (PERCENT)
 HIGHEST    83          1200 AM
 LOWEST     68           400 PM
 AVERAGE    76

..........................................................


THE BINGHAMTON NY CLIMATE NORMALS FOR TODAY
                         NORMAL    RECORD    YEAR
 MAXIMUM TEMPERATURE (F)   29        56      1973
 MINIMUM TEMPERATURE (F)   17        -3      1957


SUNRISE AND SUNSET
JANUARY  1 2018.......SUNRISE   733 AM EST   SUNSET   443 PM EST
JANUARY  2 2018.......SUNRISE   733 AM EST   SUNSET   443 PM EST


-  INDICATES NEGATIVE NUMBERS.
R  INDICATES RECORD WAS SET OR TIED.
MM INDICATES DATA IS MISSING.
T  INDICATES TRACE AMOUNT.




$$
