000
CDUS41 KBGM 130537
CLIBGM


CLIMATE REPORT
NATIONAL WEATHER SERVICE BINGHAMTON NY
1236 AM EST MON NOV 13 2017


...................................

...THE BINGHAMTON NY CLIMATE SUMMARY FOR NOVEMBER 12 2017...

CLIMATE NORMAL PERIOD 1981 TO 2010
CLIMATE RECORD PERIOD 1951 TO 2017


WEATHER ITEM   OBSERVED TIME   RECORD YEAR NORMAL DEPARTURE LAST
                VALUE   (LST)  VALUE       VALUE  FROM      YEAR
                                                  NORMAL
..................................................................
TEMPERATURE (F)
 YESTERDAY
  MAXIMUM         39    433 PM  65    1964  47     -8       42
  MINIMUM         22    700 AM  17    1976  33    -11       28
  AVERAGE         31                        40     -9       35

PRECIPITATION (IN)
  YESTERDAY        0.01          1.04 1974   0.10  -0.09     0.00
  MONTH TO DATE    0.98                      1.30  -0.32     0.27
  SINCE SEP 1      6.37                      8.26  -1.89     7.13
  SINCE JAN 1     46.11                     34.47  11.64    30.68

SNOWFALL (IN)
  YESTERDAY        T             8.9  1968   0.2   -0.2      0.0
  MONTH TO DATE    1.0                       1.4   -0.4      0.0
  SINCE SEP 1      1.0                       2.4   -1.4      1.0
  SINCE JUL 1      1.0                       2.4   -1.4      1.0
  SNOW DEPTH       T

DEGREE DAYS
 HEATING
  YESTERDAY       34                        25      9       30
  MONTH TO DATE  321                       282     39      260
  SINCE SEP 1    798                       991   -193      862
  SINCE JUL 1    879                      1054   -175      871

 COOLING
  YESTERDAY        0                         0      0        0
  MONTH TO DATE    0                         0      0        0
  SINCE SEP 1     78                        33     45       52
  SINCE JAN 1    349                       381    -32      563
..................................................................


WIND (MPH)
  HIGHEST WIND SPEED     9   HIGHEST WIND DIRECTION    SW (240)
  HIGHEST GUST SPEED    12   HIGHEST GUST DIRECTION    SW (240)
  AVERAGE WIND SPEED     3.9


SKY COVER
  AVERAGE SKY COVER 0.4


WEATHER CONDITIONS
 THE FOLLOWING WEATHER WAS RECORDED YESTERDAY.
  LIGHT RAIN


RELATIVE HUMIDITY (PERCENT)
 HIGHEST    57           700 AM
 LOWEST     37           100 PM
 AVERAGE    47

..........................................................


THE BINGHAMTON NY CLIMATE NORMALS FOR TODAY
                         NORMAL    RECORD    YEAR
 MAXIMUM TEMPERATURE (F)   46        65      1964
 MINIMUM TEMPERATURE (F)   32        14      1986


SUNRISE AND SUNSET
NOVEMBER 13 2017......SUNRISE   652 AM EST   SUNSET   444 PM EST
NOVEMBER 14 2017......SUNRISE   653 AM EST   SUNSET   443 PM EST


-  INDICATES NEGATIVE NUMBERS.
R  INDICATES RECORD WAS SET OR TIED.
MM INDICATES DATA IS MISSING.
T  INDICATES TRACE AMOUNT.

$$
