000
CDUS41 KBGM 030317
CLIBGM


CLIMATE REPORT
NATIONAL WEATHER SERVICE BINGHAMTON NY
1017 PM EST MON JAN 2 2017


...................................

...THE BINGHAMTON NY CLIMATE SUMMARY FOR JANUARY 2 2017...
VALID AS OF 1000 PM LOCAL TIME.

CLIMATE NORMAL PERIOD 1981 TO 2010
CLIMATE RECORD PERIOD 1951 TO 2017


WEATHER ITEM   OBSERVED TIME   RECORD YEAR NORMAL DEPARTURE LAST
                VALUE   (LST)  VALUE       VALUE  FROM      YEAR
                                                  NORMAL
..................................................................
TEMPERATURE (F)
 TODAY
  MAXIMUM         34    326 PM  55    2000  29      5       28
  MINIMUM         23    551 AM  -8    1968  17      6       20
  AVERAGE         29                        23      6       24

PRECIPITATION (IN)
  TODAY            0.02          1.05 1965   0.08  -0.06      T
  MONTH TO DATE    0.03                      0.16  -0.13     0.01
  SINCE DEC 1      3.62                      2.99   0.63     3.62
  SINCE JAN 1      0.03                      0.16  -0.13     0.01

SNOWFALL (IN)
  TODAY            0.0          12.0  1987   0.7   -0.7       T
  MONTH TO DATE    T                         1.4   -1.4      0.3
  SINCE DEC 1     29.8                      19.2   10.6      2.5
  SINCE JUL 1     58.4                      26.0   32.4      3.6
  SNOW DEPTH       2

DEGREE DAYS
 HEATING
  TODAY           36                        42     -6       41
  MONTH TO DATE   70                        84    -14       79
  SINCE DEC 1   1246                      1254     -8      834
  SINCE JUL 1   2595                      2829   -234     2104

 COOLING
  TODAY            0                         0      0        0
  MONTH TO DATE    0                         0      0        0
  SINCE DEC 1      0                         0      0        0
  SINCE JAN 1      0                         0      0        0
..................................................................


WIND (MPH)
  HIGHEST WIND SPEED    16   HIGHEST WIND DIRECTION    SE (150)
  HIGHEST GUST SPEED    20   HIGHEST GUST DIRECTION    SE (140)
  AVERAGE WIND SPEED     8.5


SKY COVER
  AVERAGE SKY COVER 0.7


WEATHER CONDITIONS
 THE FOLLOWING WEATHER WAS RECORDED TODAY.
  LIGHT RAIN
  FOG


RELATIVE HUMIDITY (PERCENT)
 HIGHEST    92           700 PM
 LOWEST     58          1000 AM
 AVERAGE    75

..........................................................


THE BINGHAMTON NY CLIMATE NORMALS FOR TOMORROW
                         NORMAL    RECORD    YEAR
 MAXIMUM TEMPERATURE (F)   29        56      2000
 MINIMUM TEMPERATURE (F)   17        -7      1981


SUNRISE AND SUNSET
JANUARY  2 2017.......SUNRISE   733 AM EST   SUNSET   444 PM EST
JANUARY  3 2017.......SUNRISE   733 AM EST   SUNSET   445 PM EST


-  INDICATES NEGATIVE NUMBERS.
R  INDICATES RECORD WAS SET OR TIED.
MM INDICATES DATA IS MISSING.
T  INDICATES TRACE AMOUNT.




$$
