000
CDUS41 KBGM 030222
CLIBGM


CLIMATE REPORT
NATIONAL WEATHER SERVICE BINGHAMTON NY
1022 PM EDT WED JUL 2 2014


...................................

...THE BINGHAMTON NY CLIMATE SUMMARY FOR JULY 2 2014...
VALID AS OF 1000 PM LOCAL TIME.

CLIMATE NORMAL PERIOD 1981 TO 2010
CLIMATE RECORD PERIOD 1951 TO 2014


WEATHER ITEM   OBSERVED TIME   RECORD YEAR NORMAL DEPARTURE LAST
                VALUE   (LST)  VALUE       VALUE  FROM      YEAR
                                                  NORMAL
..................................................................
TEMPERATURE (F)
 TODAY
  MAXIMUM         82    956 AM  92    1966  77      5       80
  MINIMUM         72    447 AM  45    2001  59     13       67
  AVERAGE         77                        68      9       74

PRECIPITATION (IN)
  TODAY            0.10          1.43 1961   0.12  -0.02     0.13
  MONTH TO DATE    0.10                      0.24  -0.14     1.93
  SINCE JUN 1      4.47                      4.55  -0.08     7.17
  SINCE JAN 1     19.83                     19.30   0.53    20.33

SNOWFALL (IN)
  TODAY            0.0           0.0  2002   0.0    0.0      0.0
                                      2000
                                      2001
  MONTH TO DATE    0.0                       0.0    0.0      0.0
  SINCE JUN 1      0.0                       0.0    0.0      0.0
  SINCE JUL 1      0.0                       0.0    0.0      0.0
  SNOW DEPTH       0

DEGREE DAYS
 HEATING
  TODAY            0                         1     -1        0
  MONTH TO DATE    0                         2     -2        0
  SINCE JUN 1     45                        93    -48       87
  SINCE JUL 1      0                         2     -2        0

 COOLING
  TODAY           12                         4      8        9
  MONTH TO DATE   25                         8     17       13
  SINCE JUN 1    110                        82     28       96
  SINCE JAN 1    135                       105     30      139
..................................................................


WIND (MPH)
  HIGHEST WIND SPEED    12   HIGHEST WIND DIRECTION    SW (240)
  HIGHEST GUST SPEED    15   HIGHEST GUST DIRECTION     W (250)
  AVERAGE WIND SPEED     6.3


SKY COVER
  AVERAGE SKY COVER 0.1


WEATHER CONDITIONS
 THE FOLLOWING WEATHER WAS RECORDED TODAY.
  THUNDERSTORM
  HEAVY RAIN
  LIGHT RAIN
  FOG


RELATIVE HUMIDITY (PERCENT)
 HIGHEST    87           300 AM
 LOWEST     69           900 AM
 AVERAGE    78

..........................................................


THE BINGHAMTON NY CLIMATE NORMALS FOR TOMORROW
                         NORMAL    RECORD    YEAR
 MAXIMUM TEMPERATURE (F)   77        95      1966
 MINIMUM TEMPERATURE (F)   59        47      2001


SUNRISE AND SUNSET
JULY  2 2014..........SUNRISE   532 AM EDT   SUNSET   844 PM EDT
JULY  3 2014..........SUNRISE   532 AM EDT   SUNSET   844 PM EDT


-  INDICATES NEGATIVE NUMBERS.
R  INDICATES RECORD WAS SET OR TIED.
MM INDICATES DATA IS MISSING.
T  INDICATES TRACE AMOUNT.




$$
