000
CDUS41 KBGM 190534
CLIBGM


CLIMATE REPORT
NATIONAL WEATHER SERVICE BINGHAMTON NY
133 AM EDT SUN OCT 19 2014


...................................

...THE BINGHAMTON NY CLIMATE SUMMARY FOR OCTOBER 18 2014...

CLIMATE NORMAL PERIOD 1981 TO 2010
CLIMATE RECORD PERIOD 1951 TO 2014


WEATHER ITEM   OBSERVED TIME   RECORD YEAR NORMAL DEPARTURE LAST
                VALUE   (LST)  VALUE       VALUE  FROM      YEAR
                                                  NORMAL
..................................................................
TEMPERATURE (F)
 YESTERDAY
  MAXIMUM         59   1231 AM  76    1963  56      3       57
  MINIMUM         42   1159 PM  22    1974  39      3       46
  AVERAGE         51                        48      3       52

PRECIPITATION (IN)
  YESTERDAY        0.07          1.48 1967   0.11  -0.04      T
  MONTH TO DATE    3.03                      1.98   1.05     1.89
  SINCE SEP 1      4.94                      5.61  -0.67     4.80
  SINCE JAN 1     33.97                     31.82   2.15    35.09

SNOWFALL (IN)
  YESTERDAY        0.0           0.7  1972   0.0    0.0      0.0
  MONTH TO DATE    0.0                       0.2   -0.2      0.0
  SINCE SEP 1      0.0                       0.2   -0.2      0.0
  SINCE JUL 1      T                         0.2   -0.2      0.0
  SNOW DEPTH       0

DEGREE DAYS
 HEATING
  YESTERDAY       14                        17     -3       13
  MONTH TO DATE  187                       261    -74      118
  SINCE SEP 1    348                       455   -107      359
  SINCE JUL 1    414                       518   -104      410

 COOLING
  YESTERDAY        0                         0      0        0
  MONTH TO DATE    1                         0      1       12
  SINCE SEP 1     39                        31      8       53
  SINCE JAN 1    341                       379    -38      480
..................................................................


WIND (MPH)
  HIGHEST WIND SPEED    20   HIGHEST WIND DIRECTION     W (270)
  HIGHEST GUST SPEED    27   HIGHEST GUST DIRECTION     W (270)
  AVERAGE WIND SPEED    10.2


SKY COVER
  AVERAGE SKY COVER 1.0


WEATHER CONDITIONS
 THE FOLLOWING WEATHER WAS RECORDED YESTERDAY.
  HEAVY RAIN
  LIGHT RAIN
  FOG


RELATIVE HUMIDITY (PERCENT)
 HIGHEST   100           900 AM
 LOWEST     64           200 PM
 AVERAGE    82

..........................................................


THE BINGHAMTON NY CLIMATE NORMALS FOR TODAY
                         NORMAL    RECORD    YEAR
 MAXIMUM TEMPERATURE (F)   56        77      1963
 MINIMUM TEMPERATURE (F)   39        20      1974


SUNRISE AND SUNSET
OCTOBER 19 2014.......SUNRISE   721 AM EDT   SUNSET   616 PM EDT
OCTOBER 20 2014.......SUNRISE   722 AM EDT   SUNSET   614 PM EDT


-  INDICATES NEGATIVE NUMBERS.
R  INDICATES RECORD WAS SET OR TIED.
MM INDICATES DATA IS MISSING.
T  INDICATES TRACE AMOUNT.




$$
