000
CDUS41 KBGM 170533
CLIBGM


CLIMATE REPORT
NATIONAL WEATHER SERVICE BINGHAMTON NY
132 AM EDT THU JUL 17 2014


...................................

...THE BINGHAMTON NY CLIMATE SUMMARY FOR JULY 16 2014...

CLIMATE NORMAL PERIOD 1981 TO 2010
CLIMATE RECORD PERIOD 1951 TO 2014


WEATHER ITEM   OBSERVED TIME   RECORD YEAR NORMAL DEPARTURE LAST
                VALUE   (LST)  VALUE       VALUE  FROM      YEAR
                                                  NORMAL
..................................................................
TEMPERATURE (F)
 YESTERDAY
  MAXIMUM         74    253 PM  98    1988  78     -4       87
  MINIMUM         57    515 AM  50    1987  60     -3       67
                                      1966
  AVERAGE         66                        69     -3       77

PRECIPITATION (IN)
  YESTERDAY        0.00          0.50 1988   0.11  -0.11     0.00
  MONTH TO DATE    2.92                      1.93   0.99     4.29
  SINCE JUN 1      7.29                      6.24   1.05     9.53
  SINCE JAN 1     22.65                     20.99   1.66    22.69

SNOWFALL (IN)
  YESTERDAY        0.0           0.0  2002   0.0    0.0      0.0
                                      2000
                                      2001
  MONTH TO DATE    0.0                       0.0    0.0      0.0
  SINCE JUN 1      0.0                       0.0    0.0      0.0
  SINCE JUL 1      0.0                       0.0    0.0      0.0
  SNOW DEPTH       0

DEGREE DAYS
 HEATING
  YESTERDAY        0                         1     -1        0
  MONTH TO DATE    3                        16    -13        0
  SINCE JUN 1     48                       107    -59       87
  SINCE JUL 1      3                        16    -13        0

 COOLING
  YESTERDAY        1                         5     -4       12
  MONTH TO DATE   84                        71     13      147
  SINCE JUN 1    169                       145     24      230
  SINCE JAN 1    194                       168     26      273
..................................................................


WIND (MPH)
  HIGHEST WIND SPEED    16   HIGHEST WIND DIRECTION     W (270)
  HIGHEST GUST SPEED    20   HIGHEST GUST DIRECTION     W (270)
  AVERAGE WIND SPEED     5.8


SKY COVER
  AVERAGE SKY COVER 0.5


WEATHER CONDITIONS
 THE FOLLOWING WEATHER WAS RECORDED YESTERDAY.
  NO SIGNIFICANT WEATHER WAS OBSERVED.


RELATIVE HUMIDITY (PERCENT)
 HIGHEST    80           500 AM
 LOWEST     49           300 PM
 AVERAGE    65

..........................................................


THE BINGHAMTON NY CLIMATE NORMALS FOR TODAY
                         NORMAL    RECORD    YEAR
 MAXIMUM TEMPERATURE (F)   78        91      2012
                                             1991
                                             1953
 MINIMUM TEMPERATURE (F)   60        50      1987


SUNRISE AND SUNSET
JULY 17 2014..........SUNRISE   543 AM EDT   SUNSET   837 PM EDT
JULY 18 2014..........SUNRISE   543 AM EDT   SUNSET   836 PM EDT


-  INDICATES NEGATIVE NUMBERS.
R  INDICATES RECORD WAS SET OR TIED.
MM INDICATES DATA IS MISSING.
T  INDICATES TRACE AMOUNT.

$$
