000
CDUS41 KBGM 220533
CLIBGM


CLIMATE REPORT
NATIONAL WEATHER SERVICE BINGHAMTON NY
132 AM EDT WED JUL 22 2015


...................................

...THE BINGHAMTON NY CLIMATE SUMMARY FOR JULY 21 2015...

CLIMATE NORMAL PERIOD 1981 TO 2010
CLIMATE RECORD PERIOD 1951 TO 2015


WEATHER ITEM   OBSERVED TIME   RECORD YEAR NORMAL DEPARTURE LAST
                VALUE   (LST)  VALUE       VALUE  FROM      YEAR
                                                  NORMAL
..................................................................
TEMPERATURE (F)
 YESTERDAY
  MAXIMUM         80   1106 AM  95    2011  78      2       81
  MINIMUM         60   1159 PM  44    1965  60      0       61
  AVERAGE         70                        69      1       71

PRECIPITATION (IN)
  YESTERDAY        0.13          2.17 1952   0.12   0.01     0.00
  MONTH TO DATE    3.97                      2.53   1.44     3.00
  SINCE JUN 1     13.71                      6.84   6.87     7.37
  SINCE JAN 1     27.26                     21.59   5.67    22.73

SNOWFALL (IN)
  YESTERDAY        0.0           0.0  2002   0.0    0.0      0.0
                                      2000
                                      2001
  MONTH TO DATE    0.0                       0.0    0.0      0.0
  SINCE JUN 1      0.0                       0.0    0.0      0.0
  SINCE JUL 1      0.0                       0.0    0.0      0.0
  SNOW DEPTH       0

DEGREE DAYS
 HEATING
  YESTERDAY        0                         1     -1        0
  MONTH TO DATE   20                        21     -1        8
  SINCE JUN 1     97                       112    -15       53
  SINCE JUL 1     20                        21     -1        8

 COOLING
  YESTERDAY        5                         5      0        6
  MONTH TO DATE   69                        96    -27       94
  SINCE JUN 1    119                       170    -51      179
  SINCE JAN 1    192                       193     -1      204
..................................................................


WIND (MPH)
  HIGHEST WIND SPEED    25   HIGHEST WIND DIRECTION    NW (330)
  HIGHEST GUST SPEED    38   HIGHEST GUST DIRECTION    NW (330)
  AVERAGE WIND SPEED     6.7


SKY COVER
  AVERAGE SKY COVER 0.2


WEATHER CONDITIONS
 THE FOLLOWING WEATHER WAS RECORDED YESTERDAY.
  THUNDERSTORM
  HEAVY RAIN
  LIGHT RAIN
  FOG


RELATIVE HUMIDITY (PERCENT)
 HIGHEST    93           500 AM
 LOWEST     53          1200 AM
 AVERAGE    73

..........................................................


THE BINGHAMTON NY CLIMATE NORMALS FOR TODAY
                         NORMAL    RECORD    YEAR
 MAXIMUM TEMPERATURE (F)   78        95      1955
 MINIMUM TEMPERATURE (F)   60        49      1970


SUNRISE AND SUNSET
JULY 22 2015..........SUNRISE   547 AM EDT   SUNSET   833 PM EDT
JULY 23 2015..........SUNRISE   548 AM EDT   SUNSET   832 PM EDT


-  INDICATES NEGATIVE NUMBERS.
R  INDICATES RECORD WAS SET OR TIED.
MM INDICATES DATA IS MISSING.
T  INDICATES TRACE AMOUNT.

$$
