051
CDUS41 KBGM 120219
CLIBGM


CLIMATE REPORT
NATIONAL WEATHER SERVICE BINGHAMTON NY
1019 PM EDT TUE JUL 11 2017


...................................

...THE BINGHAMTON NY CLIMATE SUMMARY FOR JULY 11 2017...
VALID AS OF 1000 PM LOCAL TIME.

CLIMATE NORMAL PERIOD 1981 TO 2010
CLIMATE RECORD PERIOD 1951 TO 2017


WEATHER ITEM   OBSERVED TIME   RECORD YEAR NORMAL DEPARTURE LAST
                VALUE   (LST)  VALUE       VALUE  FROM      YEAR
                                                  NORMAL
..................................................................
TEMPERATURE (F)
 TODAY
  MAXIMUM         76    457 PM  88    1988  78     -2       78
                                      1987
                                      1972
  MINIMUM         62    554 AM  49    1996  60      2       53
  AVERAGE         69                        69      0       66

PRECIPITATION (IN)
  TODAY            0.03          3.24 1976   0.12  -0.09     0.00
  MONTH TO DATE    1.32                      1.35  -0.03     0.29
  SINCE JUN 1      7.06                      5.66   1.40     3.33
  SINCE JAN 1     31.51                     20.41  11.10    15.72

SNOWFALL (IN)
  TODAY            0.0           0.0  2002   0.0    0.0      0.0
                                      2000
                                      2001
  MONTH TO DATE    0.0                       0.0    0.0      0.0
  SINCE JUN 1      T                         0.0    0.0      0.0
  SINCE JUL 1      0.0                       0.0    0.0      0.0
  SNOW DEPTH       0

DEGREE DAYS
 HEATING
  TODAY            0                         1     -1        0
  MONTH TO DATE    1                        11    -10        3
  SINCE JUN 1     96                       102     -6       72
  SINCE JUL 1      1                        11    -10        3

 COOLING
  TODAY            4                         5     -1        1
  MONTH TO DATE   32                        46    -14       54
  SINCE JUN 1    105                       120    -15      117
  SINCE JAN 1    126                       143    -17      163
..................................................................


WIND (MPH)
  HIGHEST WIND SPEED    13   HIGHEST WIND DIRECTION     S (200)
  HIGHEST GUST SPEED    16   HIGHEST GUST DIRECTION     S (190)
  AVERAGE WIND SPEED     5.8


SKY COVER
  AVERAGE SKY COVER 0.6


WEATHER CONDITIONS
 THE FOLLOWING WEATHER WAS RECORDED TODAY.
  FOG


RELATIVE HUMIDITY (PERCENT)
 HIGHEST   100           600 AM
 LOWEST     68          1200 PM
 AVERAGE    84

..........................................................


THE BINGHAMTON NY CLIMATE NORMALS FOR TOMORROW
                         NORMAL    RECORD    YEAR
 MAXIMUM TEMPERATURE (F)   78        91      1966
 MINIMUM TEMPERATURE (F)   60        48      2002
                                             1999


SUNRISE AND SUNSET
JULY 11 2017..........SUNRISE   538 AM EDT   SUNSET   841 PM EDT
JULY 12 2017..........SUNRISE   539 AM EDT   SUNSET   840 PM EDT


-  INDICATES NEGATIVE NUMBERS.
R  INDICATES RECORD WAS SET OR TIED.
MM INDICATES DATA IS MISSING.
T  INDICATES TRACE AMOUNT.




$$
