000
CDUS41 KBGM 220649
CLIBGM


CLIMATE REPORT
NATIONAL WEATHER SERVICE BINGHAMTON NY
248 AM EDT SAT AUG 22 2015


...................................

...THE BINGHAMTON NY CLIMATE SUMMARY FOR AUGUST 21 2015...

CLIMATE NORMAL PERIOD 1981 TO 2010
CLIMATE RECORD PERIOD 1951 TO 2015


WEATHER ITEM   OBSERVED TIME   RECORD YEAR NORMAL DEPARTURE LAST
                VALUE   (LST)  VALUE       VALUE  FROM      YEAR
                                                  NORMAL
..................................................................
TEMPERATURE (F)
 YESTERDAY
  MAXIMUM         73    329 PM  89    1955  76     -3       78
  MINIMUM         58   1159 PM  43    1992  58      0       63
  AVERAGE         66                        67     -1       71

PRECIPITATION (IN)
  YESTERDAY        0.00          0.85 2014   0.12  -0.12     0.85
  MONTH TO DATE    2.83                      2.36   0.47     4.80
  SINCE JUN 1     17.72                     10.37   7.35    13.01
  SINCE JAN 1     31.27                     25.12   6.15    28.37

SNOWFALL (IN)
  YESTERDAY        0.0           0.0  2002   0.0    0.0      0.0
                                      2001
                                      2000
  MONTH TO DATE    0.0                       0.0    0.0      0.0
  SINCE JUN 1      T                         0.0    0.0       T
  SINCE JUL 1      T                         0.0    0.0       T
  SNOW DEPTH       0

DEGREE DAYS
 HEATING
  YESTERDAY        0                         1     -1        0
  MONTH TO DATE    9                        21    -12       29
  SINCE JUN 1    110                       136    -26       99
  SINCE JUL 1     33                        45    -12       54

 COOLING
  YESTERDAY        1                         3     -2        6
  MONTH TO DATE   76                        82     -6       52
  SINCE JUN 1    245                       294    -49      260
  SINCE JAN 1    318                       317      1      285
..................................................................


WIND (MPH)
  HIGHEST WIND SPEED    15   HIGHEST WIND DIRECTION     W (280)
  HIGHEST GUST SPEED    19   HIGHEST GUST DIRECTION     W (270)
  AVERAGE WIND SPEED     6.2


SKY COVER
  AVERAGE SKY COVER 0.3


WEATHER CONDITIONS
 THE FOLLOWING WEATHER WAS RECORDED YESTERDAY.
  NO SIGNIFICANT WEATHER WAS OBSERVED.


RELATIVE HUMIDITY (PERCENT)
 HIGHEST   100           200 AM
 LOWEST     49           200 PM
 AVERAGE    75

..........................................................


THE BINGHAMTON NY CLIMATE NORMALS FOR TODAY
                         NORMAL    RECORD    YEAR
 MAXIMUM TEMPERATURE (F)   76        87      1955
 MINIMUM TEMPERATURE (F)   58        42      1982


SUNRISE AND SUNSET
AUGUST 22 2015........SUNRISE   618 AM EDT   SUNSET   754 PM EDT
AUGUST 23 2015........SUNRISE   620 AM EDT   SUNSET   753 PM EDT


-  INDICATES NEGATIVE NUMBERS.
R  INDICATES RECORD WAS SET OR TIED.
MM INDICATES DATA IS MISSING.
T  INDICATES TRACE AMOUNT.




$$
