000
CDUS41 KBGM 080316
CLIBGM


CLIMATE REPORT
NATIONAL WEATHER SERVICE BINGHAMTON NY
1015 PM EST SUN JAN 7 2018


...................................

...THE BINGHAMTON NY CLIMATE SUMMARY FOR JANUARY 7 2018...
VALID AS OF 1000 PM LOCAL TIME.

CLIMATE NORMAL PERIOD 1981 TO 2010
CLIMATE RECORD PERIOD 1951 TO 2018


WEATHER ITEM   OBSERVED TIME   RECORD YEAR NORMAL DEPARTURE LAST
                VALUE   (LST)  VALUE       VALUE  FROM      YEAR
                                                  NORMAL
..................................................................
TEMPERATURE (F)
 TODAY
  MAXIMUM         14    959 PM  59    2008  29    -15       17
  MINIMUM         -7    725 AM  -8    2014  16    -23        7
  AVERAGE          4                        22    -18       12

PRECIPITATION (IN)
  TODAY            T             1.05 1979   0.08  -0.08      T
  MONTH TO DATE    0.10                      0.56  -0.46     0.64
  SINCE DEC 1      1.51                      3.39  -1.88     4.23
  SINCE JAN 1      0.10                      0.56  -0.46     0.64

SNOWFALL (IN)
  TODAY            T             4.9  1994   0.8   -0.8       T
  MONTH TO DATE    3.3                       4.9   -1.6      0.6
  SINCE DEC 1     14.6                      22.7   -8.1     30.4
  SINCE JUL 1     16.4                      29.5  -13.1     59.0
  SNOW DEPTH       5

DEGREE DAYS
 HEATING
  TODAY           61                        43     18       53
  MONTH TO DATE  415                       295    120      284
  SINCE DEC 1   1687                      1465    222     1460
  SINCE JUL 1   3085                      3040     45     2809

 COOLING
  TODAY            0                         0      0        0
  MONTH TO DATE    0                         0      0        0
  SINCE DEC 1      0                         0      0        0
  SINCE JAN 1      0                         0      0        0
..................................................................


WIND (MPH)
  HIGHEST WIND SPEED    15   HIGHEST WIND DIRECTION    SW (220)
  HIGHEST GUST SPEED    21   HIGHEST GUST DIRECTION    SW (210)
  AVERAGE WIND SPEED     7.3


SKY COVER
  AVERAGE SKY COVER 0.6


WEATHER CONDITIONS
 THE FOLLOWING WEATHER WAS RECORDED TODAY.
  FOG
  HAZE


RELATIVE HUMIDITY (PERCENT)
 HIGHEST    86           100 AM
 LOWEST     46           300 PM
 AVERAGE    66

..........................................................


THE BINGHAMTON NY CLIMATE NORMALS FOR TOMORROW
                         NORMAL    RECORD    YEAR
 MAXIMUM TEMPERATURE (F)   29        63      2008
                                             1998
 MINIMUM TEMPERATURE (F)   16       -11      1968


SUNRISE AND SUNSET
JANUARY  7 2018.......SUNRISE   732 AM EST   SUNSET   448 PM EST
JANUARY  8 2018.......SUNRISE   732 AM EST   SUNSET   449 PM EST


-  INDICATES NEGATIVE NUMBERS.
R  INDICATES RECORD WAS SET OR TIED.
MM INDICATES DATA IS MISSING.
T  INDICATES TRACE AMOUNT.




$$
