000
CDUS41 KBGM 082245
CLIBGM


CLIMATE REPORT
NATIONAL WEATHER SERVICE BINGHAMTON NY
545 PM EST MON DEC 8 2014


...................................

...THE BINGHAMTON NY CLIMATE SUMMARY FOR DECEMBER 8 2014...
VALID TODAY AS OF 0500 PM LOCAL TIME.

CLIMATE NORMAL PERIOD 1981 TO 2010
CLIMATE RECORD PERIOD 1951 TO 2014


WEATHER ITEM   OBSERVED TIME   RECORD YEAR NORMAL DEPARTURE LAST
                VALUE   (LST)  VALUE       VALUE  FROM      YEAR
                                                  NORMAL
..................................................................
TEMPERATURE (F)
 TODAY
  MAXIMUM         26    142 PM  59    1966  36    -10       24
  MINIMUM         15    722 AM   4    1976  24     -9       16
  AVERAGE         21                        30     -9       20

PRECIPITATION (IN)
  TODAY            0.00          1.04 1974   0.11  -0.11      T
  MONTH TO DATE    1.17                      0.83   0.34     0.57
  SINCE DEC 1      1.17                      0.83   0.34     0.57
  SINCE JAN 1     37.50                     37.30   0.20    40.08

SNOWFALL (IN)
  TODAY            0.0           4.1  2001   0.5   -0.5       T
  MONTH TO DATE    0.4                       3.9   -3.5      2.3
  SINCE DEC 1      0.4                       3.9   -3.5      2.3
  SINCE JUL 1     14.1                      10.7    3.4     10.5
  SNOW DEPTH       0

DEGREE DAYS
 HEATING
  TODAY           44                        35      9       45
  MONTH TO DATE  291                       272     19      255
  SINCE DEC 1    291                       272     19      255
  SINCE JUL 1   1826                      1847    -21     1846

 COOLING
  TODAY            0                         0      0        0
  MONTH TO DATE    0                         0      0        0
  SINCE DEC 1      0                         0      0        0
  SINCE JAN 1    341                       381    -40      480
..................................................................


WIND (MPH)
  HIGHEST WIND SPEED    18   HIGHEST WIND DIRECTION    SE (140)
  HIGHEST GUST SPEED    24   HIGHEST GUST DIRECTION    SE (150)
  AVERAGE WIND SPEED     9.8


SKY COVER
  AVERAGE SKY COVER 0.2


WEATHER CONDITIONS
 THE FOLLOWING WEATHER WAS RECORDED TODAY.
  NO SIGNIFICANT WEATHER WAS OBSERVED.


RELATIVE HUMIDITY (PERCENT)
 HIGHEST    88           500 AM
 LOWEST     40          1200 PM
 AVERAGE    64

..........................................................


THE BINGHAMTON NY CLIMATE NORMALS FOR TOMORROW
                         NORMAL    RECORD    YEAR
 MAXIMUM TEMPERATURE (F)   35        61      1966
 MINIMUM TEMPERATURE (F)   23         1      1968


SUNRISE AND SUNSET
DECEMBER  8 2014......SUNRISE   720 AM EST   SUNSET   432 PM EST
DECEMBER  9 2014......SUNRISE   721 AM EST   SUNSET   432 PM EST


-  INDICATES NEGATIVE NUMBERS.
R  INDICATES RECORD WAS SET OR TIED.
MM INDICATES DATA IS MISSING.
T  INDICATES TRACE AMOUNT.




$$
