000
CDUS41 KBGM 112119
CLIBGM


CLIMATE REPORT
NATIONAL WEATHER SERVICE BINGHAMTON NY
518 PM EDT MON SEP 11 2017


...................................

...THE BINGHAMTON NY CLIMATE SUMMARY FOR SEPTEMBER 11 2017...
VALID TODAY AS OF 0500 PM LOCAL TIME.

CLIMATE NORMAL PERIOD 1981 TO 2010
CLIMATE RECORD PERIOD 1951 TO 2017


WEATHER ITEM   OBSERVED TIME   RECORD YEAR NORMAL DEPARTURE LAST
                VALUE   (LST)  VALUE       VALUE  FROM      YEAR
                                                  NORMAL
..................................................................
TEMPERATURE (F)
 TODAY
  MAXIMUM         71    359 PM  88    2013  70      1       75
  MINIMUM         39    558 AM  38    1995  53    -14       51
  AVERAGE         55                        61     -6       63

PRECIPITATION (IN)
  TODAY            0.00          2.15 1968   0.12  -0.12     0.01
  MONTH TO DATE    0.94                      1.28  -0.34     0.14
  SINCE SEP 1      0.94                      1.28  -0.34     0.14
  SINCE JAN 1     40.68                     27.49  13.19    23.69

SNOWFALL (IN)
  TODAY            0.0           0.0  2002   0.0    0.0      0.0
                                      2001
                                      2000
  MONTH TO DATE    0.0                       0.0    0.0      0.0
  SINCE SEP 1      0.0                       0.0    0.0      0.0
  SINCE JUL 1      0.0                       0.0    0.0      0.0
  SNOW DEPTH       0

DEGREE DAYS
 HEATING
  TODAY           10                         5      5        2
  MONTH TO DATE  107                        41     66       10
  SINCE SEP 1    107                        41     66       10
  SINCE JUL 1    188                       104     84       19

 COOLING
  TODAY            0                         1     -1        0
  MONTH TO DATE    0                        18    -18       36
  SINCE SEP 1      0                        18    -18       36
  SINCE JAN 1    271                       366    -95      547
..................................................................


WIND (MPH)
  HIGHEST WIND SPEED    10   HIGHEST WIND DIRECTION    NE (40)
  HIGHEST GUST SPEED    14   HIGHEST GUST DIRECTION    NE (40)
  AVERAGE WIND SPEED     3.2


SKY COVER
  AVERAGE SKY COVER 0.0


WEATHER CONDITIONS
 THE FOLLOWING WEATHER WAS RECORDED TODAY.
  FOG
  FOG W/VISIBILITY <= 1/4 MILE


RELATIVE HUMIDITY (PERCENT)
 HIGHEST   100           600 AM
 LOWEST     40           200 PM
 AVERAGE    70

..........................................................


THE BINGHAMTON NY CLIMATE NORMALS FOR TOMORROW
                         NORMAL    RECORD    YEAR
 MAXIMUM TEMPERATURE (F)   70        85      1952
 MINIMUM TEMPERATURE (F)   52        37      1985


SUNRISE AND SUNSET
SEPTEMBER 11 2017.....SUNRISE   640 AM EDT   SUNSET   720 PM EDT
SEPTEMBER 12 2017.....SUNRISE   641 AM EDT   SUNSET   718 PM EDT


-  INDICATES NEGATIVE NUMBERS.
R  INDICATES RECORD WAS SET OR TIED.
MM INDICATES DATA IS MISSING.
T  INDICATES TRACE AMOUNT.




$$
