000
CDUS41 KBGM 130606
CLIBGM


CLIMATE REPORT
NATIONAL WEATHER SERVICE BINGHAMTON NY
205 AM EDT SUN AUG 13 2017


...................................

...THE BINGHAMTON NY CLIMATE SUMMARY FOR AUGUST 12 2017...

CLIMATE NORMAL PERIOD 1981 TO 2010
CLIMATE RECORD PERIOD 1951 TO 2017


WEATHER ITEM   OBSERVED TIME   RECORD YEAR NORMAL DEPARTURE LAST
                VALUE   (LST)  VALUE       VALUE  FROM      YEAR
                                                  NORMAL
..................................................................
TEMPERATURE (F)
 YESTERDAY
  MAXIMUM         77    150 PM  91    2002  77      0       87
  MINIMUM         59    940 PM  45    1971  59      0       69
  AVERAGE         68                        68      0       78

PRECIPITATION (IN)
  YESTERDAY        0.31          1.54 2014   0.10   0.21     0.82
  MONTH TO DATE    1.15                      1.34  -0.19     3.16
  SINCE JUN 1     13.82                      9.35   4.47     9.09
  SINCE JAN 1     38.27                     24.10  14.17    21.48

SNOWFALL (IN)
  YESTERDAY        0.0           0.0  2002   0.0    0.0      0.0
                                      2001
                                      2000
  MONTH TO DATE    0.0                       0.0    0.0      0.0
  SINCE JUN 1      T                         0.0    0.0      0.0
  SINCE JUL 1      0.0                       0.0    0.0      0.0
  SNOW DEPTH       0

DEGREE DAYS
 HEATING
  YESTERDAY        0                         1     -1        0
  MONTH TO DATE   15                        12      3        0
  SINCE JUN 1    118                       127     -9       72
  SINCE JUL 1     23                        36    -13        3

 COOLING
  YESTERDAY        3                         4     -1       13
  MONTH TO DATE   32                        48    -16       77
  SINCE JUN 1    212                       260    -48      357
  SINCE JAN 1    233                       283    -50      403
..................................................................


WIND (MPH)
  HIGHEST WIND SPEED    22   HIGHEST WIND DIRECTION    NW (300)
  HIGHEST GUST SPEED    34   HIGHEST GUST DIRECTION     W (280)
  AVERAGE WIND SPEED     7.7


SKY COVER
  AVERAGE SKY COVER 0.5


WEATHER CONDITIONS
 THE FOLLOWING WEATHER WAS RECORDED YESTERDAY.
  THUNDERSTORM
  HEAVY RAIN
  RAIN
  LIGHT RAIN
  FOG


RELATIVE HUMIDITY (PERCENT)
 HIGHEST   100          1200 AM
 LOWEST     68           300 PM
 AVERAGE    84

..........................................................


THE BINGHAMTON NY CLIMATE NORMALS FOR TODAY
                         NORMAL    RECORD    YEAR
 MAXIMUM TEMPERATURE (F)   77        91      1988
 MINIMUM TEMPERATURE (F)   59        48      2006
                                             1957


SUNRISE AND SUNSET
AUGUST 13 2017........SUNRISE   610 AM EDT   SUNSET   807 PM EDT
AUGUST 14 2017........SUNRISE   611 AM EDT   SUNSET   806 PM EDT


-  INDICATES NEGATIVE NUMBERS.
R  INDICATES RECORD WAS SET OR TIED.
MM INDICATES DATA IS MISSING.
T  INDICATES TRACE AMOUNT.




$$
