000
CDUS41 KBGM 182223
CLIBGM


CLIMATE REPORT
NATIONAL WEATHER SERVICE BINGHAMTON NY
522 PM EST FRI NOV 18 2016


...................................

...THE BINGHAMTON NY CLIMATE SUMMARY FOR NOVEMBER 18 2016...
VALID TODAY AS OF 0500 PM LOCAL TIME.

CLIMATE NORMAL PERIOD 1981 TO 2010
CLIMATE RECORD PERIOD 1951 TO 2016


WEATHER ITEM   OBSERVED TIME   RECORD YEAR NORMAL DEPARTURE LAST
                VALUE   (LST)  VALUE       VALUE  FROM      YEAR
                                                  NORMAL
..................................................................
TEMPERATURE (F)
 TODAY
  MAXIMUM         63    313 PM  65    1958  44     19       52
  MINIMUM         30    627 AM  11    1959  31     -1       34
  AVERAGE         47                        37     10       43

PRECIPITATION (IN)
  TODAY            0.00          0.96 1968   0.11  -0.11     0.00
  MONTH TO DATE    0.41                      1.96  -1.55     2.31
  SINCE SEP 1      7.27                      8.92  -1.65     7.25
  SINCE JAN 1     30.82                     35.13  -4.31    38.77

SNOWFALL (IN)
  TODAY            0.0           5.5  1986   0.2   -0.2      0.0
  MONTH TO DATE    0.0                       2.4   -2.4      0.2
  SINCE SEP 1      1.0                       3.4   -2.4      0.5
  SINCE JUL 1      1.0                       3.4   -2.4      0.5
  SNOW DEPTH       0

DEGREE DAYS
 HEATING
  TODAY           18                        28    -10       22
  MONTH TO DATE  383                       442    -59      295
  SINCE SEP 1    985                      1151   -166      897
  SINCE JUL 1    994                      1214   -220      946

 COOLING
  TODAY            0                         0      0        0
  MONTH TO DATE    0                         0      0        0
  SINCE SEP 1     52                        33     19      101
  SINCE JAN 1    563                       381    182      443
..................................................................


WIND (MPH)
  HIGHEST WIND SPEED     8   HIGHEST WIND DIRECTION     W (250)
  HIGHEST GUST SPEED    11   HIGHEST GUST DIRECTION     W (250)
  AVERAGE WIND SPEED     2.9


SKY COVER
  AVERAGE SKY COVER 0.0


WEATHER CONDITIONS
 THE FOLLOWING WEATHER WAS RECORDED TODAY.
  FOG
  FOG W/VISIBILITY <= 1/4 MILE


RELATIVE HUMIDITY (PERCENT)
 HIGHEST   100           400 AM
 LOWEST     52           300 PM
 AVERAGE    76

..........................................................


THE BINGHAMTON NY CLIMATE NORMALS FOR TOMORROW
                         NORMAL    RECORD    YEAR
 MAXIMUM TEMPERATURE (F)   44        70      1991
 MINIMUM TEMPERATURE (F)   30        10      2014


SUNRISE AND SUNSET
NOVEMBER 18 2016......SUNRISE   659 AM EST   SUNSET   439 PM EST
NOVEMBER 19 2016......SUNRISE   700 AM EST   SUNSET   439 PM EST


-  INDICATES NEGATIVE NUMBERS.
R  INDICATES RECORD WAS SET OR TIED.
MM INDICATES DATA IS MISSING.
T  INDICATES TRACE AMOUNT.

$$
