355
CDUS41 KBGM 202216
CLIBGM


CLIMATE REPORT
NATIONAL WEATHER SERVICE BINGHAMTON NY
516 PM EST FRI JAN 20 2017


...................................

...THE BINGHAMTON NY CLIMATE SUMMARY FOR JANUARY 20 2017...
VALID TODAY AS OF 0500 PM LOCAL TIME.

CLIMATE NORMAL PERIOD 1981 TO 2010
CLIMATE RECORD PERIOD 1951 TO 2017


WEATHER ITEM   OBSERVED TIME   RECORD YEAR NORMAL DEPARTURE LAST
                VALUE   (LST)  VALUE       VALUE  FROM      YEAR
                                                  NORMAL
..................................................................
TEMPERATURE (F)
 TODAY
  MAXIMUM         36    459 PM  53    2006  28      8       23
  MINIMUM         30    807 AM -12    1994  15     15       19
  AVERAGE         33                        22     11       21

PRECIPITATION (IN)
  TODAY            T             0.73 1995   0.08  -0.08      T
  MONTH TO DATE    2.31                      1.59   0.72     1.29
  SINCE DEC 1      5.90                      4.42   1.48     4.90
  SINCE JAN 1      2.31                      1.59   0.72     1.29

SNOWFALL (IN)
  TODAY            0.0           7.1  1978   0.8   -0.8      0.4
  MONTH TO DATE    1.1                      14.6  -13.5      8.5
  SINCE DEC 1     30.9                      32.4   -1.5     10.7
  SINCE JUL 1     59.5                      39.2   20.3     11.8
  SNOW DEPTH       0

DEGREE DAYS
 HEATING
  TODAY           32                        43    -11       44
  MONTH TO DATE  777                       854    -77      828
  SINCE DEC 1   1953                      2024    -71     1583
  SINCE JUL 1   3302                      3599   -297     2853

 COOLING
  TODAY            0                         0      0        0
  MONTH TO DATE    0                         0      0        0
  SINCE DEC 1      0                         0      0        0
  SINCE JAN 1      0                         0      0        0
..................................................................


WIND (MPH)
  HIGHEST WIND SPEED    13   HIGHEST WIND DIRECTION     S (170)
  HIGHEST GUST SPEED    18   HIGHEST GUST DIRECTION     S (160)
  AVERAGE WIND SPEED     6.5


SKY COVER
  AVERAGE SKY COVER 1.0


WEATHER CONDITIONS
 THE FOLLOWING WEATHER WAS RECORDED TODAY.
  LIGHT RAIN
  FOG


RELATIVE HUMIDITY (PERCENT)
 HIGHEST   100           300 AM
 LOWEST     85           100 AM
 AVERAGE    93

..........................................................


THE BINGHAMTON NY CLIMATE NORMALS FOR TOMORROW
                         NORMAL    RECORD    YEAR
 MAXIMUM TEMPERATURE (F)   29        58      1959
 MINIMUM TEMPERATURE (F)   15       -15      1985


SUNRISE AND SUNSET
JANUARY 20 2017.......SUNRISE   727 AM EST   SUNSET   503 PM EST
JANUARY 21 2017.......SUNRISE   726 AM EST   SUNSET   505 PM EST


-  INDICATES NEGATIVE NUMBERS.
R  INDICATES RECORD WAS SET OR TIED.
MM INDICATES DATA IS MISSING.
T  INDICATES TRACE AMOUNT.

$$
