000
CDUS41 KBGM 092226
CLIBGM


CLIMATE REPORT
NATIONAL WEATHER SERVICE BINGHAMTON NY
525 PM EST TUE FEB 9 2016


...................................

...THE BINGHAMTON NY CLIMATE SUMMARY FOR FEBRUARY 9 2016...
VALID TODAY AS OF 0500 PM LOCAL TIME.

CLIMATE NORMAL PERIOD 1981 TO 2010
CLIMATE RECORD PERIOD 1951 TO 2016


WEATHER ITEM   OBSERVED TIME   RECORD YEAR NORMAL DEPARTURE LAST
                VALUE   (LST)  VALUE       VALUE  FROM      YEAR
                                                  NORMAL
..................................................................
TEMPERATURE (F)
 TODAY
  MAXIMUM         32    459 PM  51    2001  31      1       28
  MINIMUM         24    828 AM  -5    1979  17      7       19
  AVERAGE         28                        24      4       24

PRECIPITATION (IN)
  TODAY            0.05          0.53 2005   0.08  -0.03     0.32
  MONTH TO DATE    0.83                      0.72   0.11     1.31
  SINCE DEC 1      5.75                      6.00  -0.25     6.54
  SINCE JAN 1      2.14                      3.17  -1.03     3.24

SNOWFALL (IN)
  TODAY            0.6           4.6  1969   0.6    0.0      2.4
  MONTH TO DATE    0.6                       5.5   -4.9     21.3
  SINCE DEC 1     13.0                      45.5  -32.5     50.5
  SINCE JUL 1     14.1                      52.3  -38.2     64.2
  SNOW DEPTH       T

DEGREE DAYS
 HEATING
  TODAY           37                        41     -4       41
  MONTH TO DATE  276                       377   -101      419
  SINCE DEC 1   2284                      2874   -590     2948
  SINCE JUL 1   3554                      4449   -895     4483

 COOLING
  TODAY            0                         0      0        0
  MONTH TO DATE    0                         0      0        0
  SINCE DEC 1      0                         0      0        0
  SINCE JAN 1      0                         0      0        0
..................................................................


WIND (MPH)
  HIGHEST WIND SPEED    13   HIGHEST WIND DIRECTION    SE (150)
  HIGHEST GUST SPEED    15   HIGHEST GUST DIRECTION    SE (150)
  AVERAGE WIND SPEED     7.2


SKY COVER
  AVERAGE SKY COVER 0.9


WEATHER CONDITIONS
 THE FOLLOWING WEATHER WAS RECORDED TODAY.
  LIGHT SNOW
  FOG
  HAZE


RELATIVE HUMIDITY (PERCENT)
 HIGHEST    92           100 AM
 LOWEST     78           300 PM
 AVERAGE    85

..........................................................


THE BINGHAMTON NY CLIMATE NORMALS FOR TOMORROW
                         NORMAL    RECORD    YEAR
 MAXIMUM TEMPERATURE (F)   31        52      2001
 MINIMUM TEMPERATURE (F)   17        -9      1962


SUNRISE AND SUNSET
FEBRUARY  9 2016......SUNRISE   709 AM EST   SUNSET   528 PM EST
FEBRUARY 10 2016......SUNRISE   707 AM EST   SUNSET   529 PM EST


-  INDICATES NEGATIVE NUMBERS.
R  INDICATES RECORD WAS SET OR TIED.
MM INDICATES DATA IS MISSING.
T  INDICATES TRACE AMOUNT.

$$
