000
CDUS41 KBGM 222224
CLIBGM


CLIMATE REPORT
NATIONAL WEATHER SERVICE BINGHAMTON NY
523 PM EST MON JAN 22 2018


...................................

...THE BINGHAMTON NY CLIMATE SUMMARY FOR JANUARY 22 2018...
VALID TODAY AS OF 0500 PM LOCAL TIME.

CLIMATE NORMAL PERIOD 1981 TO 2010
CLIMATE RECORD PERIOD 1951 TO 2018


WEATHER ITEM   OBSERVED TIME   RECORD YEAR NORMAL DEPARTURE LAST
                VALUE   (LST)  VALUE       VALUE  FROM      YEAR
                                                  NORMAL
..................................................................
TEMPERATURE (F)
 TODAY
  MAXIMUM         43    439 PM  58    1959  29     14       56
  MINIMUM         35    858 AM -13    2005  15     20       34
  AVERAGE         39                        22     17       45

PRECIPITATION (IN)
  TODAY            0.13          0.63 1987   0.08   0.05     0.00
  MONTH TO DATE    2.33                      1.75   0.58     2.32
  SINCE DEC 1      3.74                      4.58  -0.84     5.91
  SINCE JAN 1      2.33                      1.75   0.58     2.32

SNOWFALL (IN)
  TODAY            0.0          10.9  1987   0.7   -0.7      0.0
  MONTH TO DATE   13.2                      16.0   -2.8      1.1
  SINCE DEC 1     24.5                      33.8   -9.3     30.9
  SINCE JUL 1     26.3                      40.6  -14.3     59.5
  SNOW DEPTH       4

DEGREE DAYS
 HEATING
  TODAY           26                        43    -17       20
  MONTH TO DATE 1007                       940     67      819
  SINCE DEC 1   2279                      2110    169     1995
  SINCE JUL 1   3677                      3685     -8     3344

 COOLING
  TODAY            0                         0      0        0
  MONTH TO DATE    0                         0      0        0
  SINCE DEC 1      0                         0      0        0
  SINCE JAN 1      0                         0      0        0
..................................................................


WIND (MPH)
  HIGHEST WIND SPEED    14   HIGHEST WIND DIRECTION    SE (140)
  HIGHEST GUST SPEED    18   HIGHEST GUST DIRECTION    SE (140)
  AVERAGE WIND SPEED     5.1


SKY COVER
  AVERAGE SKY COVER 1.0


WEATHER CONDITIONS
 THE FOLLOWING WEATHER WAS RECORDED TODAY.
  LIGHT RAIN
  FOG
  FOG W/VISIBILITY <= 1/4 MILE


RELATIVE HUMIDITY (PERCENT)
 HIGHEST   100          1200 AM
 LOWEST    100          1200 AM
 AVERAGE   100

..........................................................


THE BINGHAMTON NY CLIMATE NORMALS FOR TOMORROW
                         NORMAL    RECORD    YEAR
 MAXIMUM TEMPERATURE (F)   29        56      1967
 MINIMUM TEMPERATURE (F)   15       -13      1976


SUNRISE AND SUNSET
JANUARY 22 2018.......SUNRISE   726 AM EST   SUNSET   506 PM EST
JANUARY 23 2018.......SUNRISE   725 AM EST   SUNSET   507 PM EST


-  INDICATES NEGATIVE NUMBERS.
R  INDICATES RECORD WAS SET OR TIED.
MM INDICATES DATA IS MISSING.
T  INDICATES TRACE AMOUNT.




$$
