000
CDUS41 KBGM 290803
CLIBGM


CLIMATE REPORT
NATIONAL WEATHER SERVICE BINGHAMTON NY
403 AM EDT TUE JUL 29 2014


...................................

...THE BINGHAMTON NY CLIMATE SUMMARY FOR JULY 28 2014...

CLIMATE NORMAL PERIOD 1981 TO 2010
CLIMATE RECORD PERIOD 1951 TO 2014


WEATHER ITEM   OBSERVED TIME   RECORD YEAR NORMAL DEPARTURE LAST
                VALUE   (LST)  VALUE       VALUE  FROM      YEAR
                                                  NORMAL
..................................................................
TEMPERATURE (F)
 YESTERDAY
  MAXIMUM         72   1144 AM  89    1964  78     -6       73
  MINIMUM         55   1157 PM  48    2001  60     -5       59
                                      1971
  AVERAGE         64                        69     -5       66

PRECIPITATION (IN)
  YESTERDAY        0.01          0.73 1982   0.12  -0.11     0.16
  MONTH TO DATE    3.84                      3.35   0.49     6.52
  SINCE JUN 1      8.21                      7.66   0.55    11.76
  SINCE JAN 1     23.57                     22.41   1.16    24.92

SNOWFALL (IN)
  YESTERDAY        0.0           0.0  2002   0.0    0.0      0.0
                                      2000
                                      2001
  MONTH TO DATE    T                         0.0    0.0      0.0
  SINCE JUN 1      T                         0.0    0.0      0.0
  SINCE JUL 1      T                         0.0    0.0      0.0
  SNOW DEPTH       0

DEGREE DAYS
 HEATING
  YESTERDAY        1                         1      0        0
  MONTH TO DATE   15                        28    -13       12
  SINCE JUN 1     60                       119    -59       99
  SINCE JUL 1     15                        28    -13       12

 COOLING
  YESTERDAY        0                         4     -4        1
  MONTH TO DATE  123                       129     -6      220
  SINCE JUN 1    208                       203      5      303
  SINCE JAN 1    233                       226      7      346
..................................................................


WIND (MPH)
  HIGHEST WIND SPEED    23   HIGHEST WIND DIRECTION     N (350)
  HIGHEST GUST SPEED    30   HIGHEST GUST DIRECTION     N (350)
  AVERAGE WIND SPEED     7.9


SKY COVER
  AVERAGE SKY COVER 0.9


WEATHER CONDITIONS
 THE FOLLOWING WEATHER WAS RECORDED YESTERDAY.
  LIGHT RAIN
  FOG
  FOG W/VISIBILITY <= 1/4 MILE


RELATIVE HUMIDITY (PERCENT)
 HIGHEST    93           100 AM
 LOWEST     73          1200 PM
 AVERAGE    83

..........................................................


THE BINGHAMTON NY CLIMATE NORMALS FOR TODAY
                         NORMAL    RECORD    YEAR
 MAXIMUM TEMPERATURE (F)   78        90      1959
 MINIMUM TEMPERATURE (F)   60        50      1987
                                             1978


SUNRISE AND SUNSET
JULY 29 2014..........SUNRISE   554 AM EDT   SUNSET   826 PM EDT
JULY 30 2014..........SUNRISE   555 AM EDT   SUNSET   825 PM EDT


-  INDICATES NEGATIVE NUMBERS.
R  INDICATES RECORD WAS SET OR TIED.
MM INDICATES DATA IS MISSING.
T  INDICATES TRACE AMOUNT.




$$

HEDEN
