000
CDUS41 KBGM 290602
CLIBGM


CLIMATE REPORT
NATIONAL WEATHER SERVICE BINGHAMTON NY
202 AM EDT SUN MAY 29 2016


...................................

...THE BINGHAMTON NY CLIMATE SUMMARY FOR MAY 28 2016...

CLIMATE NORMAL PERIOD 1981 TO 2010
CLIMATE RECORD PERIOD 1951 TO 2016


WEATHER ITEM   OBSERVED TIME   RECORD YEAR NORMAL DEPARTURE LAST
                VALUE   (LST)  VALUE       VALUE  FROM      YEAR
                                                  NORMAL
..................................................................
TEMPERATURE (F)
 YESTERDAY
  MAXIMUM         88R   357 PM  87    2012  69     19       73
  MINIMUM         63    527 AM  35    1994  50     13       60
  AVERAGE         76                        59     17       67

PRECIPITATION (IN)
  YESTERDAY        0.00          1.68 1984   0.12  -0.12     0.00
  MONTH TO DATE    2.80                      3.19  -0.39     3.02
  SINCE MAR 1      7.03                      9.61  -2.58     9.22
  SINCE JAN 1     12.34                     14.37  -2.03    13.16

SNOWFALL (IN)
  YESTERDAY        0.0           0.0  2002   0.0    0.0      0.0
                                      2001
  MONTH TO DATE    T                         0.1   -0.1      0.0
  SINCE MAR 1     10.3                      19.5   -9.2     17.6
  SINCE JUL 1     32.0                      83.4  -51.4     93.4
  SNOW DEPTH       0

DEGREE DAYS
 HEATING
  YESTERDAY        0                         7     -7        0
  MONTH TO DATE  321                       287     34      148
  SINCE MAR 1   1771                      1887   -116     1921
  SINCE JUL 1   6129                      7086   -957     7453

 COOLING
  YESTERDAY       11                         1     10        2
  MONTH TO DATE   26                        16     10       64
  SINCE MAR 1     26                        20      6       64
  SINCE JAN 1     26                        20      6       64
..................................................................


WIND (MPH)
  HIGHEST WIND SPEED    10   HIGHEST WIND DIRECTION     W (280)
  HIGHEST GUST SPEED    14   HIGHEST GUST DIRECTION     W (280)
  AVERAGE WIND SPEED     3.7


SKY COVER
  AVERAGE SKY COVER 0.0


WEATHER CONDITIONS
 THE FOLLOWING WEATHER WAS RECORDED YESTERDAY.
  FOG
  HAZE


RELATIVE HUMIDITY (PERCENT)
 HIGHEST   100           300 AM
 LOWEST     36           400 PM
 AVERAGE    68

..........................................................


THE BINGHAMTON NY CLIMATE NORMALS FOR TODAY
                         NORMAL    RECORD    YEAR
 MAXIMUM TEMPERATURE (F)   69        87      1987
                                             1969
 MINIMUM TEMPERATURE (F)   50        38      2008
                                             1964
                                             1953


SUNRISE AND SUNSET
MAY 29 2016...........SUNRISE   531 AM EDT   SUNSET   832 PM EDT
MAY 30 2016...........SUNRISE   531 AM EDT   SUNSET   833 PM EDT


-  INDICATES NEGATIVE NUMBERS.
R  INDICATES RECORD WAS SET OR TIED.
MM INDICATES DATA IS MISSING.
T  INDICATES TRACE AMOUNT.




$$
