000
CDUS41 KBGM 280545
CLIBGM


CLIMATE REPORT
NATIONAL WEATHER SERVICE BINGHAMTON NY
144 AM EDT FRI APR 28 2017


...................................

...THE BINGHAMTON NY CLIMATE SUMMARY FOR APRIL 27 2017...

CLIMATE NORMAL PERIOD 1981 TO 2010
CLIMATE RECORD PERIOD 1951 TO 2017


WEATHER ITEM   OBSERVED TIME   RECORD YEAR NORMAL DEPARTURE LAST
                VALUE   (LST)  VALUE       VALUE  FROM      YEAR
                                                  NORMAL
..................................................................
TEMPERATURE (F)
 YESTERDAY
  MAXIMUM         76    308 PM  89    2009  59     17       54
  MINIMUM         53    312 AM  28    2002  40     13       29
                                      1998
                                      1993
  AVERAGE         65                        50     15       42

PRECIPITATION (IN)
  YESTERDAY        0.48          0.90 1988   0.11   0.37     0.00
  MONTH TO DATE    5.43                      3.09   2.34     2.58
  SINCE MAR 1     11.03                      6.08   4.95     3.98
  SINCE JAN 1     17.30                     10.84   6.46     9.29

SNOWFALL (IN)
  YESTERDAY        0.0           0.3  2012   0.0    0.0      0.0
  MONTH TO DATE    2.1                       4.1   -2.0      9.3
  SINCE MAR 1     41.7                      19.2   22.5     10.3
  SINCE JUL 1    135.2                      83.1   52.1     32.0
  SNOW DEPTH       0

DEGREE DAYS
 HEATING
  YESTERDAY        0                        16    -16       23
  MONTH TO DATE  411                       558   -147      618
  SINCE MAR 1   1523                      1555    -32     1389
  SINCE JUL 1   6136                      6754   -618     5747

 COOLING
  YESTERDAY        0                         0      0        0
  MONTH TO DATE    4                         0      4        0
  SINCE MAR 1      4                         0      4        0
  SINCE JAN 1      4                         0      4        0
..................................................................


WIND (MPH)
  HIGHEST WIND SPEED    20   HIGHEST WIND DIRECTION     W (260)
  HIGHEST GUST SPEED    27   HIGHEST GUST DIRECTION     S (190)
  AVERAGE WIND SPEED    10.0


SKY COVER
  AVERAGE SKY COVER 0.4


WEATHER CONDITIONS
 THE FOLLOWING WEATHER WAS RECORDED YESTERDAY.
  THUNDERSTORM
  HEAVY RAIN
  RAIN
  LIGHT RAIN
  FOG


RELATIVE HUMIDITY (PERCENT)
 HIGHEST   100           200 AM
 LOWEST     50           400 PM
 AVERAGE    75

..........................................................


THE BINGHAMTON NY CLIMATE NORMALS FOR TODAY
                         NORMAL    RECORD    YEAR
 MAXIMUM TEMPERATURE (F)   60        88      1990
 MINIMUM TEMPERATURE (F)   40        26      2012


SUNRISE AND SUNSET
APRIL 28 2017.........SUNRISE   603 AM EDT   SUNSET   800 PM EDT
APRIL 29 2017.........SUNRISE   602 AM EDT   SUNSET   801 PM EDT


-  INDICATES NEGATIVE NUMBERS.
R  INDICATES RECORD WAS SET OR TIED.
MM INDICATES DATA IS MISSING.
T  INDICATES TRACE AMOUNT.




$$
