000
CDUS41 KBGM 090546
CLIBGM


CLIMATE REPORT
NATIONAL WEATHER SERVICE BINGHAMTON NY
146 AM EDT WED JUL 9 2014


...................................

...THE BINGHAMTON NY CLIMATE SUMMARY FOR JULY 8 2014...

CLIMATE NORMAL PERIOD 1981 TO 2010
CLIMATE RECORD PERIOD 1951 TO 2014


WEATHER ITEM   OBSERVED TIME   RECORD YEAR NORMAL DEPARTURE LAST
                VALUE   (LST)  VALUE       VALUE  FROM      YEAR
                                                  NORMAL
..................................................................
TEMPERATURE (F)
 YESTERDAY
  MAXIMUM         82        MM  95    1988  78      4       81
  MINIMUM         66        MM  45    1963  59      7       66
  AVERAGE         74                        68      6       74

PRECIPITATION (IN)
  YESTERDAY        0.08          1.23 1998   0.13  -0.05     0.08
  MONTH TO DATE    0.53                      0.98  -0.45     3.72
  SINCE JUN 1      4.90                      5.29  -0.39     8.96
  SINCE JAN 1     20.26                     20.04   0.22    22.12

SNOWFALL (IN)
  YESTERDAY        0.0           0.0  2002   0.0    0.0      0.0
                                      2000
                                      2001
  MONTH TO DATE    0.0                       0.0    0.0      0.0
  SINCE JUN 1      0.0                       0.0    0.0      0.0
  SINCE JUL 1      0.0                       0.0    0.0      0.0
  SNOW DEPTH       0

DEGREE DAYS
 HEATING
  YESTERDAY        0                         1     -1        0
  MONTH TO DATE    3                         8     -5        0
  SINCE JUN 1     48                        99    -51       87
  SINCE JUL 1      3                         8     -5        0

 COOLING
  YESTERDAY        9                         4      5        9
  MONTH TO DATE   51                        32     19       81
  SINCE JUN 1    136                       106     30      164
  SINCE JAN 1    161                       129     32      207
..................................................................


WIND (MPH)
  HIGHEST WIND SPEED    18   HIGHEST WIND DIRECTION    SW (220)
  HIGHEST GUST SPEED    27   HIGHEST GUST DIRECTION    SW (210)
  AVERAGE WIND SPEED    10.6


SKY COVER
  AVERAGE SKY COVER 0.4


WEATHER CONDITIONS
 THE FOLLOWING WEATHER WAS RECORDED YESTERDAY.
  THUNDERSTORM
  LIGHT RAIN
  FOG


RELATIVE HUMIDITY (PERCENT)
 HIGHEST    93           400 AM
 LOWEST     58           200 PM
 AVERAGE    76

..........................................................


THE BINGHAMTON NY CLIMATE NORMALS FOR TODAY
                         NORMAL    RECORD    YEAR
 MAXIMUM TEMPERATURE (F)   78        95      1988
 MINIMUM TEMPERATURE (F)   60        39      1963


SUNRISE AND SUNSET
JULY  9 2014..........SUNRISE   536 AM EDT   SUNSET   842 PM EDT
JULY 10 2014..........SUNRISE   537 AM EDT   SUNSET   841 PM EDT


-  INDICATES NEGATIVE NUMBERS.
R  INDICATES RECORD WAS SET OR TIED.
MM INDICATES DATA IS MISSING.
T  INDICATES TRACE AMOUNT.




$$
