000
CDUS41 KBGM 220220
CLIBGM


CLIMATE REPORT
NATIONAL WEATHER SERVICE BINGHAMTON NY
1019 PM EDT MON APR 21 2014


...................................

...THE BINGHAMTON NY CLIMATE SUMMARY FOR APRIL 21 2014...
VALID AS OF 1000 PM LOCAL TIME.

CLIMATE NORMAL PERIOD 1981 TO 2010
CLIMATE RECORD PERIOD 1951 TO 2014


WEATHER ITEM   OBSERVED TIME   RECORD YEAR NORMAL DEPARTURE LAST
                VALUE   (LST)  VALUE       VALUE  FROM      YEAR
                                                  NORMAL
..................................................................
TEMPERATURE (F)
 TODAY
  MAXIMUM         71    334 PM  82    1985  57     14       46
                                      1976
  MINIMUM         39    540 AM  21    1956  38      1       27
  AVERAGE         55                        47      8       37

PRECIPITATION (IN)
  TODAY            0.00          1.05 1958   0.11  -0.11      T
  MONTH TO DATE    1.67                      2.43  -0.76     2.88
  SINCE MAR 1      4.35                      5.42  -1.07     4.78
  SINCE JAN 1     10.04                     10.18  -0.14     9.33

SNOWFALL (IN)
  TODAY            0.0           0.9  1983   0.1   -0.1       T
  MONTH TO DATE    1.0                       3.6   -2.6      0.9
  SINCE MAR 1      2.9                      18.7  -15.8     15.3
  SINCE JUL 1     85.4                      82.6    2.8     69.1
  SNOW DEPTH       0

DEGREE DAYS
 HEATING
  TODAY           10                        18     -8       28
  MONTH TO DATE  424                       459    -35      475
  SINCE MAR 1   1624                      1456    168     1546
  SINCE JUL 1   7095                      6655    440     6430

 COOLING
  TODAY            0                         0      0        0
  MONTH TO DATE    2                         0      2        0
  SINCE MAR 1      2                         0      2        0
  SINCE JAN 1      2                         0      2        0
..................................................................


WIND (MPH)
  HIGHEST WIND SPEED    13   HIGHEST WIND DIRECTION    SW (240)
  HIGHEST GUST SPEED    18   HIGHEST GUST DIRECTION    SW (240)
  AVERAGE WIND SPEED     6.1


SKY COVER
  AVERAGE SKY COVER 0.0


WEATHER CONDITIONS
 THE FOLLOWING WEATHER WAS RECORDED TODAY.
  NO SIGNIFICANT WEATHER WAS OBSERVED.


RELATIVE HUMIDITY (PERCENT)
 HIGHEST    64           600 AM
 LOWEST     18           700 PM
 AVERAGE    41

..........................................................


THE BINGHAMTON NY CLIMATE NORMALS FOR TOMORROW
                         NORMAL    RECORD    YEAR
 MAXIMUM TEMPERATURE (F)   57        83      1985
 MINIMUM TEMPERATURE (F)   38        22      1975


SUNRISE AND SUNSET
APRIL 21 2014.........SUNRISE   614 AM EDT   SUNSET   752 PM EDT
APRIL 22 2014.........SUNRISE   612 AM EDT   SUNSET   753 PM EDT


-  INDICATES NEGATIVE NUMBERS.
R  INDICATES RECORD WAS SET OR TIED.
MM INDICATES DATA IS MISSING.
T  INDICATES TRACE AMOUNT.




$$
