000
CDUS41 KBGM 210225
CLIBGM


CLIMATE REPORT
NATIONAL WEATHER SERVICE BINGHAMTON NY
1024 PM EDT SAT SEP 20 2014


...................................

...THE BINGHAMTON NY CLIMATE SUMMARY FOR SEPTEMBER 20 2014...
VALID AS OF 1000 PM LOCAL TIME.

CLIMATE NORMAL PERIOD 1981 TO 2010
CLIMATE RECORD PERIOD 1951 TO 2014


WEATHER ITEM   OBSERVED TIME   RECORD YEAR NORMAL DEPARTURE LAST
                VALUE   (LST)  VALUE       VALUE  FROM      YEAR
                                                  NORMAL
..................................................................
TEMPERATURE (F)
 TODAY
  MAXIMUM         69    405 PM  89    1983  67      2       74
  MINIMUM         52    103 AM  29    1993  49      3       51
  AVERAGE         61                        58      3       63

PRECIPITATION (IN)
  TODAY            0.00          0.90 1977   0.13  -0.13     0.00
  MONTH TO DATE    1.73                      2.38  -0.65     2.36
  SINCE SEP 1      1.73                      2.38  -0.65     2.36
  SINCE JAN 1     30.76                     28.59   2.17    32.65

SNOWFALL (IN)
  TODAY            0.0           T    1962   0.0    0.0      0.0
  MONTH TO DATE    0.0                       0.0    0.0      0.0
  SINCE SEP 1      0.0                       0.0    0.0      0.0
  SINCE JUL 1      T                         0.0    0.0      0.0
  SNOW DEPTH       0

DEGREE DAYS
 HEATING
  TODAY            4                         8     -4        2
  MONTH TO DATE  114                        98     16      139
  SINCE SEP 1    114                        98     16      139
  SINCE JUL 1    180                       161     19      190

 COOLING
  TODAY            0                         1     -1        0
  MONTH TO DATE   38                        27     11       41
  SINCE SEP 1     38                        27     11       41
  SINCE JAN 1    340                       375    -35      468
..................................................................


WIND (MPH)
  HIGHEST WIND SPEED    17   HIGHEST WIND DIRECTION     S (190)
  HIGHEST GUST SPEED    26   HIGHEST GUST DIRECTION     S (160)
  AVERAGE WIND SPEED    11.0


SKY COVER
  AVERAGE SKY COVER 0.7


WEATHER CONDITIONS
 THE FOLLOWING WEATHER WAS RECORDED TODAY.
  NO SIGNIFICANT WEATHER WAS OBSERVED.


RELATIVE HUMIDITY (PERCENT)
 HIGHEST    93           600 AM
 LOWEST     68           400 PM
 AVERAGE    81

..........................................................


THE BINGHAMTON NY CLIMATE NORMALS FOR TOMORROW
                         NORMAL    RECORD    YEAR
 MAXIMUM TEMPERATURE (F)   66        83      1980
                                             1978
                                             1965
 MINIMUM TEMPERATURE (F)   49        31      1956


SUNRISE AND SUNSET
SEPTEMBER 20 2014.....SUNRISE   649 AM EDT   SUNSET   705 PM EDT
SEPTEMBER 21 2014.....SUNRISE   650 AM EDT   SUNSET   703 PM EDT


-  INDICATES NEGATIVE NUMBERS.
R  INDICATES RECORD WAS SET OR TIED.
MM INDICATES DATA IS MISSING.
T  INDICATES TRACE AMOUNT.

$$
