000
CDUS41 KBGM 160608
CLIBGM


CLIMATE REPORT
NATIONAL WEATHER SERVICE BINGHAMTON NY
207 AM EDT WED AUG 16 2017


...................................

...THE BINGHAMTON NY CLIMATE SUMMARY FOR AUGUST 15 2017...

CLIMATE NORMAL PERIOD 1981 TO 2010
CLIMATE RECORD PERIOD 1951 TO 2017


WEATHER ITEM   OBSERVED TIME   RECORD YEAR NORMAL DEPARTURE LAST
                VALUE   (LST)  VALUE       VALUE  FROM      YEAR
                                                  NORMAL
..................................................................
TEMPERATURE (F)
 YESTERDAY
  MAXIMUM         78    322 PM  92    1965  77      1       76
                                      1959
  MINIMUM         60   1126 PM  47    1964  59      1       66
                                      1963
  AVERAGE         69                        68      1       71

PRECIPITATION (IN)
  YESTERDAY        0.37          0.56 1976   0.11   0.26      T
  MONTH TO DATE    1.52                      1.67  -0.15     3.46
  SINCE JUN 1     14.19                      9.68   4.51     9.39
  SINCE JAN 1     38.64                     24.43  14.21    21.78

SNOWFALL (IN)
  YESTERDAY        0.0           0.0  2002   0.0    0.0      0.0
                                      2001
                                      2000
  MONTH TO DATE    0.0                       0.0    0.0      0.0
  SINCE JUN 1      T                         0.0    0.0      0.0
  SINCE JUL 1      0.0                       0.0    0.0      0.0
  SNOW DEPTH       0

DEGREE DAYS
 HEATING
  YESTERDAY        0                         1     -1        0
  MONTH TO DATE   16                        15      1        0
  SINCE JUN 1    119                       130    -11       72
  SINCE JUL 1     24                        39    -15        3

 COOLING
  YESTERDAY        4                         4      0        6
  MONTH TO DATE   40                        60    -20      109
  SINCE JUN 1    220                       272    -52      389
  SINCE JAN 1    241                       295    -54      435
..................................................................


WIND (MPH)
  HIGHEST WIND SPEED    21   HIGHEST WIND DIRECTION     N (340)
  HIGHEST GUST SPEED    23   HIGHEST GUST DIRECTION    NW (330)
  AVERAGE WIND SPEED     6.1


SKY COVER
  AVERAGE SKY COVER 0.6


WEATHER CONDITIONS
 THE FOLLOWING WEATHER WAS RECORDED YESTERDAY.
  THUNDERSTORM
  HEAVY RAIN
  RAIN
  LIGHT RAIN
  FOG
  FOG W/VISIBILITY <= 1/4 MILE


RELATIVE HUMIDITY (PERCENT)
 HIGHEST   100           700 PM
 LOWEST     54           300 PM
 AVERAGE    77

..........................................................


THE BINGHAMTON NY CLIMATE NORMALS FOR TODAY
                         NORMAL    RECORD    YEAR
 MAXIMUM TEMPERATURE (F)   77        91      2002
 MINIMUM TEMPERATURE (F)   59        46      1972


SUNRISE AND SUNSET
AUGUST 16 2017........SUNRISE   613 AM EDT   SUNSET   803 PM EDT
AUGUST 17 2017........SUNRISE   614 AM EDT   SUNSET   801 PM EDT


-  INDICATES NEGATIVE NUMBERS.
R  INDICATES RECORD WAS SET OR TIED.
MM INDICATES DATA IS MISSING.
T  INDICATES TRACE AMOUNT.




$$
