000
CDUS41 KBGM 310549
CLIBGM


CLIMATE REPORT
NATIONAL WEATHER SERVICE BINGHAMTON NY
149 AM EDT FRI OCT 31 2014


...................................

...THE BINGHAMTON NY CLIMATE SUMMARY FOR OCTOBER 30 2014...

CLIMATE NORMAL PERIOD 1981 TO 2010
CLIMATE RECORD PERIOD 1951 TO 2014


WEATHER ITEM   OBSERVED TIME   RECORD YEAR NORMAL DEPARTURE LAST
                VALUE   (LST)  VALUE       VALUE  FROM      YEAR
                                                  NORMAL
..................................................................
TEMPERATURE (F)
 YESTERDAY
  MAXIMUM         46    310 PM  71    1999  52     -6       57
  MINIMUM         36   1106 PM  24    1988  36      0       36
                                      1978
  AVERAGE         41                        44     -3       47

PRECIPITATION (IN)
  YESTERDAY        T             1.95 1955   0.11  -0.11     0.01
  MONTH TO DATE    3.29                      3.23   0.06     2.22
  SINCE SEP 1      5.20                      6.86  -1.66     5.13
  SINCE JAN 1     34.23                     33.07   1.16    35.42

SNOWFALL (IN)
  YESTERDAY        0.0           4.7  1993   0.1   -0.1      0.0
  MONTH TO DATE    T                         0.9   -0.9       T
  SINCE SEP 1      T                         0.9   -0.9       T
  SINCE JUL 1      T                         0.9   -0.9       T
  SNOW DEPTH       0

DEGREE DAYS
 HEATING
  YESTERDAY       24                        21      3       18
  MONTH TO DATE  396                       493    -97      378
  SINCE SEP 1    557                       687   -130      619
  SINCE JUL 1    623                       750   -127      670

 COOLING
  YESTERDAY        0                         0      0        0
  MONTH TO DATE    1                         0      1       12
  SINCE SEP 1     39                        31      8       53
  SINCE JAN 1    341                       379    -38      480
..................................................................


WIND (MPH)
  HIGHEST WIND SPEED    14   HIGHEST WIND DIRECTION     N (350)
  HIGHEST GUST SPEED    18   HIGHEST GUST DIRECTION    NW (320)
  AVERAGE WIND SPEED     6.7


SKY COVER
  AVERAGE SKY COVER 0.8


WEATHER CONDITIONS
 THE FOLLOWING WEATHER WAS RECORDED YESTERDAY.
  NO SIGNIFICANT WEATHER WAS OBSERVED.


RELATIVE HUMIDITY (PERCENT)
 HIGHEST    79           500 AM
 LOWEST     58           400 PM
 AVERAGE    69

..........................................................


THE BINGHAMTON NY CLIMATE NORMALS FOR TODAY
                         NORMAL    RECORD    YEAR
 MAXIMUM TEMPERATURE (F)   52        70      2003
 MINIMUM TEMPERATURE (F)   36        19      1988


SUNRISE AND SUNSET
OCTOBER 31 2014.......SUNRISE   736 AM EDT   SUNSET   559 PM EDT
NOVEMBER  1 2014......SUNRISE   737 AM EDT   SUNSET   558 PM EDT


-  INDICATES NEGATIVE NUMBERS.
R  INDICATES RECORD WAS SET OR TIED.
MM INDICATES DATA IS MISSING.
T  INDICATES TRACE AMOUNT.




$$
