936
CDUS41 KBGM 290622
CLIBGM


CLIMATE REPORT
NATIONAL WEATHER SERVICE BINGHAMTON NY
222 AM EDT WED JUN 29 2016


...................................

...THE BINGHAMTON NY CLIMATE SUMMARY FOR JUNE 28 2016...

CLIMATE NORMAL PERIOD 1981 TO 2010
CLIMATE RECORD PERIOD 1951 TO 2016


WEATHER ITEM   OBSERVED TIME   RECORD YEAR NORMAL DEPARTURE LAST
                VALUE   (LST)  VALUE       VALUE  FROM      YEAR
                                                  NORMAL
..................................................................
TEMPERATURE (F)
 YESTERDAY
  MAXIMUM         82   1200 PM  92    1991  76      6       63
  MINIMUM         59   1159 PM  47    1970  58      1       52
  AVERAGE         71                        67      4       58

PRECIPITATION (IN)
  YESTERDAY        1.20          2.28 1999   0.13   1.07     0.82
  MONTH TO DATE    3.04                      4.03  -0.99     8.63
  SINCE JUN 1      3.04                      4.03  -0.99     8.63
  SINCE JAN 1     15.43                     18.78  -3.35    22.18

SNOWFALL (IN)
  YESTERDAY        0.0           0.0  2002   0.0    0.0      0.0
                                      2001
  MONTH TO DATE    0.0                       0.0    0.0      0.0
  SINCE JUN 1      0.0                       0.0    0.0      0.0
  SINCE JUL 1     32.0                      83.4  -51.4     93.4
  SNOW DEPTH       0

DEGREE DAYS
 HEATING
  YESTERDAY        0                         1     -1        7
  MONTH TO DATE   69                        88    -19       75
  SINCE JUN 1     69                        88    -19       75
  SINCE JUL 1   6198                      7192   -994     7533

 COOLING
  YESTERDAY        6                         4      2        0
  MONTH TO DATE   63                        66     -3       50
  SINCE JUN 1     63                        66     -3       50
  SINCE JAN 1    109                        89     20      123
..................................................................


WIND (MPH)
  HIGHEST WIND SPEED    22   HIGHEST WIND DIRECTION     W (250)
  HIGHEST GUST SPEED    31   HIGHEST GUST DIRECTION     S (170)
  AVERAGE WIND SPEED     7.1


SKY COVER
  AVERAGE SKY COVER 0.9


WEATHER CONDITIONS
 THE FOLLOWING WEATHER WAS RECORDED YESTERDAY.
  THUNDERSTORM
  HEAVY RAIN
  RAIN
  LIGHT RAIN
  FOG
  FOG W/VISIBILITY <= 1/4 MILE
  HAZE


RELATIVE HUMIDITY (PERCENT)
 HIGHEST   100          1200 AM
 LOWEST     84           800 AM
 AVERAGE    92

..........................................................


THE BINGHAMTON NY CLIMATE NORMALS FOR TODAY
                         NORMAL    RECORD    YEAR
 MAXIMUM TEMPERATURE (F)   77        90      2012
 MINIMUM TEMPERATURE (F)   58        46      1988


SUNRISE AND SUNSET
JUNE 29 2016..........SUNRISE   531 AM EDT   SUNSET   844 PM EDT
JUNE 30 2016..........SUNRISE   531 AM EDT   SUNSET   844 PM EDT


-  INDICATES NEGATIVE NUMBERS.
R  INDICATES RECORD WAS SET OR TIED.
MM INDICATES DATA IS MISSING.
T  INDICATES TRACE AMOUNT.




$$
