000
CDUS41 KBGM 200642
CLIBGM


CLIMATE REPORT
NATIONAL WEATHER SERVICE BINGHAMTON NY
142 AM EST SAT DEC 20 2014


...................................

...THE BINGHAMTON NY CLIMATE SUMMARY FOR DECEMBER 19 2014...

CLIMATE NORMAL PERIOD 1981 TO 2010
CLIMATE RECORD PERIOD 1951 TO 2014


WEATHER ITEM   OBSERVED TIME   RECORD YEAR NORMAL DEPARTURE LAST
                VALUE   (LST)  VALUE       VALUE  FROM      YEAR
                                                  NORMAL
..................................................................
TEMPERATURE (F)
 YESTERDAY
  MAXIMUM         27    153 AM  53    1957  32     -5       39
  MINIMUM         21   1216 PM  -2    1973  20      1       23
  AVERAGE         24                        26     -2       31

PRECIPITATION (IN)
  YESTERDAY        0.02          0.44 2008   0.08  -0.06     0.00
  MONTH TO DATE    2.20                      1.83   0.37     1.34
  SINCE DEC 1      2.20                      1.83   0.37     1.34
  SINCE JAN 1     38.53                     38.30   0.23    40.85

SNOWFALL (IN)
  YESTERDAY        0.4           7.0  1995   0.6   -0.2      0.0
  MONTH TO DATE   11.6                      10.2    1.4     16.2
  SINCE DEC 1     11.6                      10.2    1.4     16.2
  SINCE JUL 1     25.3                      17.0    8.3     24.4
  SNOW DEPTH       T

DEGREE DAYS
 HEATING
  YESTERDAY       41                        39      2       34
  MONTH TO DATE  682                       683     -1      741
  SINCE DEC 1    682                       683     -1      741
  SINCE JUL 1   2217                      2258    -41     2332

 COOLING
  YESTERDAY        0                         0      0        0
  MONTH TO DATE    0                         0      0        0
  SINCE DEC 1      0                         0      0        0
  SINCE JAN 1    341                       381    -40      480
..................................................................


WIND (MPH)
  HIGHEST WIND SPEED    18   HIGHEST WIND DIRECTION     N (340)
  HIGHEST GUST SPEED    25   HIGHEST GUST DIRECTION    NW (320)
  AVERAGE WIND SPEED    10.3


SKY COVER
  AVERAGE SKY COVER 1.0


WEATHER CONDITIONS
 THE FOLLOWING WEATHER WAS RECORDED YESTERDAY.
  LT FREEZING RAIN
  LIGHT SNOW
  FOG


RELATIVE HUMIDITY (PERCENT)
 HIGHEST   100          1200 AM
 LOWEST     88           500 AM
 AVERAGE    94

..........................................................


THE BINGHAMTON NY CLIMATE NORMALS FOR TODAY
                         NORMAL    RECORD    YEAR
 MAXIMUM TEMPERATURE (F)   32        58      1957
 MINIMUM TEMPERATURE (F)   20        -6      2004
                                             1955


SUNRISE AND SUNSET
DECEMBER 20 2014......SUNRISE   729 AM EST   SUNSET   434 PM EST
DECEMBER 21 2014......SUNRISE   729 AM EST   SUNSET   435 PM EST


-  INDICATES NEGATIVE NUMBERS.
R  INDICATES RECORD WAS SET OR TIED.
MM INDICATES DATA IS MISSING.
T  INDICATES TRACE AMOUNT.




$$

HEDEN
