737
CDUS41 KBGM 250221
CLIBGM


CLIMATE REPORT
NATIONAL WEATHER SERVICE BINGHAMTON NY
1020 PM EDT FRI MAR 24 2017


...................................

...THE BINGHAMTON NY CLIMATE SUMMARY FOR MARCH 24 2017...
VALID AS OF 1000 PM LOCAL TIME.

CLIMATE NORMAL PERIOD 1981 TO 2010
CLIMATE RECORD PERIOD 1951 TO 2017


WEATHER ITEM   OBSERVED TIME   RECORD YEAR NORMAL DEPARTURE LAST
                VALUE   (LST)  VALUE       VALUE  FROM      YEAR
                                                  NORMAL
..................................................................
TEMPERATURE (F)
 TODAY
  MAXIMUM         44    859 PM  67    1987  44      0       66
  MINIMUM         27   1208 AM  10    2015  27      0       35
                                      2014
  AVERAGE         36                        36      0       51

PRECIPITATION (IN)
  TODAY            0.40          1.05 1989   0.10   0.30     0.00
  MONTH TO DATE    3.25                      2.24   1.01     0.98
  SINCE MAR 1      3.25                      2.24   1.01     0.98
  SINCE JAN 1      9.52                      7.00   2.52     6.29

SNOWFALL (IN)
  TODAY            T             3.4  1966   0.3   -0.3      0.0
  MONTH TO DATE   39.6                      12.7   26.9      1.0
  SINCE MAR 1     39.6                      12.7   26.9      1.0
  SINCE JUL 1    133.1                      76.6   56.5     22.7
  SNOW DEPTH       8

DEGREE DAYS
 HEATING
  TODAY           29                        29      0       14
  MONTH TO DATE  925                       803    122      619
  SINCE MAR 1    925                       803    122      619
  SINCE JUL 1   5538                      6002   -464     4977

 COOLING
  TODAY            0                         0      0        0
  MONTH TO DATE    0                         0      0        0
  SINCE MAR 1      0                         0      0        0
  SINCE JAN 1      0                         0      0        0
..................................................................


WIND (MPH)
  HIGHEST WIND SPEED    16   HIGHEST WIND DIRECTION     S (190)
  HIGHEST GUST SPEED    22   HIGHEST GUST DIRECTION     S (190)
  AVERAGE WIND SPEED     9.3


SKY COVER
  AVERAGE SKY COVER 0.8


WEATHER CONDITIONS
 THE FOLLOWING WEATHER WAS RECORDED TODAY.
  RAIN
  LIGHT SNOW
  FOG


RELATIVE HUMIDITY (PERCENT)
 HIGHEST   100          1000 AM
 LOWEST     39           100 AM
 AVERAGE    70

..........................................................


THE BINGHAMTON NY CLIMATE NORMALS FOR TOMORROW
                         NORMAL    RECORD    YEAR
 MAXIMUM TEMPERATURE (F)   45        72      1988
 MINIMUM TEMPERATURE (F)   28         4      1956


SUNRISE AND SUNSET
MARCH 24 2017.........SUNRISE   700 AM EDT   SUNSET   721 PM EDT
MARCH 25 2017.........SUNRISE   658 AM EDT   SUNSET   722 PM EDT


-  INDICATES NEGATIVE NUMBERS.
R  INDICATES RECORD WAS SET OR TIED.
MM INDICATES DATA IS MISSING.
T  INDICATES TRACE AMOUNT.

$$
