000
CDUS41 KBGM 162249
CLIBGM


CLIMATE REPORT
NATIONAL WEATHER SERVICE BINGHAMTON NY
549 PM EST SAT DEC 16 2017


...................................

...THE BINGHAMTON NY CLIMATE SUMMARY FOR DECEMBER 16 2017...
VALID TODAY AS OF 0500 PM LOCAL TIME.

CLIMATE NORMAL PERIOD 1981 TO 2010
CLIMATE RECORD PERIOD 1951 TO 2017


WEATHER ITEM   OBSERVED TIME   RECORD YEAR NORMAL DEPARTURE LAST
                VALUE   (LST)  VALUE       VALUE  FROM      YEAR
                                                  NORMAL
..................................................................
TEMPERATURE (F)
 TODAY
  MAXIMUM         25   1255 PM  54    1971  33     -8       16
  MINIMUM         18    303 AM  -1    1961  21     -3        1
                                      1951
  AVERAGE         22                        27     -5        9

PRECIPITATION (IN)
  TODAY            0.03          0.63 2005   0.09  -0.06     0.03
  MONTH TO DATE    0.55                      1.58  -1.03     2.05
  SINCE DEC 1      0.55                      1.58  -1.03     2.05
  SINCE JAN 1     47.44                     38.05   9.39    34.57

SNOWFALL (IN)
  TODAY            1.3           6.2  1970   0.6    0.7      1.0
  MONTH TO DATE    5.3                       8.4   -3.1     21.6
  SINCE DEC 1      5.3                       8.4   -3.1     21.6
  SINCE JUL 1      7.1                      15.2   -8.1     50.2
  SNOW DEPTH       2

DEGREE DAYS
 HEATING
  TODAY           43                        38      5       56
  MONTH TO DATE  607                       567     40      613
  SINCE DEC 1    607                       567     40      613
  SINCE JUL 1   2005                      2142   -137     1962

 COOLING
  TODAY            0                         0      0        0
  MONTH TO DATE    0                         0      0        0
  SINCE DEC 1      0                         0      0        0
  SINCE JAN 1    349                       381    -32      563
..................................................................


WIND (MPH)
  HIGHEST WIND SPEED    14   HIGHEST WIND DIRECTION     W (260)
  HIGHEST GUST SPEED    20   HIGHEST GUST DIRECTION    NW (320)
  AVERAGE WIND SPEED     6.9


SKY COVER
  AVERAGE SKY COVER 1.0


WEATHER CONDITIONS
 THE FOLLOWING WEATHER WAS RECORDED TODAY.
  LIGHT SNOW
  FOG


RELATIVE HUMIDITY (PERCENT)
 HIGHEST    92          1100 AM
 LOWEST     73           100 AM
 AVERAGE    83

..........................................................


THE BINGHAMTON NY CLIMATE NORMALS FOR TOMORROW
                         NORMAL    RECORD    YEAR
 MAXIMUM TEMPERATURE (F)   33        60      1984
 MINIMUM TEMPERATURE (F)   21        -5      1951


SUNRISE AND SUNSET
DECEMBER 16 2017......SUNRISE   726 AM EST   SUNSET   433 PM EST
DECEMBER 17 2017......SUNRISE   727 AM EST   SUNSET   433 PM EST


-  INDICATES NEGATIVE NUMBERS.
R  INDICATES RECORD WAS SET OR TIED.
MM INDICATES DATA IS MISSING.
T  INDICATES TRACE AMOUNT.




$$
