000
CDUS41 KBGM 302121
CLIBGM


CLIMATE REPORT
NATIONAL WEATHER SERVICE BINGHAMTON NY
519 PM EDT THU JUN 30 2016


...................................

...THE BINGHAMTON NY CLIMATE SUMMARY FOR JUNE 30 2016...
VALID TODAY AS OF 0500 PM LOCAL TIME.

CLIMATE NORMAL PERIOD 1981 TO 2010
CLIMATE RECORD PERIOD 1951 TO 2016


WEATHER ITEM   OBSERVED TIME   RECORD YEAR NORMAL DEPARTURE LAST
                VALUE   (LST)  VALUE       VALUE  FROM      YEAR
                                                  NORMAL
..................................................................
TEMPERATURE (F)
 TODAY
  MAXIMUM         75    359 PM  92    1964  77     -2       72
  MINIMUM         53    503 AM  46    2010  59     -6       58
  AVERAGE         64                        68     -4       65

PRECIPITATION (IN)
  TODAY            0.00          1.31 1976   0.14  -0.14     1.10
  MONTH TO DATE    3.04                      4.31  -1.27     9.74
  SINCE JUN 1      3.04                      4.31  -1.27     9.74
  SINCE JAN 1     15.43                     19.06  -3.63    23.29

SNOWFALL (IN)
  TODAY            0.0           0.0  2002   0.0    0.0      0.0
                                      2001
  MONTH TO DATE    0.0                       0.0    0.0      0.0
  SINCE JUN 1      0.0                       0.0    0.0      0.0
  SINCE JUL 1     32.0                      83.4  -51.4     93.4
  SNOW DEPTH       0

DEGREE DAYS
 HEATING
  TODAY            1                         1      0        0
  MONTH TO DATE   70                        90    -20       77
  SINCE JUN 1     70                        91    -21       77
  SINCE JUL 1   6199                      7195   -996     7535

 COOLING
  TODAY            0                         4     -4        0
  MONTH TO DATE   63                        74    -11       50
  SINCE JUN 1     63                        74    -11       50
  SINCE JAN 1    109                        97     12      123
..................................................................


WIND (MPH)
  HIGHEST WIND SPEED    13   HIGHEST WIND DIRECTION    SW (240)
  HIGHEST GUST SPEED    16   HIGHEST GUST DIRECTION    SW (220)
  AVERAGE WIND SPEED     4.2


SKY COVER
  AVERAGE SKY COVER 0.1


WEATHER CONDITIONS
 THE FOLLOWING WEATHER WAS RECORDED TODAY.
  NO SIGNIFICANT WEATHER WAS OBSERVED.


RELATIVE HUMIDITY (PERCENT)
 HIGHEST   100           400 AM
 LOWEST     38           400 PM
 AVERAGE    69

..........................................................


THE BINGHAMTON NY CLIMATE NORMALS FOR TOMORROW
                         NORMAL    RECORD    YEAR
 MAXIMUM TEMPERATURE (F)   77        87      1968
                                             1963
                                             1956
 MINIMUM TEMPERATURE (F)   59        44      1988


SUNRISE AND SUNSET
JUNE 30 2016..........SUNRISE   531 AM EDT   SUNSET   844 PM EDT
JULY  1 2016..........SUNRISE   532 AM EDT   SUNSET   844 PM EDT


-  INDICATES NEGATIVE NUMBERS.
R  INDICATES RECORD WAS SET OR TIED.
MM INDICATES DATA IS MISSING.
T  INDICATES TRACE AMOUNT.

$$
