000
CDUS41 KBGM 210608
CLIBGM


CLIMATE REPORT
NATIONAL WEATHER SERVICE BINGHAMTON NY
206 AM EDT TUE APR 21 2015


...................................

...THE BINGHAMTON NY CLIMATE SUMMARY FOR APRIL 20 2015...

CLIMATE NORMAL PERIOD 1981 TO 2010
CLIMATE RECORD PERIOD 1951 TO 2015


WEATHER ITEM   OBSERVED TIME   RECORD YEAR NORMAL DEPARTURE LAST
                VALUE   (LST)  VALUE       VALUE  FROM      YEAR
                                                  NORMAL
..................................................................
TEMPERATURE (F)
 YESTERDAY
  MAXIMUM         58    352 PM  80    1954  56      2       64
  MINIMUM         41    410 AM  24    1988  38      3       32
                                      1953
  AVERAGE         50                        47      3       48

PRECIPITATION (IN)
  YESTERDAY        0.74          0.78 1964   0.10   0.64     0.00
  MONTH TO DATE    3.42                      2.32   1.10     1.67
  SINCE MAR 1      5.41                      5.31   0.10     4.35
  SINCE JAN 1      9.35                     10.07  -0.72    10.04

SNOWFALL (IN)
  YESTERDAY        0.0           5.2  1983   0.1   -0.1      0.0
  MONTH TO DATE    2.3                       3.5   -1.2      1.0
  SINCE MAR 1     17.1                      18.6   -1.5      2.9
  SINCE JUL 1     92.9                      82.5   10.4     85.4
  SNOW DEPTH       0

DEGREE DAYS
 HEATING
  YESTERDAY       15                        18     -3       17
  MONTH TO DATE  388                       441    -53      414
  SINCE MAR 1   1558                      1438    120     1614
  SINCE JUL 1   7090                      6637    453     7085

 COOLING
  YESTERDAY        0                         0      0        0
  MONTH TO DATE    0                         0      0        2
  SINCE MAR 1      0                         0      0        2
  SINCE JAN 1      0                         0      0        2
..................................................................


WIND (MPH)
  HIGHEST WIND SPEED    35   HIGHEST WIND DIRECTION    SE (130)
  HIGHEST GUST SPEED    44   HIGHEST GUST DIRECTION    SE (150)
  AVERAGE WIND SPEED    17.4


SKY COVER
  AVERAGE SKY COVER 0.9


WEATHER CONDITIONS
 THE FOLLOWING WEATHER WAS RECORDED YESTERDAY.
  THUNDERSTORM
  HEAVY RAIN
  RAIN
  LIGHT RAIN
  FOG


RELATIVE HUMIDITY (PERCENT)
 HIGHEST   100           900 AM
 LOWEST     45          1200 AM
 AVERAGE    73

..........................................................


THE BINGHAMTON NY CLIMATE NORMALS FOR TODAY
                         NORMAL    RECORD    YEAR
 MAXIMUM TEMPERATURE (F)   57        82      1985
                                             1976
 MINIMUM TEMPERATURE (F)   38        21      1956


SUNRISE AND SUNSET
APRIL 21 2015.........SUNRISE   614 AM EDT   SUNSET   752 PM EDT
APRIL 22 2015.........SUNRISE   613 AM EDT   SUNSET   753 PM EDT


-  INDICATES NEGATIVE NUMBERS.
R  INDICATES RECORD WAS SET OR TIED.
MM INDICATES DATA IS MISSING.
T  INDICATES TRACE AMOUNT.




$$
