390
CXUS51 KBGM 011450 AAA
CLMBGM

CLIMATE REPORT...UPDATED
NATIONAL WEATHER SERVICE BINGHAMTON NY
1050 AM EDT SAT OCT 1 2016

...................................

...THE BINGHAMTON NY CLIMATE SUMMARY FOR THE MONTH OF SEPTEMBER 2016...

CLIMATE NORMAL PERIOD 1981 TO 2010
CLIMATE RECORD PERIOD 1951 TO 2016

WEATHER         OBSERVED          NORMAL  DEPART  LAST YEAR`S
                 VALUE   DATE(S)  VALUE   FROM    VALUE  DATE(S)
                                          NORMAL
................................................................
TEMPERATURE (F)
RECORD
 HIGH              96   09/03/1953
                        09/02/1953
 LOW               25   09/24/1974
HIGHEST            86   09/08        68      18       89  09/07
LOWEST             39   09/26        50     -11       43  09/21
AVG. MAXIMUM     72.9              68.4     4.5     75.4
AVG. MINIMUM     52.2              50.7     1.5     55.3
MEAN             62.5              59.6     2.9     65.3
DAYS MAX >= 90      0               0.0     0.0        0
DAYS MAX <= 32      0               0.0     0.0        0
DAYS MIN <= 32      0               0.2    -0.2        0
DAYS MIN <= 0       0               0.0     0.0        0

PRECIPITATION (INCHES)
RECORD
 MAXIMUM        16.58   2011
 MINIMUM         0.61   1961
TOTALS           1.03              3.63   -2.60     2.20
DAILY AVG.       0.03              0.12   -0.09     0.07
DAYS >= .01        10              11.1    -1.1        9
DAYS >= .10         2               6.4    -4.4        4
DAYS >= .50         1               2.3    -1.3        1
DAYS >= 1.00        0               0.8    -0.8        1
GREATEST
 24 HR. TOTAL    0.55   09/18 TO 09/18

SNOWFALL (INCHES)
RECORDS
 TOTAL            0.0   2007
 24 HR TOTAL      0.0   MM
 SNOW DEPTH        MM   MM
TOTALS            0.0               0.0     0.0      0.0
SINCE 7/1         0.0               0.0     0.0        T
SNOWDEPTH AVG.      0                MM      MM        0
DAYS >= TRACE       0               0.0     0.0        0
DAYS >= 1.0         0               0.0     0.0        0
GREATEST
 SNOW DEPTH         0   MM                             0  MM
 24 HR TOTAL      0.0   09/30 TO 09/30

DEGREE_DAYS
HEATING TOTAL     114               194     -80       82
 SINCE 7/1        123               257    -134      131
COOLING TOTAL      48                31      17      101
 SINCE 1/1        559               379     180      443
.................................................................

WIND (MPH)
AVERAGE WIND SPEED              6.9
RESULTANT WIND SPEED/DIRECTION   0/028
HIGHEST WIND SPEED/DIRECTION    22/130    DATE  09/28
HIGHEST GUST SPEED/DIRECTION    33/330    DATE  09/11

SKY COVER
POSSIBLE SUNSHINE (PERCENT)   MM
AVERAGE SKY COVER           0.30
NUMBER OF DAYS FAIR           18
NUMBER OF DAYS PC              9
NUMBER OF DAYS CLOUDY          3

AVERAGE RH (PERCENT)     73

WEATHER CONDITIONS. NUMBER OF DAYS WITH
THUNDERSTORM              0     MIXED PRECIP               0
HEAVY RAIN                0     RAIN                       4
LIGHT RAIN               12     FREEZING RAIN              0
LT FREEZING RAIN          0     HAIL                       0
HEAVY SNOW                0     SNOW                       0
LIGHT SNOW                0     SLEET                      0
FOG                      16     FOG W/VIS <= 1/4 MILE      6
HAZE                      1

-  INDICATES NEGATIVE NUMBERS.
R  INDICATES RECORD WAS SET OR TIED.
MM INDICATES DATA IS MISSING.
T  INDICATES TRACE AMOUNT.

&&
10TH WARMEST AVERAGE TEMPERATURE FOR SEPTEMBER
RECORD 65.9F IN 1961

4TH DRIEST SEPTEMBER
$$

TAC
