000
CXUS51 KBGM 060820 CCA
CLMBGM

CLIMATE REPORT...CORRECTED
NATIONAL WEATHER SERVICE BINGHAMTON NY
419 AM EDT WED AUG 6 2014

...................................

...THE BINGHAMTON NY CLIMATE SUMMARY FOR THE MONTH OF JULY 2014...

CLIMATE NORMAL PERIOD 1981 TO 2010
CLIMATE RECORD PERIOD 1951 TO 2014

WEATHER         OBSERVED          NORMAL  DEPART  LAST YEAR`S
                 VALUE   DATE(S)  VALUE   FROM    VALUE  DATE(S)
                                          NORMAL
................................................................
TEMPERATURE (F)
RECORD
 HIGH              98   07/16/1988
 LOW               39   07/09/1963
HIGHEST            86   07/01        78       8       89  07/18
                                                          07/17
LOWEST             50   07/25        59      -9       47  07/25
AVG. MAXIMUM     77.0              77.8    -0.8     80.1
AVG. MINIMUM     58.8              59.6    -0.8     62.7
MEAN             67.9              68.7    -0.8     71.4
DAYS MAX >= 90      0               0.7    -0.7        0
DAYS MAX <= 32      0               0.0     0.0        0
DAYS MIN <= 32      0               0.0     0.0        0
DAYS MIN <= 0       0               0.0     0.0        0

PRECIPITATION (INCHES)
RECORD
 MAXIMUM         7.68   2004
 MINIMUM         0.83   1955
TOTALS           3.84              3.70    0.14     6.52
DAILY AVG.       0.12              0.12    0.00     0.21
DAYS >= .01        13              11.8     1.2       12
DAYS >= .10         6               7.5    -1.5        9
DAYS >= .50         2               2.6    -0.6        4
DAYS >= 1.00        1               0.9     0.1        3
GREATEST
 24 HR. TOTAL    1.78   07/12 TO 07/13
                        07/13 TO 07/13
                        07/13 TO 07/14

SNOWFALL (INCHES)
RECORDS
 TOTAL              T   2010
 24 HR TOTAL        T   07/21/2010 TO 07/21/2010
 SNOW DEPTH         0   MM
TOTALS              TR              0.0     0.0      0.0
SINCE 7/1           T               0.0     0.0      0.0
SNOWDEPTH AVG.      0                MM      MM        0
DAYS >= TRACE       1               0.0     1.0        0
DAYS >= 1.0         0               0.0     0.0        0
GREATEST
 SNOW DEPTH         T   07/23                          0  MM
 24 HR TOTAL        TR  07/23 TO 07/23

DEGREE_DAYS
HEATING TOTAL      25                24       1       14
 SINCE 7/1         25                24       1       14
COOLING TOTAL     123               138     -15      220
 SINCE 1/1        233               235      -2      346
.................................................................

WIND (MPH)
AVERAGE WIND SPEED              6.5
RESULTANT WIND SPEED/DIRECTION   3/238
HIGHEST WIND SPEED/DIRECTION    25/220    DATE  07/07
HIGHEST GUST SPEED/DIRECTION    38/230    DATE  07/07

SKY COVER
POSSIBLE SUNSHINE (PERCENT)   MM
AVERAGE SKY COVER           0.40
NUMBER OF DAYS FAIR           14
NUMBER OF DAYS PC             13
NUMBER OF DAYS CLOUDY          4

AVERAGE RH (PERCENT)     73

WEATHER CONDITIONS. NUMBER OF DAYS WITH
THUNDERSTORM              0     MIXED PRECIP               0
HEAVY RAIN                6     RAIN                       6
LIGHT RAIN               13     FREEZING RAIN              0
LT FREEZING RAIN          0     HAIL                       1
HEAVY SNOW                0     SNOW                       0
LIGHT SNOW                0     SLEET                      0
FOG                      14     FOG W/VIS <= 1/4 MILE      7
HAZE                      4

-  INDICATES NEGATIVE NUMBERS.
R  INDICATES RECORD WAS SET OR TIED.
MM INDICATES DATA IS MISSING.
T  INDICATES TRACE AMOUNT.

&&
CORRECTED GREATEST SNOW DEPTH FOR THE TRACE OF HAIL ON THE 23RD.

RECORD HIGHEST MINIMUM TEMPERATURE OF 69 DEGREES FOR JULY 1ST. OLD RECORD WAS
68 DEGREES SET IN 1968.
ON JULY 1ST THE AVERAGE TEMPERATURE OF 77.5 DEGREES TIED THE DAILY RECORD SET
IN 1968.
RECORD DAILY MAXIMUM RAINFALL OF 1.78 INCHES FELL ON JULY 13TH. OLD RECORD WAS
1.58 INCHES SET IN 1957.

$$

PN
