000
CXUS51 KBGM 011133
CLMBGM


CLIMATE REPORT
NATIONAL WEATHER SERVICE BINGHAMTON NY
624 AM EST SUN JAN 1 2017

...................................

...THE BINGHAMTON NY CLIMATE SUMMARY FOR THE MONTH OF DECEMBER 2016...

CLIMATE NORMAL PERIOD 1981 TO 2010
CLIMATE RECORD PERIOD 1951 TO 2016

WEATHER         OBSERVED          NORMAL  DEPART  LAST YEAR`S
                 VALUE   DATE(S)  VALUE   FROM    VALUE  DATE(S)
                                          NORMAL
................................................................
TEMPERATURE (F)
RECORD
 HIGH              65   12/01/2006
                        12/29/1984
                        12/06/1982
 LOW              -18   12/25/1980
HIGHEST            48   12/01        33      15       63  12/24
LOWEST              1   12/16        21     -20       22  12/06
AVG. MAXIMUM     32.5              33.3    -0.8     46.5
AVG. MINIMUM     21.2              21.2     0.0     34.2
MEAN             26.8              27.3    -0.5     40.4
DAYS MAX >= 90      0               0.0     0.0        0
DAYS MAX <= 32     13              14.2    -1.2        2
DAYS MIN <= 32     30              26.5     3.5       13
DAYS MIN <= 0       0               0.7    -0.7        0

PRECIPITATION (INCHES)
RECORD
 MAXIMUM         6.11   1983
 MINIMUM         0.94   1960
TOTALS           3.59              2.83    0.76     3.61
DAILY AVG.       0.12              0.09    0.03     0.12
DAYS >= .01        24              15.5     8.5       16
DAYS >= .10         9               6.8     2.2       10
DAYS >= .50         2               1.6     0.4        2
DAYS >= 1.00        0               0.2    -0.2        0
GREATEST
 24 HR. TOTAL    0.71   12/17 TO 12/18

SNOWFALL (INCHES)
RECORDS
 TOTAL           59.6   1969
 24 HR TOTAL     15.6   12/25/1969 TO 12/26/1969
 SNOW DEPTH        33   12/28/1969
TOTALS           29.8              17.8    12.0      2.2
SINCE 7/1        58.4              24.6    33.8      3.3
SNOWDEPTH AVG.      3                 3       0        0
DAYS >= TRACE      27              13.4    13.6        7
DAYS >= 1.0        12               5.3     6.7        0
GREATEST
 SNOW DEPTH        10   12/17                          1  12/29
                                                          12/19
 24 HR TOTAL      5.7   12/11 TO 12/12

DEGREE_DAYS
HEATING TOTAL    1176              1170       6      755
 SINCE 7/1       2525              2745    -220     2025
COOLING TOTAL       0                 0       0        0
 SINCE 1/1        563               381     182      443
.................................................................

WIND (MPH)
AVERAGE WIND SPEED              9.5
RESULTANT WIND SPEED/DIRECTION   5/251
HIGHEST WIND SPEED/DIRECTION    35/280    DATE  12/15
HIGHEST GUST SPEED/DIRECTION    43/290    DATE  12/15

SKY COVER
POSSIBLE SUNSHINE (PERCENT)   MM
AVERAGE SKY COVER           0.70
NUMBER OF DAYS FAIR            6
NUMBER OF DAYS PC              9
NUMBER OF DAYS CLOUDY         16

AVERAGE RH (PERCENT)     77

WEATHER CONDITIONS. NUMBER OF DAYS WITH
THUNDERSTORM              0     MIXED PRECIP               0
HEAVY RAIN                3     RAIN                       4
LIGHT RAIN                6     FREEZING RAIN              0
LT FREEZING RAIN          3     HAIL                       0
HEAVY SNOW                6     SNOW                      11
LIGHT SNOW               23     SLEET                      0
FOG                      26     FOG W/VIS <= 1/4 MILE      8
HAZE                     11

-  INDICATES NEGATIVE NUMBERS.
R  INDICATES RECORD WAS SET OR TIED.
MM INDICATES DATA IS MISSING.
T  INDICATES TRACE AMOUNT.

&&
5TH HIGHEST DECEMBER SNOWFALL
$$
