248
CXUS51 KBGM 011407
CLMBGM


CLIMATE REPORT
NATIONAL WEATHER SERVICE BINGHAMTON NY
906 AM EST SUN NOV 1 2015

...................................

...THE BINGHAMTON NY CLIMATE SUMMARY FOR THE MONTH OF OCTOBER 2015...

CLIMATE NORMAL PERIOD 1981 TO 2010
CLIMATE RECORD PERIOD 1951 TO 2015

WEATHER         OBSERVED          NORMAL  DEPART  LAST YEAR`S
                 VALUE   DATE(S)  VALUE   FROM    VALUE  DATE(S)
                                          NORMAL
................................................................
TEMPERATURE (F)
RECORD
 HIGH              85   10/05/1951
 LOW               17   10/28/1976
HIGHEST            72   10/12        57      15       73  10/14
LOWEST             26   10/19        40     -14       29  10/31
                        10/18
AVG. MAXIMUM     56.1              56.8    -0.7     58.9
AVG. MINIMUM     40.0              40.1    -0.1     43.4
MEAN             48.0              48.5    -0.5     51.1
DAYS MAX >= 90      0               0.0     0.0        0
DAYS MAX <= 32      0               0.0     0.0        0
DAYS MIN <= 32      7               5.3     1.7        4
DAYS MIN <= 0       0               0.0     0.0        0

PRECIPITATION (INCHES)
RECORD
 MAXIMUM         9.43   1955
 MINIMUM         0.26   1963
TOTALS           2.74              3.33   -0.59     3.29
DAILY AVG.       0.09              0.11   -0.02     0.11
DAYS >= .01        14              12.5     1.5       11
DAYS >= .10         6               6.6    -0.6        6
DAYS >= .50         2               2.1    -0.1        2
DAYS >= 1.00        1               0.8     0.2        1
GREATEST
 24 HR. TOTAL    1.24   10/28 TO 10/29

SNOWFALL (INCHES)
RECORDS
 TOTAL           11.6   1993
 24 HR TOTAL      6.8   10/31/1993 TO 10/31/1993
 SNOW DEPTH         3   10/26/2005
                        10/25/2005
                        10/31/1993
TOTALS            0.3               1.0    -0.7        T
SINCE 7/1         0.3               1.0    -0.7        T
SNOWDEPTH AVG.      0                MM      MM        0
DAYS >= TRACE       3               0.9     2.1        1
DAYS >= 1.0         0               0.2    -0.2        0
GREATEST
 SNOW DEPTH         0   MM                             0  MM
 24 HR TOTAL      0.2   MM

DEGREE_DAYS
HEATING TOTAL     520               515       5      423
 SINCE 7/1        651               772    -121      650
COOLING TOTAL       0                 2      -2        1
 SINCE 1/1        443               381      62      341
.................................................................

WIND (MPH)
AVERAGE WIND SPEED              8.4
RESULTANT WIND SPEED/DIRECTION   2/269
HIGHEST WIND SPEED/DIRECTION    31/140    DATE  10/28
HIGHEST GUST SPEED/DIRECTION    43/140    DATE  10/28

SKY COVER
POSSIBLE SUNSHINE (PERCENT)   MM
AVERAGE SKY COVER           0.50
NUMBER OF DAYS FAIR           10
NUMBER OF DAYS PC             13
NUMBER OF DAYS CLOUDY          8

AVERAGE RH (PERCENT)     71

WEATHER CONDITIONS. NUMBER OF DAYS WITH
THUNDERSTORM              0     MIXED PRECIP               0
HEAVY RAIN                4     RAIN                       2
LIGHT RAIN               14     FREEZING RAIN              0
LT FREEZING RAIN          0     HAIL                       0
HEAVY SNOW                0     SNOW                       1
LIGHT SNOW                3     SLEET                      0
FOG                      17     FOG W/VIS <= 1/4 MILE      1
HAZE                      2

-  INDICATES NEGATIVE NUMBERS.
R  INDICATES RECORD WAS SET OR TIED.
MM INDICATES DATA IS MISSING.
T  INDICATES TRACE AMOUNT.

$$
