000
CXUS51 KBGM 010914
CLMBGM


CLIMATE REPORT
NATIONAL WEATHER SERVICE BINGHAMTON NY
413 AM EST SUN MAR 1 2015

...................................

...THE BINGHAMTON NY CLIMATE SUMMARY FOR THE MONTH OF FEBRUARY 2015...

CLIMATE NORMAL PERIOD 1981 TO 2010
CLIMATE RECORD PERIOD 1951 TO 2015

WEATHER         OBSERVED          NORMAL  DEPART  LAST YEAR`S
                 VALUE   DATE(S)  VALUE   FROM    VALUE  DATE(S)
                                          NORMAL
................................................................
TEMPERATURE (F)
RECORD
 HIGH              66   02/16/1954
 LOW              -15   02/18/1979
                        02/17/1979
                        02/02/1961
HIGHEST            39   02/08        31       8       46  02/21
LOWEST            -10   02/24        17     -27       -4  02/28
                        02/20
AVG. MAXIMUM     21.0              32.1   -11.1     26.5
AVG. MINIMUM      3.4              17.4   -14.0     13.0
MEAN             12.2              24.7   -12.5     19.7
DAYS MAX >= 90      0               0.0     0.0        0
DAYS MAX <= 32     27              14.8    12.2       21
DAYS MIN <= 32     28              25.7     2.3       27
DAYS MIN <= 0      15               1.3    13.7        3

PRECIPITATION (INCHES)
RECORD
 MAXIMUM         4.92   2011
 MINIMUM         0.51   1968
TOTALS           2.01              2.31   -0.30     2.74
DAILY AVG.       0.07              0.08   -0.01     0.10
DAYS >= .01        16              13.1     2.9       12
DAYS >= .10         7               5.8     1.2        7
DAYS >= .50         0               1.1    -1.1        1
DAYS >= 1.00        0               0.2    -0.2        1
GREATEST
 24 HR. TOTAL    4.78   02/04 TO 02/05

SNOWFALL (INCHES)
RECORDS
 TOTAL           44.3   1972
 24 HR TOTAL     23.0   02/03/1961 TO 02/04/1961
 SNOW DEPTH        28   02/05/1961
TOTALS           32.9              17.1    15.8     25.9
SINCE 7/1        75.8              63.9    11.9     82.3
SNOWDEPTH AVG.     17                 5      12       10
DAYS >= TRACE      24              13.3    10.7       20
DAYS >= 1.0         8               5.3     2.7        6
GREATEST
 SNOW DEPTH        20   02/15                         17  02/17
 24 HR TOTAL      8.8   MM

DEGREE_DAYS
HEATING TOTAL    1468              1127     341     1261
 SINCE 7/1       5532              5199     333     5471
COOLING TOTAL       0                 0       0        0
 SINCE 1/1          0                 0       0        0
.................................................................

WIND (MPH)
AVERAGE WIND SPEED              9.0
RESULTANT WIND SPEED/DIRECTION   4/287
HIGHEST WIND SPEED/DIRECTION    28/330    DATE  02/15
HIGHEST GUST SPEED/DIRECTION    39/330    DATE  02/15

SKY COVER
POSSIBLE SUNSHINE (PERCENT)   MM
AVERAGE SKY COVER           0.70
NUMBER OF DAYS FAIR            7
NUMBER OF DAYS PC              7
NUMBER OF DAYS CLOUDY         14

AVERAGE RH (PERCENT)     72

WEATHER CONDITIONS. NUMBER OF DAYS WITH
THUNDERSTORM              0     MIXED PRECIP               0
HEAVY RAIN                0     RAIN                       0
LIGHT RAIN                1     FREEZING RAIN              0
LT FREEZING RAIN          1     HAIL                       0
HEAVY SNOW                2     SNOW                       9
LIGHT SNOW               22     SLEET                      0
FOG                      22     FOG W/VIS <= 1/4 MILE      3
HAZE                     17

-  INDICATES NEGATIVE NUMBERS.
R  INDICATES RECORD WAS SET OR TIED.
MM INDICATES DATA IS MISSING.
T  INDICATES TRACE AMOUNT.

$$
