000
CXUS51 KBGM 060137
CLMBGM


CLIMATE REPORT
NATIONAL WEATHER SERVICE BINGHAMTON NY
917 PM EDT MON AUG 5 2013

...................................

...THE BINGHAMTON NY CLIMATE SUMMARY FOR THE MONTH OF JULY 2013...

CLIMATE NORMAL PERIOD 1981 TO 2010
CLIMATE RECORD PERIOD 1951 TO 2013

WEATHER         OBSERVED          NORMAL  DEPART  LAST YEAR`S
                 VALUE   DATE(S)  VALUE   FROM    VALUE  DATE(S)
                                          NORMAL
................................................................
TEMPERATURE (F)
RECORD
 HIGH              98   07/16/1988
 LOW               39   07/09/1963
HIGHEST            89   07/18        78      11       91  07/17
                        07/17
LOWEST             47   07/25        59     -12       55  07/10
                                                          07/06
AVG. MAXIMUM     80.1              77.8     2.3     82.2
AVG. MINIMUM     62.7              59.6     3.1     62.3
MEAN             71.4              68.7     2.7     72.3
DAYS MAX >= 90      0               0.7    -0.7        2
DAYS MAX <= 32      0               0.0     0.0        0
DAYS MIN <= 32      0               0.0     0.0        0
DAYS MIN <= 0       0               0.0     0.0        0

PRECIPITATION (INCHES)
RECORD
 MAXIMUM         7.68   2004
 MINIMUM         0.83   1955
TOTALS           6.52              3.70    2.82     3.50
DAILY AVG.       0.21              0.12    0.09     0.11
DAYS >= .01        12              11.8     0.2       14
DAYS >= .10         9               7.5     1.5        8
DAYS >= .50         4               2.6     1.4        2
DAYS >= 1.00        3               0.9     2.1        0
GREATEST
 24 HR. TOTAL    1.91   06/30 TO 07/01

SNOWFALL (INCHES)
RECORDS
 TOTAL              T   2010
 24 HR TOTAL        T   07/21/2010 TO 07/21/2010
 SNOW DEPTH         0   MM
TOTALS            0.0               0.0     0.0      0.0
SINCE 7/1         0.0               0.0     0.0      0.0
SNOWDEPTH AVG.      0                MM      MM        0
DAYS >= TRACE       0               0.0     0.0        0
DAYS >= 1.0         0               0.0     0.0        0
GREATEST
 SNOW DEPTH         0   MM                             0  MM
 24 HR TOTAL      0.0   07/31 TO 07/31

DEGREE_DAYS
HEATING TOTAL      14                24     -10        3
 SINCE 7/1         14                24     -10        3
COOLING TOTAL     220               138      82      234
 SINCE 1/1        346               235     111      383
.................................................................

WIND (MPH)
AVERAGE WIND SPEED              6.1
RESULTANT WIND SPEED/DIRECTION   2/252
HIGHEST WIND SPEED/DIRECTION    22/230    DATE  07/09
HIGHEST GUST SPEED/DIRECTION    31/170    DATE  07/07

SKY COVER
POSSIBLE SUNSHINE (PERCENT)   MM
AVERAGE SKY COVER           0.40
NUMBER OF DAYS FAIR           12
NUMBER OF DAYS PC             16
NUMBER OF DAYS CLOUDY          3

AVERAGE RH (PERCENT)     75

WEATHER CONDITIONS. NUMBER OF DAYS WITH
THUNDERSTORM              0     MIXED PRECIP               0
HEAVY RAIN                8     RAIN                      10
LIGHT RAIN               16     FREEZING RAIN              0
LT FREEZING RAIN          0     HAIL                       0
HEAVY SNOW                0     SNOW                       0
LIGHT SNOW                0     SLEET                      0
FOG                      18     FOG W/VIS <= 1/4 MILE      7
HAZE                      6

-  INDICATES NEGATIVE NUMBERS.
R  INDICATES RECORD WAS SET OR TIED.
MM INDICATES DATA IS MISSING.
T  INDICATES TRACE AMOUNT.

&&
4TH WETTEST JULY PRECIPITATION
RECORD DAILY RAINFALL 7/22 1.08"  OLD RECORD 1.06" 1957
TIED RECORD DAILY WARMEST MINIMUM TEMPERATURE 7/18 72  OLD 2005
TIED RECORD DAILY WARMEST AVERAGE TEMPERATURE 7/18 80  OLD 1968 AND 1953
RECORD DAILY RAINFALL 7/07 1.71"  OLD RECORD 1.62" 1987
RECORD DAILY RAINFALL 7/01 1.80"  OLD RECORD 1.74" 1964

$$

TAC
