000
CXUS51 KBGM 010737
CLMBGM


CLIMATE REPORT
NATIONAL WEATHER SERVICE BINGHAMTON NY
236 AM EST TUE DEC 1 2015

...................................

...THE BINGHAMTON NY CLIMATE SUMMARY FOR THE MONTH OF NOVEMBER 2015...

CLIMATE NORMAL PERIOD 1981 TO 2010
CLIMATE RECORD PERIOD 1951 TO 2015

WEATHER         OBSERVED          NORMAL  DEPART  LAST YEAR`S
                 VALUE   DATE(S)  VALUE   FROM    VALUE  DATE(S)
                                          NORMAL
................................................................
TEMPERATURE (F)
RECORD
 HIGH              77   11/02/1982
 LOW                3   11/30/1976
HIGHEST            73   11/04        44      29       66  11/24
LOWEST             19   11/30        31     -12       10  11/19
AVG. MAXIMUM     52.3              45.1     7.2     42.3
AVG. MINIMUM     35.9              31.4     4.5     28.3
MEAN             44.1              38.3     5.8     35.3
DAYS MAX >= 90      0               0.0     0.0        0
DAYS MAX <= 32      1               3.2    -2.2        7
DAYS MIN <= 32     13              16.4    -3.4       19
DAYS MIN <= 0       0               0.0     0.0        0

PRECIPITATION (INCHES)
RECORD
 MAXIMUM         7.52   1972
 MINIMUM         1.01   1960
TOTALS           2.64              3.30   -0.66     2.10
DAILY AVG.       0.09              0.11   -0.02     0.07
DAYS >= .01         9              14.6    -5.6       14
DAYS >= .10         4               7.0    -3.0        6
DAYS >= .50         1               2.0    -1.0        2
DAYS >= 1.00        1               0.5     0.5        0
GREATEST
 24 HR. TOTAL    2.05   11/10 TO 11/11

SNOWFALL (INCHES)
RECORDS
 TOTAL           33.9   1995
 24 HR TOTAL     11.2   11/30/1993 TO 12/01/1993
 SNOW DEPTH        13   11/15/1995
                        11/01/1993
TOTALS            0.8               5.8    -5.0     13.7
SINCE 7/1         1.1               6.8    -5.7     13.7
SNOWDEPTH AVG.      0                MM      MM        1
DAYS >= TRACE       5               6.0    -1.0       14
DAYS >= 1.0         0               2.2    -2.2        4
GREATEST
 SNOW DEPTH         T   11/14                          7  11/28
                                                          11/27
 24 HR TOTAL      0.6   MM

DEGREE_DAYS
HEATING TOTAL     619               803    -184      885
 SINCE 7/1       1270              1575    -305     1535
COOLING TOTAL       0                 0       0        0
 SINCE 1/1        443               381      62      341
.................................................................

WIND (MPH)
AVERAGE WIND SPEED              8.7
RESULTANT WIND SPEED/DIRECTION   3/232
HIGHEST WIND SPEED/DIRECTION    33/260    DATE  11/22
HIGHEST GUST SPEED/DIRECTION    41/260    DATE  11/22

SKY COVER
POSSIBLE SUNSHINE (PERCENT)   MM
AVERAGE SKY COVER           0.50
NUMBER OF DAYS FAIR           13
NUMBER OF DAYS PC              7
NUMBER OF DAYS CLOUDY         10

AVERAGE RH (PERCENT)     70

WEATHER CONDITIONS. NUMBER OF DAYS WITH
THUNDERSTORM              0     MIXED PRECIP               0
HEAVY RAIN                2     RAIN                       4
LIGHT RAIN                8     FREEZING RAIN              0
LT FREEZING RAIN          0     HAIL                       0
HEAVY SNOW                0     SNOW                       0
LIGHT SNOW                3     SLEET                      0
FOG                       9     FOG W/VIS <= 1/4 MILE      0
HAZE                      1

-  INDICATES NEGATIVE NUMBERS.
R  INDICATES RECORD WAS SET OR TIED.
MM INDICATES DATA IS MISSING.
T  INDICATES TRACE AMOUNT.

$$
