000
CXUS51 KBGM 011454
CLMBGM


CLIMATE REPORT
NATIONAL WEATHER SERVICE BINGHAMTON NY
1050 AM EDT FRI JUL 1 2016

...................................

...THE BINGHAMTON NY CLIMATE SUMMARY FOR THE MONTH OF JUNE 2016...

CLIMATE NORMAL PERIOD 1981 TO 2010
CLIMATE RECORD PERIOD 1951 TO 2016

WEATHER         OBSERVED          NORMAL  DEPART  LAST YEAR`S
                 VALUE   DATE(S)  VALUE   FROM    VALUE  DATE(S)
                                          NORMAL
................................................................
TEMPERATURE (F)
RECORD
 HIGH              94   06/26/1952
 LOW               33   06/09/1980
HIGHEST            85   06/20        73      12       84  06/12
                        06/19
LOWEST             42   06/09        54     -12       41  06/07
AVG. MAXIMUM     75.1              73.7     1.4     72.5
AVG. MINIMUM     54.1              55.2    -1.1     55.1
MEAN             64.6              64.4     0.2     63.8
DAYS MAX >= 90      0               0.1    -0.1        0
DAYS MAX <= 32      0               0.0     0.0        0
DAYS MIN <= 32      0               0.0     0.0        0
DAYS MIN <= 0       0               0.0     0.0        0

PRECIPITATION (INCHES)
RECORD
 MAXIMUM        11.45   2006
 MINIMUM         0.98   1979
TOTALS           3.04              4.31   -1.27     9.74
DAILY AVG.       0.10              0.14   -0.04     0.32
DAYS >= .01         8              12.6    -4.6       18
DAYS >= .10         4               8.1    -4.1       13
DAYS >= .50         2               2.8    -0.8        6
DAYS >= 1.00        2               0.9     1.1        4
GREATEST
 24 HR. TOTAL    1.20   06/28 TO 06/28
                        06/27 TO 06/28
                        06/28 TO 06/28

SNOWFALL (INCHES)
RECORDS
 TOTAL              T   2012
 24 HR TOTAL        T   06/06/2012 TO 06/06/2012
 SNOW DEPTH         T   06/06/2012
TOTALS            0.0               0.0     0.0      0.0
SINCE 7/1        32.0              83.4   -51.4     93.4
SNOWDEPTH AVG.      0               0.0     0.0        0
DAYS >= TRACE       0               0.0     0.0        0
DAYS >= 1.0         0               0.0     0.0        0
GREATEST
 SNOW DEPTH         0   MM                             0  MM
 24 HR TOTAL      0.0   06/30 TO 06/30

DEGREE_DAYS
HEATING TOTAL      69                91     -22       77
 SINCE 7/1       6198              7195    -997     7535
COOLING TOTAL      63                74     -11       50
 SINCE 1/1        109                97      12      123
.................................................................

WIND (MPH)
AVERAGE WIND SPEED              7.5
RESULTANT WIND SPEED/DIRECTION   3/276
HIGHEST WIND SPEED/DIRECTION    25/300    DATE  06/12
HIGHEST GUST SPEED/DIRECTION    36/330    DATE  06/09

SKY COVER
POSSIBLE SUNSHINE (PERCENT)   MM
AVERAGE SKY COVER           0.30
NUMBER OF DAYS FAIR           18
NUMBER OF DAYS PC              8
NUMBER OF DAYS CLOUDY          4

AVERAGE RH (PERCENT)     66

WEATHER CONDITIONS. NUMBER OF DAYS WITH
THUNDERSTORM              3     MIXED PRECIP               0
HEAVY RAIN                3     RAIN                       2
LIGHT RAIN               14     FREEZING RAIN              0
LT FREEZING RAIN          0     HAIL                       0
HEAVY SNOW                0     SNOW                       0
LIGHT SNOW                0     SLEET                      0
FOG                       8     FOG W/VIS <= 1/4 MILE      2
HAZE                      2

-  INDICATES NEGATIVE NUMBERS.
R  INDICATES RECORD WAS SET OR TIED.
MM INDICATES DATA IS MISSING.
T  INDICATES TRACE AMOUNT.

$$
