000
CXUS51 KBGM 010621
CLMBGM


CLIMATE REPORT
NATIONAL WEATHER SERVICE BINGHAMTON NY
114 AM EST MON DEC 1 2014

...................................

...THE BINGHAMTON NY CLIMATE SUMMARY FOR THE MONTH OF NOVEMBER 2014...

CLIMATE NORMAL PERIOD 1981 TO 2010
CLIMATE RECORD PERIOD 1951 TO 2014

WEATHER         OBSERVED          NORMAL  DEPART  LAST YEAR`S
                 VALUE   DATE(S)  VALUE   FROM    VALUE  DATE(S)
                                          NORMAL
................................................................
TEMPERATURE (F)
RECORD
 HIGH              77   11/02/1982
 LOW                3   11/30/1976
HIGHEST            66   11/24        44      22       65  11/01
LOWEST             10   11/19        31     -21        9  11/30
AVG. MAXIMUM     42.3              45.1    -2.8     41.9
AVG. MINIMUM     28.3              31.4    -3.1     27.2
MEAN             35.3              38.3    -3.0     34.5
DAYS MAX >= 90      0               0.0     0.0        0
DAYS MAX <= 32      7               3.2     3.8        6
DAYS MIN <= 32     19              16.4     2.6       20
DAYS MIN <= 0       0               0.0     0.0        0

PRECIPITATION (INCHES)
RECORD
 MAXIMUM         7.52   1972
 MINIMUM         1.01   1960
TOTALS           2.10              3.30   -1.20     3.50
DAILY AVG.       0.07              0.11   -0.04     0.12
DAYS >= .01        14              14.6    -0.6       17
DAYS >= .10         6               7.0    -1.0        8
DAYS >= .50         2               2.0     0.0        3
DAYS >= 1.00        0               0.5    -0.5        1
GREATEST
 24 HR. TOTAL    0.69   11/17 TO 11/17
                        11/17 TO 11/18

SNOWFALL (INCHES)
RECORDS
 TOTAL           33.9   1995
 24 HR TOTAL     11.2   11/30/1993 TO 12/01/1993
 SNOW DEPTH        13   11/15/1995
                        11/01/1993
TOTALS           13.7               5.8     7.9      8.2
SINCE 7/1        13.7               6.8     6.9      8.2
SNOWDEPTH AVG.      1                MM      MM        1
DAYS >= TRACE      14               6.0     8.0       15
DAYS >= 1.0         4               2.2     1.8        3
GREATEST
 SNOW DEPTH         7   11/28                          2  11/30
                        11/27                             11/29
                                                          11/28
 24 HR TOTAL      9.0   11/26 TO 11/26

DEGREE_DAYS
HEATING TOTAL     885               803      82      907
 SINCE 7/1       1535              1575     -40     1591
COOLING TOTAL       0                 0       0        0
 SINCE 1/1        341               381     -40      480
.................................................................

WIND (MPH)
AVERAGE WIND SPEED              9.7
RESULTANT WIND SPEED/DIRECTION   5/243
HIGHEST WIND SPEED/DIRECTION    32/350    DATE  11/02
HIGHEST GUST SPEED/DIRECTION    43/360    DATE  11/02

SKY COVER
POSSIBLE SUNSHINE (PERCENT)   MM
AVERAGE SKY COVER           0.60
NUMBER OF DAYS FAIR            5
NUMBER OF DAYS PC             15
NUMBER OF DAYS CLOUDY         10

AVERAGE RH (PERCENT)     66

WEATHER CONDITIONS. NUMBER OF DAYS WITH
THUNDERSTORM              0     MIXED PRECIP               0
HEAVY RAIN                0     RAIN                       2
LIGHT RAIN               10     FREEZING RAIN              0
LT FREEZING RAIN          1     HAIL                       0
HEAVY SNOW                1     SNOW                       3
LIGHT SNOW               13     SLEET                      0
FOG                      13     FOG W/VIS <= 1/4 MILE      3
HAZE                      5

-  INDICATES NEGATIVE NUMBERS.
R  INDICATES RECORD WAS SET OR TIED.
MM INDICATES DATA IS MISSING.
T  INDICATES TRACE AMOUNT.

&&
RECORD LOW TEMPERATURE OF 10 DEGREES WAS SET ON 11/19
RECORD HIGH TEMPERATURE OF 66 DEGREES WAS SET ON 11/24
RECORD SNOWFALL OF 9 INCHES WAS SET ON 11/26

TEMPERATURE RECORDS WERE ADJUSTED USING DAVIS WEATHER EQUIPMENT 11/25
THROUGH 11/30

$$
