000
CXUS51 KBGM 010931
CLMBGM


CLIMATE REPORT
NATIONAL WEATHER SERVICE BINGHAMTON NY
524 AM EDT FRI NOV 1 2013

...................................

...THE BINGHAMTON NY CLIMATE SUMMARY FOR THE MONTH OF OCTOBER 2013...

CLIMATE NORMAL PERIOD 1981 TO 2010
CLIMATE RECORD PERIOD 1951 TO 2013

WEATHER         OBSERVED          NORMAL  DEPART  LAST YEAR`S
                 VALUE   DATE(S)  VALUE   FROM    VALUE  DATE(S)
                                          NORMAL
................................................................
TEMPERATURE (F)
RECORD
 HIGH              85   10/05/1951
 LOW               17   10/28/1976
HIGHEST            77   10/06        57      20       75  10/03
                        10/04
LOWEST             30   10/24        40     -10       26  10/13
AVG. MAXIMUM     60.4              56.8     3.6     57.5
AVG. MINIMUM     44.5              40.1     4.4     42.6
MEAN             52.5              48.5     4.0     50.1
DAYS MAX >= 90      0               0.0     0.0        0
DAYS MAX <= 32      0               0.0     0.0        0
DAYS MIN <= 32      2               5.3    -3.3        3
DAYS MIN <= 0       0               0.0     0.0        0

PRECIPITATION (INCHES)
RECORD
 MAXIMUM         9.43   1955
 MINIMUM         0.26   1963
TOTALS           2.81              3.33   -0.52     3.50
DAILY AVG.       0.09              0.11   -0.02     0.11
DAYS >= .01        11              12.5    -1.5       17
DAYS >= .10         6               6.6    -0.6        7
DAYS >= .50         2               2.1    -0.1        3
DAYS >= 1.00        0               0.8    -0.8        1
GREATEST
 24 HR. TOTAL    0.99   10/07 TO 10/07

SNOWFALL (INCHES)
RECORDS
 TOTAL           11.6   1993
 24 HR TOTAL      6.8   10/31/1993 TO 10/31/1993
 SNOW DEPTH         3   10/26/2005
                        10/25/2005
                        10/31/1993
TOTALS              T               1.0    -1.0        T
SINCE 7/1           T               1.0    -1.0        T
SNOWDEPTH AVG.      0                MM      MM        0
DAYS >= TRACE       3               0.9     2.1        2
DAYS >= 1.0         0               0.2    -0.2        0
GREATEST
 SNOW DEPTH         T   10/25                          0  MM
 24 HR TOTAL        T   10/25 TO 10/25

DEGREE_DAYS
HEATING TOTAL     392               515    -123      457
 SINCE 7/1        684               772     -88      671
COOLING TOTAL      12                 2      10        1
 SINCE 1/1        480               381      99      548
.................................................................

WIND (MPH)
AVERAGE WIND SPEED              6.9
RESULTANT WIND SPEED/DIRECTION   3/221
HIGHEST WIND SPEED/DIRECTION    28/270    DATE  10/07
HIGHEST GUST SPEED/DIRECTION    38/270    DATE  10/07

SKY COVER
POSSIBLE SUNSHINE (PERCENT)   MM
AVERAGE SKY COVER           0.60
NUMBER OF DAYS FAIR            6
NUMBER OF DAYS PC             18
NUMBER OF DAYS CLOUDY          7

AVERAGE RH (PERCENT)     73

WEATHER CONDITIONS. NUMBER OF DAYS WITH
THUNDERSTORM              0     MIXED PRECIP               0
HEAVY RAIN                4     RAIN                       7
LIGHT RAIN               17     FREEZING RAIN              0
LT FREEZING RAIN          0     HAIL                       0
HEAVY SNOW                0     SNOW                       0
LIGHT SNOW                1     SLEET                      0
FOG                      15     FOG W/VIS <= 1/4 MILE      6
HAZE                      2

-  INDICATES NEGATIVE NUMBERS.
R  INDICATES RECORD WAS SET OR TIED.
MM INDICATES DATA IS MISSING.
T  INDICATES TRACE AMOUNT.

&&
8TH WARMEST OCTOBER

$$
