000
CXUS51 KBGM 010553
CLMBGM


CLIMATE REPORT
NATIONAL WEATHER SERVICE BINGHAMTON NY
149 AM EDT WED MAY 1 2013

...................................

...THE BINGHAMTON NY CLIMATE SUMMARY FOR THE MONTH OF APRIL 2013...

CLIMATE NORMAL PERIOD 1981 TO 2010
CLIMATE RECORD PERIOD 1951 TO 2013

WEATHER         OBSERVED          NORMAL  DEPART  LAST YEAR`S
                 VALUE   DATE(S)  VALUE   FROM    VALUE  DATE(S)
                                          NORMAL
................................................................
TEMPERATURE (F)
RECORD
 HIGH              89   04/27/2009
 LOW                9   04/07/1982
HIGHEST            69   04/19        53      16       83  04/16
LOWEST             19   04/04        35     -16       26  04/28
                        04/02
AVG. MAXIMUM     53.7              54.2    -0.5     54.3
AVG. MINIMUM     34.4              35.9    -1.5     34.7
MEAN             44.1              45.1    -1.0     44.5
DAYS MAX >= 90      0               0.0     0.0        0
DAYS MAX <= 32      0               0.5    -0.5        0
DAYS MIN <= 32     10               9.9     0.1       13
DAYS MIN <= 0       0               0.0     0.0        0

PRECIPITATION (INCHES)
RECORD
 MAXIMUM         8.57   1983
 MINIMUM         0.73   2001
TOTALS           3.34              3.43   -0.09     2.65
DAILY AVG.       0.11              0.11    0.00     0.09
DAYS >= .01        12              13.4    -1.4       10
DAYS >= .10         9               7.5     1.5        6
DAYS >= .50         3               2.1     0.9        2
DAYS >= 1.00        0               0.4    -0.4        0
GREATEST
 24 HR. TOTAL    0.80   04/09 TO 04/10

SNOWFALL (INCHES)
RECORDS
 TOTAL           22.9   1983
 24 HR TOTAL     12.7   10/07/5881 TO 10/07/5881
                        04/15/2007 TO 04/16/2007
                        10/07/5881 TO 10/07/5881
 SNOW DEPTH         9   10/07/5881
                        04/17/2007
                        04/16/2007
TOTALS            0.9               4.3    -3.4      0.7
SINCE 7/1        69.1              83.3   -14.2     43.5
SNOWDEPTH AVG.      0                MM      MM        0
DAYS >= TRACE       6               3.4     2.6        9
DAYS >= 1.0         0               1.0    -1.0        0
GREATEST
 SNOW DEPTH         1   04/02                          0  MM
 24 HR TOTAL      0.5   04/02 TO 04/02

DEGREE_DAYS
HEATING TOTAL     619               603      16      611
 SINCE 7/1       6574              6799    -225     5575
COOLING TOTAL       0                 4      -4        6
 SINCE 1/1          0                 4      -4        6
.................................................................

WIND (MPH)
AVERAGE WIND SPEED              9.5
RESULTANT WIND SPEED/DIRECTION   2/205
HIGHEST WIND SPEED/DIRECTION    35/350    DATE  04/09
HIGHEST GUST SPEED/DIRECTION    43/350    DATE  04/09

SKY COVER
POSSIBLE SUNSHINE (PERCENT)   MM
AVERAGE SKY COVER           0.50
NUMBER OF DAYS FAIR           11
NUMBER OF DAYS PC              7
NUMBER OF DAYS CLOUDY         12

AVERAGE RH (PERCENT)     62

WEATHER CONDITIONS. NUMBER OF DAYS WITH
THUNDERSTORM              0     MIXED PRECIP               0
HEAVY RAIN                5     RAIN                       6
LIGHT RAIN               15     FREEZING RAIN              0
LT FREEZING RAIN          0     HAIL                       0
HEAVY SNOW                1     SNOW                       1
LIGHT SNOW                6     SLEET                      0
FOG                      12     FOG W/VIS <= 1/4 MILE      4
HAZE                      1

-  INDICATES NEGATIVE NUMBERS.
R  INDICATES RECORD WAS SET OR TIED.
MM INDICATES DATA IS MISSING.
T  INDICATES TRACE AMOUNT.

$$
