000
CXUS51 KBGM 010740
CLMBGM
CLIMATE REPORT
NATIONAL WEATHER SERVICE BINGHAMTON, NY
340 AM EDT SAT APR 01 2023
...................................
...THE BINGHAMTON NY CLIMATE SUMMARY FOR THE MONTH OF MARCH 2023...
CLIMATE NORMAL PERIOD 1991 TO 2020
CLIMATE RECORD PERIOD 1951 TO 2023
WEATHER OBSERVED NORMAL DEPART LAST YEAR`S
VALUE DATE(S) VALUE FROM VALUE DATE(S)
NORMAL
................................................................
TEMPERATURE (F)
RECORD
HIGH 82 03/31/1998
03/30/1998
LOW -7 03/19/1993
HIGHEST 58 03/22 41 17 69 03/18
LOWEST 17 03/12 25 -8 7 03/04
03/19
AVG. MAXIMUM 40.6 40.7 -0.1 44.2
AVG. MINIMUM 25.7 24.0 1.7 25.6
MEAN 33.2 32.3 0.9 34.9
DAYS MAX >= 90 0 0.0 0.0 0
DAYS MAX <= 32 7 7.6 -0.6 8
DAYS MIN <= 32 27 24.1 2.9 22
DAYS MIN <= 0 0 0.3 -0.3 0
PRECIPITATION (INCHES)
RECORD
MAXIMUM 6.33 2008
MINIMUM 0.69 1981
TOTALS 2.70 3.05 -0.35 3.83
DAILY AVG. 0.09 0.10 -0.01 0.12
DAYS >= .01 16 14.8 1.2 16
DAYS >= .10 10 7.4 2.6 7
DAYS >= .50 0 1.8 -1.8 3
DAYS >= 1.00 0 0.3 -0.3 0
GREATEST
24 HR. TOTAL 0.53 03/03 TO 03/04
SNOWFALL (INCHES)
RECORDS
TOTAL 46.5 2001
24 HR TOTAL 31.3 03/14/2017 TO 03/15/2017
SNOW DEPTH 35 03/15/1993
TOTALS 16.0 16.4 -0.4 21.9
SINCE 7/1 61.3 82.6 -21.3 MM
SNOWDEPTH AVG. 2 2
DAYS >= TRACE 18 10.5 7.5 13
DAYS >= 1.0 6 3.9 2.1 2
GREATEST
SNOW DEPTH 7 03/14 9 03/12
03/15
03/13
03/14
24 HR TOTAL MM
DEGREE DAYS
HEATING TOTAL 983 1012 -29 924
SINCE 7/1 5490 6162 -672 MM
COOLING TOTAL 0 0 0 0
SINCE 1/1 0 0 0 MM
................................................................
WIND (MPH)
AVERAGE WIND SPEED 9.9
RESULTANT WIND SPEED/DIRECTION 4/300
HIGHEST WIND SPEED/DIRECTION 35/140 DATE 03/04
HIGHEST GUST SPEED/DIRECTION 47/130 DATE 03/04
SKY COVER
POSSIBLE SUNSHINE (PERCENT) MM
AVERAGE SKY COVER 0.65
NUMBER OF DAYS FAIR 6
NUMBER OF DAYS PC 12
NUMBER OF DAYS CLOUDY 13
AVERAGE RH (PERCENT) 71
WEATHER CONDITIONS. NUMBER OF DAYS WITH
THUNDERSTORM 0 MIXED PRECIP 0
HEAVY RAIN 0 RAIN 5
LIGHT RAIN 7 FREEZING RAIN 3
LT FREEZING RAIN 2 HAIL 0
HEAVY SNOW 2 SNOW 5
LIGHT SNOW 16 SLEET 0
FOG 18 FOG W/VIS <= 1/4 MILE 2
HAZE 4
- INDICATES NEGATIVE NUMBERS.
R INDICATES RECORD WAS SET OR TIED.
MM INDICATES DATA IS MISSING.
T INDICATES TRACE AMOUNT.
$$