938
CXUS51 KBGM 012203 CCA
CLMBGM

CLIMATE REPORT...CORRECTED AND UPDATED
NATIONAL WEATHER SERVICE BINGHAMTON NY
604 PM EDT THU SEP 1 2016

...................................

...THE BINGHAMTON NY CLIMATE SUMMARY FOR THE MONTH OF AUGUST 2016...

CLIMATE NORMAL PERIOD 1981 TO 2010
CLIMATE RECORD PERIOD 1951 TO 2016

WEATHER         OBSERVED          NORMAL  DEPART  LAST YEAR`S
                 VALUE   DATE(S)  VALUE   FROM    VALUE  DATE(S)
                                          NORMAL
................................................................
TEMPERATURE (F)
RECORD
 HIGH              95   08/14/2002
                        08/09/2001
 LOW               37   08/30/1965
HIGHEST            89   08/13        76      13       85  08/18
                                                          08/17
LOWEST             51   08/23        57      -6       50  08/28
                                                          08/22
AVG. MAXIMUM     79.1              76.5     2.6     76.4
AVG. MINIMUM     61.9              58.3     3.6     58.0
MEAN             70.5              67.4     3.1     67.2
DAYS MAX >= 90      0               0.3    -0.3        0
DAYS MAX <= 32      0               0.0     0.0        0
DAYS MIN <= 32      0               0.0     0.0        0
DAYS MIN <= 0       0               0.0     0.0        0

PRECIPITATION (INCHES)
RECORD
 MAXIMUM         8.90   2011
 MINIMUM         0.61   1953
TOTALS           5.23              3.45    1.78     3.08
DAILY AVG.       0.17              0.11    0.06     0.10
DAYS >= .01        14              10.6     3.4       10
DAYS >= .10        10               6.6     3.4        6
DAYS >= .50         4               2.3     1.7        2
DAYS >= 1.00        2               0.7     1.3        1
GREATEST
 24 HR. TOTAL    1.36   08/10 TO 08/10

SNOWFALL (INCHES)
RECORDS
 TOTAL              T   2008
 24 HR TOTAL        T   08/10/2008 TO 08/10/2008
 SNOW DEPTH         0   MM
TOTALS            0.0               0.0     0.0      0.0
SINCE 7/1         0.0               0.0     0.0        T
SNOWDEPTH AVG.      0                MM      MM        0
DAYS >= TRACE       0               0.0     0.0        0
DAYS >= 1.0         0               0.0     0.0        0
GREATEST
 SNOW DEPTH         0   MM                             0  MM
 24 HR TOTAL      0.0   08/31 TO 08/31

DEGREE_DAYS
HEATING TOTAL       6                39     -33       25
 SINCE 7/1          9                63     -54       49
COOLING TOTAL     185               113      72      100
 SINCE 1/1        511               348     163      342
.................................................................

WIND (MPH)
AVERAGE WIND SPEED              6.5
RESULTANT WIND SPEED/DIRECTION   3/221
HIGHEST WIND SPEED/DIRECTION    24/280    DATE  08/12
HIGHEST GUST SPEED/DIRECTION    33/220    DATE  08/13

SKY COVER
POSSIBLE SUNSHINE (PERCENT)   MM
AVERAGE SKY COVER           0.30
NUMBER OF DAYS FAIR           15
NUMBER OF DAYS PC             15
NUMBER OF DAYS CLOUDY          1

AVERAGE RH (PERCENT)     76

WEATHER CONDITIONS. NUMBER OF DAYS WITH
THUNDERSTORM              7     MIXED PRECIP               0
HEAVY RAIN                9     RAIN                       9
LIGHT RAIN               16     FREEZING RAIN              0
LT FREEZING RAIN          0     HAIL                       0
HEAVY SNOW                0     SNOW                       0
LIGHT SNOW                0     SLEET                      0
FOG                      16     FOG W/VIS <= 1/4 MILE      3
HAZE                      2

-  INDICATES NEGATIVE NUMBERS.
R  INDICATES RECORD WAS SET OR TIED.
MM INDICATES DATA IS MISSING.
T  INDICATES TRACE AMOUNT.

&&
CORRECTED NUMBER OF THUNDERSTORM DAYS
9TH WARMEST AUGUST  RECORD 71.9F IN 2005
12TH WETTEST AUGUST  RECORD 8.90" IN 2011
$$

TAC
