000
CXUS51 KBGM 011715
CLMBGM


CLIMATE REPORT
NATIONAL WEATHER SERVICE BINGHAMTON NY
114 PM EDT MON AUG 1 2016

...................................

...THE BINGHAMTON NY CLIMATE SUMMARY FOR THE MONTH OF JULY 2016...

CLIMATE NORMAL PERIOD 1981 TO 2010
CLIMATE RECORD PERIOD 1951 TO 2016

WEATHER         OBSERVED          NORMAL  DEPART  LAST YEAR`S
                 VALUE   DATE(S)  VALUE   FROM    VALUE  DATE(S)
                                          NORMAL
................................................................
TEMPERATURE (F)
RECORD
 HIGH              98   07/16/1988
 LOW               39   07/09/1963
HIGHEST            93   07/22        78      15       86  07/19
LOWEST             52   07/20        59      -7       49  07/16
AVG. MAXIMUM     81.8              77.8     4.0     77.1
AVG. MINIMUM     61.5              59.6     1.9     58.6
MEAN             71.6              68.7     2.9     67.9
DAYS MAX >= 90      2               0.7     1.3        0
DAYS MAX <= 32      0               0.0     0.0        0
DAYS MIN <= 32      0               0.0     0.0        0
DAYS MIN <= 0       0               0.0     0.0        0

PRECIPITATION (INCHES)
RECORD
 MAXIMUM         7.68   2004
 MINIMUM         0.83   1955
TOTALS           2.89              3.70   -0.81     5.15
DAILY AVG.       0.09              0.12   -0.03     0.17
DAYS >= .01        11              11.8    -0.8       14
DAYS >= .10         6               7.5    -1.5       11
DAYS >= .50         3               2.6     0.4        5
DAYS >= 1.00        0               0.9    -0.9        1
GREATEST
 24 HR. TOTAL    1.35   07/30 TO 07/31

SNOWFALL (INCHES)
RECORDS
 TOTAL              T   2014
                        2010
 24 HR TOTAL        T   07/23/2014 TO 07/23/2014
                        07/14/2014 TO 07/14/2014
                        07/13/2014 TO 07/13/2014
 SNOW DEPTH         T   07/23/2014
TOTALS            0.0               0.0     0.0        T
SINCE 7/1         0.0               0.0     0.0        T
SNOWDEPTH AVG.      0                MM      MM        0
DAYS >= TRACE       0               0.0     0.0        1
DAYS >= 1.0         0               0.0     0.0        0
GREATEST
 SNOW DEPTH         0   MM                            -1  07/26
 24 HR TOTAL      0.0   07/31 TO 07/31

DEGREE_DAYS
HEATING TOTAL       3                24     -21       24
 SINCE 7/1          3                24     -21       24
COOLING TOTAL     217               138      79      119
 SINCE 1/1        326               235      91      242
.................................................................

WIND (MPH)
AVERAGE WIND SPEED              6.6
RESULTANT WIND SPEED/DIRECTION   2/276
HIGHEST WIND SPEED/DIRECTION    22/320    DATE  07/25
HIGHEST GUST SPEED/DIRECTION    39/MM     DATE   MM

SKY COVER
POSSIBLE SUNSHINE (PERCENT)   MM
AVERAGE SKY COVER           0.30
NUMBER OF DAYS FAIR           21
NUMBER OF DAYS PC              7
NUMBER OF DAYS CLOUDY          3

AVERAGE RH (PERCENT)     67

WEATHER CONDITIONS. NUMBER OF DAYS WITH
THUNDERSTORM              0     MIXED PRECIP               0
HEAVY RAIN                5     RAIN                       5
LIGHT RAIN               12     FREEZING RAIN              0
LT FREEZING RAIN          0     HAIL                       0
HEAVY SNOW                0     SNOW                       0
LIGHT SNOW                0     SLEET                      0
FOG                      13     FOG W/VIS <= 1/4 MILE      2
HAZE                      2

-  INDICATES NEGATIVE NUMBERS.
R  INDICATES RECORD WAS SET OR TIED.
MM INDICATES DATA IS MISSING.
T  INDICATES TRACE AMOUNT.

$$
