000
CXUS51 KBGM 011842
CLMBGM


CLIMATE REPORT
NATIONAL WEATHER SERVICE BINGHAMTON NY
222 PM EDT WED JUL 1 2015

...................................

...THE BINGHAMTON NY CLIMATE SUMMARY FOR THE MONTH OF JUNE 2015...

CLIMATE NORMAL PERIOD 1981 TO 2010
CLIMATE RECORD PERIOD 1951 TO 2015

WEATHER         OBSERVED          NORMAL  DEPART  LAST YEAR`S
                 VALUE   DATE(S)  VALUE   FROM    VALUE  DATE(S)
                                          NORMAL
................................................................
TEMPERATURE (F)
RECORD
 HIGH              94   06/26/1952
 LOW               33   06/09/1980
HIGHEST            84   06/12        73      11       84  06/17
LOWEST             41   06/07        54     -13       47  06/21
                                                          06/01
AVG. MAXIMUM     72.5              73.7    -1.2     75.3
AVG. MINIMUM     55.1              55.2    -0.1     56.8
MEAN             63.8              64.4    -0.6     66.1
DAYS MAX >= 90      0               0.1    -0.1        0
DAYS MAX <= 32      0               0.0     0.0        0
DAYS MIN <= 32      0               0.0     0.0        0
DAYS MIN <= 0       0               0.0     0.0        0

PRECIPITATION (INCHES)
RECORD
 MAXIMUM        11.45   2006
 MINIMUM         0.98   1979
TOTALS           9.74              4.31    5.43     4.37
DAILY AVG.       0.32              0.14    0.18     0.15
DAYS >= .01        18              12.6     5.4       10
DAYS >= .10        13               8.1     4.9        7
DAYS >= .50         6               2.8     3.2        2
DAYS >= 1.00        4               0.9     3.1        1
GREATEST
 24 HR. TOTAL    2.81   06/14 TO 06/15

SNOWFALL (INCHES)
RECORDS
 TOTAL              T   2012
 24 HR TOTAL        T   06/06/2012 TO 06/06/2012
 SNOW DEPTH         T   06/06/2012
TOTALS            0.0               0.0     0.0      0.0
SINCE 7/1        93.4              83.4    10.0     85.4
SNOWDEPTH AVG.      0                 0       0        0
DAYS >= TRACE       0               0.0     0.0        0
DAYS >= 1.0         0               0.0     0.0        0
GREATEST
 SNOW DEPTH         0                                  0
 24 HR TOTAL      0.0

DEGREE_DAYS
HEATING TOTAL      77                91     -14       45
 SINCE 7/1       7535              7195     340     7539
COOLING TOTAL      50                74     -24       85
 SINCE 1/1        123                97      26      110
.................................................................

WIND (MPH)
AVERAGE WIND SPEED              7.7
RESULTANT WIND SPEED/DIRECTION   1/230
HIGHEST WIND SPEED/DIRECTION    30/290    DATE  06/12
HIGHEST GUST SPEED/DIRECTION    47/290    DATE  06/12

SKY COVER
POSSIBLE SUNSHINE (PERCENT)   MM
AVERAGE SKY COVER           0.50
NUMBER OF DAYS FAIR           10
NUMBER OF DAYS PC             10
NUMBER OF DAYS CLOUDY         10

AVERAGE RH (PERCENT)     79

WEATHER CONDITIONS. NUMBER OF DAYS WITH
THUNDERSTORM              0     MIXED PRECIP               0
HEAVY RAIN               10     RAIN                      11
LIGHT RAIN               19     FREEZING RAIN              0
LT FREEZING RAIN          0     HAIL                       0
HEAVY SNOW                0     SNOW                       0
LIGHT SNOW                0     SLEET                      0
FOG                      24     FOG W/VIS <= 1/4 MILE      7
HAZE                      1

-  INDICATES NEGATIVE NUMBERS.
R  INDICATES RECORD WAS SET OR TIED.
MM INDICATES DATA IS MISSING.
T  INDICATES TRACE AMOUNT.

&&
DAILY RECORD RAINFALL JUNE 14TH OF 2.75" OLD RECORD 2.63" IN 1960
2ND WETTEST JUNE

$$
