187
CXUS51 KBGM 011109
CLMBGM


CLIMATE REPORT
NATIONAL WEATHER SERVICE BINGHAMTON NY
559 AM EST WED FEB 1 2017

...................................

...THE BINGHAMTON NY CLIMATE SUMMARY FOR THE MONTH OF JANUARY 2017...

CLIMATE NORMAL PERIOD 1981 TO 2010
CLIMATE RECORD PERIOD 1951 TO 2017

WEATHER         OBSERVED          NORMAL  DEPART  LAST YEAR`S
                 VALUE   DATE(S)  VALUE   FROM    VALUE  DATE(S)
                                          NORMAL
................................................................
TEMPERATURE (F)
RECORD
 HIGH              63   01/08/2008
                        01/08/1998
                        01/25/1967
 LOW              -20   01/15/1957
HIGHEST            56   01/22        28      28       53  01/31
LOWEST              2   01/09        15     -13        0  01/05
AVG. MAXIMUM     32.8              28.7     4.1     31.3
AVG. MINIMUM     22.2              15.7     6.5     17.5
MEAN             27.5              22.2     5.3     24.4
DAYS MAX >= 90      0               0.0     0.0        0
DAYS MAX <= 32     14              19.6    -5.6       19
DAYS MIN <= 32     27              28.7    -1.7       29
DAYS MIN <= 0       0               3.2    -3.2        1

PRECIPITATION (INCHES)
RECORD
 MAXIMUM         6.39   1979
 MINIMUM         0.76   1970
TOTALS           3.79              2.45    1.34     1.31
DAILY AVG.       0.12              0.08    0.04     0.04
DAYS >= .01        19              15.7     3.3       10
DAYS >= .10         9               5.8     3.2        3
DAYS >= .50         5               1.2     3.8        1
DAYS >= 1.00        0               0.3    -0.3        0
GREATEST
 24 HR. TOTAL    1.10   01/23 TO 01/24

SNOWFALL (INCHES)
RECORDS
 TOTAL           45.9   2005
 24 HR TOTAL     18.4   01/13/1964 TO 01/13/1964
 SNOW DEPTH        32   01/08/1994
TOTALS           12.0              22.2   -10.2     10.2
SINCE 7/1        70.4              46.8    23.6     13.5
SNOWDEPTH AVG.      1                 4      -3        1
DAYS >= TRACE      22              16.9     5.1       21
DAYS >= 1.0         4               6.1    -2.1        3
GREATEST
 SNOW DEPTH         5   01/31                          4  01/14
 24 HR TOTAL      3.7   01/24 TO 01/24

DEGREE_DAYS
HEATING TOTAL    1157              1327    -170     1253
 SINCE 7/1       3682              4072    -390     3278
COOLING TOTAL       0                 0       0        0
 SINCE 1/1          0                 0       0        0
.................................................................

WIND (MPH)
AVERAGE WIND SPEED              8.8
RESULTANT WIND SPEED/DIRECTION   3/237
HIGHEST WIND SPEED/DIRECTION    30/270    DATE  01/04
HIGHEST GUST SPEED/DIRECTION    38/280    DATE  01/04

SKY COVER
POSSIBLE SUNSHINE (PERCENT)   MM
AVERAGE SKY COVER           0.70
NUMBER OF DAYS FAIR            5
NUMBER OF DAYS PC              6
NUMBER OF DAYS CLOUDY         20

AVERAGE RH (PERCENT)     80

WEATHER CONDITIONS. NUMBER OF DAYS WITH
THUNDERSTORM              0     MIXED PRECIP               0
HEAVY RAIN                1     RAIN                       3
LIGHT RAIN                9     FREEZING RAIN              4
LT FREEZING RAIN          5     HAIL                       0
HEAVY SNOW                0     SNOW                       6
LIGHT SNOW               19     SLEET                      0
FOG                      28     FOG W/VIS <= 1/4 MILE      9
HAZE                      6

-  INDICATES NEGATIVE NUMBERS.
R  INDICATES RECORD WAS SET OR TIED.
MM INDICATES DATA IS MISSING.
T  INDICATES TRACE AMOUNT.

&&
8TH WARMEST JANUARY
8TH WETTEST JANUARY
$$
