000
CXUS51 KBGM 011024
CLMBGM


CLIMATE REPORT
NATIONAL WEATHER SERVICE BINGHAMTON NY
519 AM EST SUN FEB 1 2015

...................................

...THE BINGHAMTON NY CLIMATE SUMMARY FOR THE MONTH OF JANUARY 2015...

CLIMATE NORMAL PERIOD 1981 TO 2010
CLIMATE RECORD PERIOD 1951 TO 2015

WEATHER         OBSERVED          NORMAL  DEPART  LAST YEAR`S
                 VALUE   DATE(S)  VALUE   FROM    VALUE  DATE(S)
                                          NORMAL
................................................................
TEMPERATURE (F)
RECORD
 HIGH              63   01/08/2008
                        01/08/1998
                        01/25/1967
 LOW              -20   01/15/1957
HIGHEST            50   01/04        28      22       52  01/11
LOWEST             -5   01/14        15     -20      -11  01/22
AVG. MAXIMUM     25.7              28.7    -3.0     25.4
AVG. MINIMUM      9.7              15.7    -6.0      9.1
MEAN             17.7              22.2    -4.5     17.3
DAYS MAX >= 90      0               0.0     0.0        0
DAYS MAX <= 32     26              19.6     6.4       21
DAYS MIN <= 32     30              28.7     1.3       30
DAYS MIN <= 0       4               3.2     0.8       11

PRECIPITATION (INCHES)
RECORD
 MAXIMUM         6.39   1979
 MINIMUM         0.76   1970
TOTALS           1.93              2.45   -0.52     2.94
DAILY AVG.       0.06              0.08   -0.02     0.09
DAYS >= .01        16              15.7     0.3       18
DAYS >= .10         3               5.8    -2.8        7
DAYS >= .50         1               1.2    -0.2        2
DAYS >= 1.00        0               0.3    -0.3        0
GREATEST
 24 HR. TOTAL    0.81   01/03 TO 01/04

SNOWFALL (INCHES)
RECORDS
 TOTAL           45.9   2005
 24 HR TOTAL     18.4   01/13/1964 TO 01/13/1964
 SNOW DEPTH        32   01/08/1994
TOTALS           16.1              22.2    -6.1     23.2
SINCE 7/1        42.9              46.8    -3.9     56.4
SNOWDEPTH AVG.      3                 4      -1        2
DAYS >= TRACE      24              16.9     7.1       21
DAYS >= 1.0         6               6.1    -0.1        7
GREATEST
 SNOW DEPTH         8   01/31                         11  01/03
                        01/30
 24 HR TOTAL      3.7   01/12 TO 01/12

DEGREE_DAYS
HEATING TOTAL    1460              1327     133     1471
 SINCE 7/1       4064              4072      -8     4210
COOLING TOTAL       0                 0       0        0
 SINCE 1/1          0                 0       0        0
.................................................................

WIND (MPH)
AVERAGE WIND SPEED              9.7
RESULTANT WIND SPEED/DIRECTION   4/272
HIGHEST WIND SPEED/DIRECTION    29/260    DATE  01/09
HIGHEST GUST SPEED/DIRECTION    44/250    DATE  01/04

SKY COVER
POSSIBLE SUNSHINE (PERCENT)   MM
AVERAGE SKY COVER           0.60
NUMBER OF DAYS FAIR            4
NUMBER OF DAYS PC             15
NUMBER OF DAYS CLOUDY         12

AVERAGE RH (PERCENT)     73

WEATHER CONDITIONS. NUMBER OF DAYS WITH
THUNDERSTORM              0     MIXED PRECIP               0
HEAVY RAIN                0     RAIN                       1
LIGHT RAIN                3     FREEZING RAIN              1
LT FREEZING RAIN          2     HAIL                       0
HEAVY SNOW                3     SNOW                       7
LIGHT SNOW               21     SLEET                      0
FOG                      23     FOG W/VIS <= 1/4 MILE      6
HAZE                     11

-  INDICATES NEGATIVE NUMBERS.
R  INDICATES RECORD WAS SET OR TIED.
MM INDICATES DATA IS MISSING.
T  INDICATES TRACE AMOUNT.

&&

DAILY RECORD PRECIPITATION OF 0.46 INCHES ON THE 12TH
OLD RECORD 0.39 INCHES IN 1996

$$

TAC
