529
CXUS51 KBGM 061034
CLMBGM


CLIMATE REPORT
NATIONAL WEATHER SERVICE BINGHAMTON NY
619 AM EDT MON JUN 6 2016

...................................

...THE BINGHAMTON NY CLIMATE SUMMARY FOR THE SEASON, FROM
3/1/2016 TO 5/31/2016...

CLIMATE NORMAL PERIOD 1981 TO 2010
CLIMATE RECORD PERIOD 1951 TO 2016

WEATHER         OBSERVED          NORMAL  DEPART  LAST YEAR`S
                 VALUE   DATE(S)  VALUE   FROM    VALUE  DATE(S)
                                          NORMAL
................................................................
TEMPERATURE (F)
RECORD
 HIGH              89   04/27/2009
                        05/20/1996
                        05/07/1982
 LOW               -7   03/19/1993
HIGHEST            88   05/28        53      35       85  05/08
LOWEST             12   04/05        35     -23       -3  03/06
                        03/03
AVG. MAXIMUM     55.9              53.6     2.3     53.6
AVG. MINIMUM     36.0              35.5     0.5     35.5
MEAN             46.0              44.6     1.4     44.5
DAYS MAX >= 90      0               0.0     0.0        0
DAYS MAX <= 32      7               7.2    -0.2       12
DAYS MIN <= 32     34              34.5    -0.5       42
DAYS MIN <= 0       0               0.2    -0.2        1

PRECIPITATION (INCHES)
RECORD
 MAXIMUM        19.93   2011
 MINIMUM         5.07   1969
TOTALS           7.08              9.99   -2.91     9.61
DAILY AVG.       0.08              0.11   -0.03     0.10
DAYS >= .01        36              41.7    -5.7       46
DAYS >= .10        21              22.8    -1.8       24
DAYS >= .50         2               6.3    -4.3        5
DAYS >= 1.00        0               1.2    -1.2        1
GREATEST
 24 HR. TOTAL    0.83   05/13 TO 05/13

SNOWFALL (INCHES)
RECORDS
 TOTAL           54.1   1993
 24 HR TOTAL     19.1   03/13/1993 TO 03/14/1993
 SNOW DEPTH        35   03/15/1993
TOTALS           10.3              19.5    -9.2     17.6
SINCE 7/1        32.0              83.4   -51.4     93.4
SNOWDEPTH AVG.      0                MM      MM        4
DAYS >= TRACE      20              14.0     6.0       23
DAYS >= 1.0         3               4.9    -1.9        5
GREATEST
 SNOW DEPTH         4   04/05                         21  03/08
                        04/04                             03/04
 24 HR TOTAL      4.4   04/02 TO 04/03

DEGREE_DAYS
HEATING TOTAL    1771              1904    -133     1926
 SINCE 7/1       6129              7104     -75     7458
COOLING TOTAL      46                24      22       73
 SINCE 1/1         46                23      23       73

FREEZE DATES
RECORD
 EARLIEST     09/20/1993
 LATEST       05/25/1956
EARLIEST                        10/08
LATEST                          05/02
..................................................

WIND (MPH)
AVERAGE WIND SPEED              8.2
RESULTANT WIND SPEED/DIRECTION   2/294
HIGHEST WIND SPEED/DIRECTION    32/260    DATE  03/28
HIGHEST GUST SPEED/DIRECTION    47/310    DATE  04/03

SKY COVER
POSSIBLE SUNSHINE (PERCENT)   MM
AVERAGE SKY COVER           0.50
NUMBER OF DAYS FAIR           35
NUMBER OF DAYS PC             25
NUMBER OF DAYS CLOUDY         32

AVERAGE RH (PERCENT)     64

WEATHER CONDITIONS. NUMBER OF DAYS WITH
THUNDERSTORM              5     MIXED PRECIP               0
HEAVY RAIN                5     RAIN                      15
LIGHT RAIN               37     FREEZING RAIN              0
LT FREEZING RAIN          0     HAIL                       1
HEAVY SNOW                3     SNOW                       5
LIGHT SNOW               18     SLEET                      0
FOG                      43     FOG W/VIS <= 1/4 MILE      8
HAZE                     12

-  INDICATES NEGATIVE NUMBERS.
R  INDICATES RECORD WAS SET OR TIED.
MM INDICATES DATA IS MISSING.
T  INDICATES TRACE AMOUNT.

$$
