037
CXUS51 KBGM 011352
CLMBGM


CLIMATE REPORT
NATIONAL WEATHER SERVICE BINGHAMTON NY
952 AM EDT FRI APR 1 2016

...................................

...THE BINGHAMTON NY CLIMATE SUMMARY FOR THE MONTH OF MARCH 2016...

CLIMATE NORMAL PERIOD 1981 TO 2010
CLIMATE RECORD PERIOD 1951 TO 2016

WEATHER         OBSERVED          NORMAL  DEPART  LAST YEAR`S
                 VALUE   DATE(S)  VALUE   FROM    VALUE  DATE(S)
                                          NORMAL
................................................................
TEMPERATURE (F)
RECORD
 HIGH              82   03/31/1998
                        03/30/1998
 LOW               -7   03/19/1993
HIGHEST            72   03/09        41      31       49  03/11
LOWEST             12   03/03        25     -13       -3  03/06
AVG. MAXIMUM     50.2              41.1     9.1     34.3
AVG. MINIMUM     29.5              24.6     4.9     19.5
MEAN             39.8              32.8     7.0     26.9
DAYS MAX >= 90      0               0.0     0.0        0
DAYS MAX <= 32      3               6.7    -3.7       12
DAYS MIN <= 32     18              23.7    -5.7       30
DAYS MIN <= 0       0               0.2    -0.2        1

PRECIPITATION (INCHES)
RECORD
 MAXIMUM         6.33   2008
 MINIMUM         0.69   1981
TOTALS           1.40              2.99   -1.59     1.99
DAILY AVG.       0.05              0.10   -0.05     0.06
DAYS >= .01        10              14.6    -4.6       18
DAYS >= .10         3               7.3    -4.3        7
DAYS >= .50         0               1.9    -1.9        0
DAYS >= 1.00        0               0.3    -0.3        0
GREATEST
 24 HR. TOTAL    0.49   03/10 TO 03/11

SNOWFALL (INCHES)
RECORDS
 TOTAL           46.5   2001
 24 HR TOTAL     19.1   03/13/1993 TO 03/14/1993
 SNOW DEPTH        35   03/15/1993
TOTALS            1.0              15.1   -14.1     14.8
SINCE 7/1        22.7              79.0   -56.3     90.6
SNOWDEPTH AVG.      0                 4      -4       11
DAYS >= TRACE      10              10.4    -0.4       18
DAYS >= 1.0         0               3.8    -3.8        4
GREATEST
 SNOW DEPTH         0   MM                            21  03/08
                                                          03/04
 24 HR TOTAL      0.4   MM

DEGREE_DAYS
HEATING TOTAL     771               997    -226     1170
 SINCE 7/1       5129              6196   -1067     6702
COOLING TOTAL       0                 0       0        0
 SINCE 1/1          0                 0       0        0
.................................................................

WIND (MPH)
AVERAGE WIND SPEED              9.5
RESULTANT WIND SPEED/DIRECTION   2/246
HIGHEST WIND SPEED/DIRECTION    32/260    DATE  03/28
HIGHEST GUST SPEED/DIRECTION    44/250    DATE  03/28

SKY COVER
POSSIBLE SUNSHINE (PERCENT)   MM
AVERAGE SKY COVER           0.60
NUMBER OF DAYS FAIR            6
NUMBER OF DAYS PC             16
NUMBER OF DAYS CLOUDY          9

AVERAGE RH (PERCENT)     65

WEATHER CONDITIONS. NUMBER OF DAYS WITH
THUNDERSTORM              0     MIXED PRECIP               0
HEAVY RAIN                1     RAIN                       2
LIGHT RAIN               11     FREEZING RAIN              0
LT FREEZING RAIN          0     HAIL                       1
HEAVY SNOW                1     SNOW                       0
LIGHT SNOW                9     SLEET                      0
FOG                      14     FOG W/VIS <= 1/4 MILE      3
HAZE                      2

-  INDICATES NEGATIVE NUMBERS.
R  INDICATES RECORD WAS SET OR TIED.
MM INDICATES DATA IS MISSING.
T  INDICATES TRACE AMOUNT.

$$
