754
CXUS51 KBGM 010914
CLMBGM


CLIMATE REPORT
NATIONAL WEATHER SERVICE BINGHAMTON NY
506 AM EDT FRI SEP 1 2017

...................................

...THE BINGHAMTON NY CLIMATE SUMMARY FOR THE MONTH OF AUGUST 2017...

CLIMATE NORMAL PERIOD 1981 TO 2010
CLIMATE RECORD PERIOD 1951 TO 2017

WEATHER         OBSERVED          NORMAL  DEPART  LAST YEAR`S
                 VALUE   DATE(S)  VALUE   FROM    VALUE  DATE(S)
                                          NORMAL
................................................................
TEMPERATURE (F)
RECORD
 HIGH              95   08/14/2002
                        08/09/2001
 LOW               37   08/30/1965
HIGHEST            82   08/22        76       6       89  08/13
                        08/02
LOWEST             44   08/26        57     -13       51  08/23
AVG. MAXIMUM     73.6              76.5    -2.9     79.1
AVG. MINIMUM     55.6              58.3    -2.7     61.9
MEAN             64.6              67.4    -2.8     70.5
DAYS MAX >= 90      0               0.3    -0.3        0
DAYS MAX <= 32      0               0.0     0.0        0
DAYS MIN <= 32      0               0.0     0.0        0
DAYS MIN <= 0       0               0.0     0.0        0

PRECIPITATION (INCHES)
RECORD
 MAXIMUM         8.90   2011
 MINIMUM         0.61   1953
TOTALS           2.62              3.45   -0.83     5.23
DAILY AVG.       0.08              0.11   -0.03     0.17
DAYS >= .01        13              10.6     2.4       14
DAYS >= .10         8               6.6     1.4       10
DAYS >= .50         0               2.3    -2.3        4
DAYS >= 1.00        0               0.7    -0.7        2
GREATEST
 24 HR. TOTAL    0.41   08/18 TO 08/18

SNOWFALL (INCHES)
RECORDS
 TOTAL              T   2008
 24 HR TOTAL        T   08/10/2008 TO 08/10/2008
 SNOW DEPTH         0   MM
TOTALS            0.0               0.0     0.0      0.0
SINCE 7/1         0.0               0.0     0.0      0.0
SNOWDEPTH AVG.      0                MM      MM        0
DAYS >= TRACE       0               0.0     0.0        0
DAYS >= 1.0         0               0.0     0.0        0
GREATEST
 SNOW DEPTH         0   MM                             0  MM
 24 HR TOTAL      0.0   08/31 TO 08/31

DEGREE_DAYS
HEATING TOTAL      73                39      34        6
 SINCE 7/1         81                63      18        9
COOLING TOTAL      70               113     -43      185
 SINCE 1/1        271               348     -77      511
.................................................................

WIND (MPH)
AVERAGE WIND SPEED              6.2
RESULTANT WIND SPEED/DIRECTION   2/240
HIGHEST WIND SPEED/DIRECTION    25/240    DATE  08/04
HIGHEST GUST SPEED/DIRECTION    35/240    DATE  08/04

SKY COVER
POSSIBLE SUNSHINE (PERCENT)   MM
AVERAGE SKY COVER           0.30
NUMBER OF DAYS FAIR           16
NUMBER OF DAYS PC             11
NUMBER OF DAYS CLOUDY          1

AVERAGE RH (PERCENT)     77

WEATHER CONDITIONS. NUMBER OF DAYS WITH
THUNDERSTORM              8     MIXED PRECIP               0
HEAVY RAIN                6     RAIN                       8
LIGHT RAIN               15     FREEZING RAIN              0
LT FREEZING RAIN          0     HAIL                       0
HEAVY SNOW                0     SNOW                       0
LIGHT SNOW                0     SLEET                      0
FOG                      21     FOG W/VIS <= 1/4 MILE      6
HAZE                      1

-  INDICATES NEGATIVE NUMBERS.
R  INDICATES RECORD WAS SET OR TIED.
MM INDICATES DATA IS MISSING.
T  INDICATES TRACE AMOUNT.

&&
5TH COLDEST AUGUST
$$

TAC
