000
CXUS51 KBGM 011603 CCA
CLMBGM

CLIMATE REPORT...CORRECTED
NATIONAL WEATHER SERVICE BINGHAMTON NY
1204 PM EDT WED NOV 1 2017

...................................

...THE BINGHAMTON NY CLIMATE SUMMARY FOR THE MONTH OF OCTOBER 2017...

CLIMATE NORMAL PERIOD 1981 TO 2010
CLIMATE RECORD PERIOD 1951 TO 2017

WEATHER         OBSERVED          NORMAL  DEPART  LAST YEAR`S
                 VALUE   DATE(S)  VALUE   FROM    VALUE  DATE(S)
                                          NORMAL
................................................................
TEMPERATURE (F)
RECORD
 HIGH              85   10/05/1951
 LOW               17   10/28/1976
HIGHEST            78   10/04        57      21       77  10/18
LOWEST             31   10/17        40      -9       28  10/29
                                                          10/27
AVG. MAXIMUM     63.8              56.8     7.0     57.7
AVG. MINIMUM     45.5              40.1     5.4     40.6
MEAN             54.6              48.5     6.1     49.2
DAYS MAX >= 90      0               0.0     0.0        0
DAYS MAX <= 32      0               0.0     0.0        0
DAYS MIN <= 32      2               5.3    -3.3        7
DAYS MIN <= 0       0               0.0     0.0        0

PRECIPITATION (INCHES)
RECORD
 MAXIMUM         9.43   1955
 MINIMUM         0.26   1963
TOTALS           4.13              3.33    0.80     5.83
DAILY AVG.       0.13              0.11    0.02     0.19
DAYS >= .01        11              12.5    -1.5       15
DAYS >= .10         7               6.6     0.4        9
DAYS >= .50         3               2.1     0.9        3
DAYS >= 1.00        1               0.8     0.2        1
GREATEST
 24 HR. TOTAL    1.85   10/29 TO 10/30

SNOWFALL (INCHES)
RECORDS
 TOTAL           11.6   1993
 24 HR TOTAL      6.8   10/31/1993 TO 10/31/1993
 SNOW DEPTH         3   10/26/2005
                        10/25/2005
                        10/31/1993
TOTALS            0.0               1.0    -1.0      1.0
SINCE 7/1         0.0               1.0    -1.0      1.0
SNOWDEPTH AVG.      0                MM      MM        0
DAYS >= TRACE       0               0.9    -0.9        4
DAYS >= 1.0         0               0.2    -0.2        1
GREATEST
 SNOW DEPTH         0   MM                             1  10/27
 24 HR TOTAL      0.0   MM

DEGREE_DAYS
HEATING TOTAL     322               515    -193      488
 SINCE 7/1        558               772    -214      611
COOLING TOTAL       9                 2       7        4
 SINCE 1/1        349               381     -32      563
.................................................................

WIND (MPH)
AVERAGE WIND SPEED              8.1
RESULTANT WIND SPEED/DIRECTION   4/217
HIGHEST WIND SPEED/DIRECTION    30/270    DATE  10/30
HIGHEST GUST SPEED/DIRECTION    41/170    DATE  10/24

SKY COVER
POSSIBLE SUNSHINE (PERCENT)   MM
AVERAGE SKY COVER           0.50
NUMBER OF DAYS FAIR           11
NUMBER OF DAYS PC             10
NUMBER OF DAYS CLOUDY         10

AVERAGE RH (PERCENT)     71

WEATHER CONDITIONS. NUMBER OF DAYS WITH
THUNDERSTORM              0     MIXED PRECIP               0
HEAVY RAIN                4     RAIN                       8
LIGHT RAIN               12     FREEZING RAIN              0
LT FREEZING RAIN          0     HAIL                       0
HEAVY SNOW                0     SNOW                       0
LIGHT SNOW                0     SLEET                      0
FOG                      14     FOG W/VIS <= 1/4 MILE      4
HAZE                      1

-  INDICATES NEGATIVE NUMBERS.
R  INDICATES RECORD WAS SET OR TIED.
MM INDICATES DATA IS MISSING.
T  INDICATES TRACE AMOUNT.

&&
CORRECTED 24 HOUR GREATEST PRECIPITATION
4TH WARMEST OCTOBER
$$

TAC
