000
CXUS51 KBGM 031616 CCA
CLMBGM

CLIMATE REPORT...CORRECTED
NATIONAL WEATHER SERVICE BINGHAMTON NY
1115 AM EST THU MAR 3 2017

...................................

...THE BINGHAMTON NY CLIMATE SUMMARY FOR THE MONTH OF FEBRUARY 2017...

CLIMATE NORMAL PERIOD 1981 TO 2010
CLIMATE RECORD PERIOD 1951 TO 2017

WEATHER         OBSERVED          NORMAL  DEPART  LAST YEAR`S
                 VALUE   DATE(S)  VALUE   FROM    VALUE  DATE(S)
                                          NORMAL
................................................................
TEMPERATURE (F)
RECORD
 HIGH              70   02/24/2017
 LOW              -18   02/14/2016
HIGHEST            70R  02/24        31      39       58  02/20
LOWEST              9   02/09        17      -8      -18  02/14
AVG. MAXIMUM     39.5              32.1     7.4     36.3
AVG. MINIMUM     23.6              17.4     6.2     18.8
MEAN             31.5              24.7     6.8     27.6
DAYS MAX >= 90      0               0.0     0.0        0
DAYS MAX <= 32     10              14.8    -4.8       11
DAYS MIN <= 32     23              25.7    -2.7       28
DAYS MIN <= 0       0               1.3    -1.3        3

PRECIPITATION (INCHES)
RECORD
 MAXIMUM         4.92   2011
 MINIMUM         0.51   1968
TOTALS           2.48              2.31    0.17     4.00
DAILY AVG.       0.09              0.08    0.01     0.14
DAYS >= .01        13              13.1    -0.1       14
DAYS >= .10         6               5.8     0.2        6
DAYS >= .50         2               1.1     0.9        3
DAYS >= 1.00        0               0.2    -0.2        1
GREATEST
 24 HR. TOTAL    0.86   02/12 TO 02/13

SNOWFALL (INCHES)
RECORDS
 TOTAL           44.3   1972
 24 HR TOTAL     23.0   02/03/1961 TO 02/04/1961
 SNOW DEPTH        28   02/05/1961
TOTALS           23.1              17.1     6.0      8.2
SINCE 7/1        93.5              63.9    29.6     21.7
SNOWDEPTH AVG.      4                 5      -1        1
DAYS >= TRACE      17              13.3     3.7       17
DAYS >= 1.0         6               5.3     0.7        4
GREATEST
 SNOW DEPTH        10   02/17                          3  02/15
                        02/16
 24 HR TOTAL      9.4   02/12 TO 2/13

DEGREE_DAYS
HEATING TOTAL     931              1127    -196     1080
 SINCE 7/1       4613              5199    -586     4358
COOLING TOTAL       0                 0       0        0
 SINCE 1/1          0                 0       0        0
.................................................................

WIND (MPH)
AVERAGE WIND SPEED              9.6
RESULTANT WIND SPEED/DIRECTION   5/259
HIGHEST WIND SPEED/DIRECTION    29/330    DATE  02/09
HIGHEST GUST SPEED/DIRECTION    40/300    DATE  02/13

SKY COVER
POSSIBLE SUNSHINE (PERCENT)   MM
AVERAGE SKY COVER           0.60
NUMBER OF DAYS FAIR            6
NUMBER OF DAYS PC             11
NUMBER OF DAYS CLOUDY         11

AVERAGE RH (PERCENT)     70

WEATHER CONDITIONS. NUMBER OF DAYS WITH
THUNDERSTORM              1     MIXED PRECIP               0
HEAVY RAIN                1     RAIN                       2
LIGHT RAIN                4     FREEZING RAIN              1
LT FREEZING RAIN          1     HAIL                       0
HEAVY SNOW                3     SNOW                       6
LIGHT SNOW               16     SLEET                      0
FOG                      17     FOG W/VIS <= 1/4 MILE      7
HAZE                      9

-  INDICATES NEGATIVE NUMBERS.
R  INDICATES RECORD WAS SET OR TIED.
MM INDICATES DATA IS MISSING.
T  INDICATES TRACE AMOUNT.

&&
CORRECTED PRECIPITATION, 24 HOUR GREATEST SNOWFALL,
THUNDERSTORM DAYS, AND NUMBER OF DAYS WITH MEASURABLE
PRECIPITATION

MANY DAILY TEMPERATURE RECORDS
RECORD HIGH TEMPERATURE FOR FEBRUARY...SEE ABOVE
2ND WARMEST AVERAGE TEMPERATURE FOR FEBRUARY
   WARMEST FEBRUARY 33.1 IN 1954

$$

TAC
