000
CXUS51 KBGM 010857
CLMBGM


CLIMATE REPORT
NATIONAL WEATHER SERVICE BINGHAMTON NY
442 AM EDT SUN JUN 1 2014

...................................

...THE BINGHAMTON NY CLIMATE SUMMARY FOR THE MONTH OF MAY 2014...

CLIMATE NORMAL PERIOD 1981 TO 2010
CLIMATE RECORD PERIOD 1951 TO 2014

WEATHER         OBSERVED          NORMAL  DEPART  LAST YEAR`S
                 VALUE   DATE(S)  VALUE   FROM    VALUE  DATE(S)
                                          NORMAL
................................................................
TEMPERATURE (F)
RECORD
 HIGH              89   05/20/1996
                        05/07/1982
 LOW               25   05/01/1978
                        05/10/1966
                        05/17/1956
HIGHEST            82   05/13        66      16       87  05/31
LOWEST             38   05/07        46      -8       30  05/14
                        05/05
AVG. MAXIMUM     68.2              65.5     2.7     68.5
AVG. MINIMUM     48.5              46.1     2.4     47.5
MEAN             58.4              55.8     2.6     58.0
DAYS MAX >= 90      0               0.0     0.0        0
DAYS MAX <= 32      0               0.0     0.0        0
DAYS MIN <= 32      0               0.9    -0.9        2
DAYS MIN <= 0       0               0.0     0.0        0

PRECIPITATION (INCHES)
RECORD
 MAXIMUM         7.48   2011
 MINIMUM         0.78   1962
TOTALS           4.22              3.57    0.65     3.37
DAILY AVG.       0.14              0.12    0.02     0.11
DAYS >= .01        14              13.7     0.3       12
DAYS >= .10         8               8.0     0.0        7
DAYS >= .50         2               2.3    -0.3        2
DAYS >= 1.00        1               0.5     0.5        0
GREATEST
 24 HR. TOTAL    1.40   05/16 TO 05/16

SNOWFALL (INCHES)
RECORDS
 TOTAL            3.4   1966
 24 HR TOTAL      3.4   05/09/1966 TO 05/09/1966
 SNOW DEPTH         2   05/10/1966
TOTALS              T               0.1    -0.1        T
SINCE 7/1        85.4              83.4     2.0     69.1
SNOWDEPTH AVG.      0                MM      MM        0
DAYS >= TRACE       1               0.2     0.8        2
DAYS >= 1.0         0               0.1    -0.1        0
GREATEST
 SNOW DEPTH         T   05/22                          0  MM
 24 HR TOTAL        T   05/22 TO 05/22

DEGREE_DAYS
HEATING TOTAL     221               305     -84      250
 SINCE 7/1       7494              7104     390     6824
COOLING TOTAL      23                19       4       43
 SINCE 1/1         25                23       2       43
.................................................................

WIND (MPH)
AVERAGE WIND SPEED              7.6
RESULTANT WIND SPEED/DIRECTION   3/281
HIGHEST WIND SPEED/DIRECTION    35/270    DATE  05/03
HIGHEST GUST SPEED/DIRECTION    46/250    DATE  05/03

SKY COVER
POSSIBLE SUNSHINE (PERCENT)   MM
AVERAGE SKY COVER           0.50
NUMBER OF DAYS FAIR           10
NUMBER OF DAYS PC             13
NUMBER OF DAYS CLOUDY          8

AVERAGE RH (PERCENT)     67

WEATHER CONDITIONS. NUMBER OF DAYS WITH
THUNDERSTORM              0     MIXED PRECIP               0
HEAVY RAIN                8     RAIN                       8
LIGHT RAIN               18     FREEZING RAIN              0
LT FREEZING RAIN          0     HAIL                       1
HEAVY SNOW                0     SNOW                       0
LIGHT SNOW                0     SLEET                      0
FOG                      15     FOG W/VIS <= 1/4 MILE      3
HAZE                      1

-  INDICATES NEGATIVE NUMBERS.
R  INDICATES RECORD WAS SET OR TIED.
MM INDICATES DATA IS MISSING.
T  INDICATES TRACE AMOUNT.

&&
SNOWFALL ON MAY 22ND WAS HAIL.
DAILY RECORD RAINFALL FOR MAY 16TH OF 1.40"  OLD RECORD 1.15" IN 2009
DAILY RECORD RAINFALL FOR MAY 14TH OF 0.86"  OLD RECORD 0.76" IN 2012

$$

TAC
