000
CXUS51 KBGM 031043 CCA
CLMBGM

CLIMATE REPORT...CORRECTED
NATIONAL WEATHER SERVICE BINGHAMTON NY
545 AM EST TUE DEC 3 2013

...................................

...THE BINGHAMTON NY CLIMATE SUMMARY FOR THE MONTH OF NOVEMBER 2013...

CLIMATE NORMAL PERIOD 1981 TO 2010
CLIMATE RECORD PERIOD 1951 TO 2013

WEATHER         OBSERVED          NORMAL  DEPART  LAST YEAR`S
                 VALUE   DATE(S)  VALUE   FROM    VALUE  DATE(S)
                                          NORMAL
................................................................
TEMPERATURE (F)
RECORD
 HIGH              77   11/02/1982
 LOW                3   11/30/1976
HIGHEST            65   11/01        44      21       68  11/11
LOWEST              9   11/30        31     -22       23  11/07
AVG. MAXIMUM     41.9              45.1    -3.2     42.7
AVG. MINIMUM     27.2              31.4    -4.2     29.5
MEAN             34.5              38.3    -3.8     36.1
DAYS MAX >= 90      0               0.0     0.0        0
DAYS MAX <= 32      6               3.2     2.8        4
DAYS MIN <= 32     20              16.4     3.6       25
DAYS MIN <= 0       0               0.0     0.0        0

PRECIPITATION (INCHES)
RECORD
 MAXIMUM         7.52   1972
 MINIMUM         1.01   1960
TOTALS           3.50              3.30    0.20     1.34
DAILY AVG.       0.12              0.11    0.01     0.04
DAYS >= .01        17              14.6     2.4       12
DAYS >= .10         8               7.0     1.0        3
DAYS >= .50         3               2.0     1.0        1
DAYS >= 1.00        1               0.5     0.5        0
GREATEST
 24 HR. TOTAL    1.53   11/26 TO 11/27

SNOWFALL (INCHES)
RECORDS
 TOTAL           33.9   1995
 24 HR TOTAL     11.2   11/30/1993 TO 12/01/1993
 SNOW DEPTH        13   11/15/1995
                        11/01/1993
TOTALS            8.2               5.8     2.4      4.6
SINCE 7/1         8.2               6.8     1.4      4.6
SNOWDEPTH AVG.      1                MM      MM        0
DAYS >= TRACE      15               6.0     9.0       11
DAYS >= 1.0         3               2.2     0.8        2
GREATEST
 SNOW DEPTH         3   11/26                          1  11/13
 24 HR TOTAL      3.2   11/26

DEGREE_DAYS
HEATING TOTAL     907               803     104      862
 SINCE 7/1       1591              1575      16     1533
COOLING TOTAL       0                 0       0        0
 SINCE 1/1        480               381      99      548
.................................................................

WIND (MPH)
AVERAGE WIND SPEED              9.7
RESULTANT WIND SPEED/DIRECTION   5/253
HIGHEST WIND SPEED/DIRECTION    32/250    DATE  11/01
HIGHEST GUST SPEED/DIRECTION    48/250    DATE  11/01

SKY COVER
POSSIBLE SUNSHINE (PERCENT)   MM
AVERAGE SKY COVER           0.60
NUMBER OF DAYS FAIR            7
NUMBER OF DAYS PC              8
NUMBER OF DAYS CLOUDY         15

AVERAGE RH (PERCENT)     68

WEATHER CONDITIONS. NUMBER OF DAYS WITH
THUNDERSTORM              0     MIXED PRECIP               0
HEAVY RAIN                4     RAIN                       5
LIGHT RAIN               12     FREEZING RAIN              1
LT FREEZING RAIN          1     HAIL                       0
HEAVY SNOW                2     SNOW                       3
LIGHT SNOW               12     SLEET                      0
FOG                      18     FOG W/VIS <= 1/4 MILE      4
HAZE                      6

-  INDICATES NEGATIVE NUMBERS.
R  INDICATES RECORD WAS SET OR TIED.
MM INDICATES DATA IS MISSING.
T  INDICATES TRACE AMOUNT.

&&
CORRECTED GREATEST SNOW DEPTH
ADD DATA OF GREATEST 24 HOUR SNOWFALL
RECORD DAILY LOW HIGH TEMPERATURE 21 11/24
 OLD RECORD 23 SET IN 1970

$$

TAC
