000
CXUS51 KBGM 010558
CLMBGM
CLIMATE REPORT
NATIONAL WEATHER SERVICE BINGHAMTON, NY
158 AM EDT WED NOV 01 2023
...................................
...THE BINGHAMTON NY CLIMATE SUMMARY FOR THE MONTH OF OCTOBER 2023...
CLIMATE NORMAL PERIOD 1991 TO 2020
CLIMATE RECORD PERIOD 1951 TO 2023
WEATHER OBSERVED NORMAL DEPART LAST YEAR`S
VALUE DATE(S) VALUE FROM VALUE DATE(S)
NORMAL
................................................................
TEMPERATURE (F)
RECORD
HIGH 85 10/05/1951
LOW 17 10/28/1976
HIGHEST 82 10/03 57 25 71 10/06
10/04
LOWEST 31 10/31 40 -9 30 10/19
10/28
10/30
AVG. MAXIMUM 61.4 57.1 4.3 58.1
AVG. MINIMUM 46.4 40.5 5.9 39.6
MEAN 53.9 48.8 5.1 48.9
DAYS MAX >= 90 0 0.0 0.0 0
DAYS MAX <= 32 0 0.0 0.0 0
DAYS MIN <= 32 1 5.3 -4.3 5
DAYS MIN <= 0 0 0.0 0.0 0
PRECIPITATION (INCHES)
RECORD
MAXIMUM 9.43 1955
MINIMUM 0.26 1963
TOTALS 4.16 3.76 0.40 1.68
DAILY AVG. 0.13 0.12 0.01 0.05
DAYS >= .01 12 13.3 -1.3 8
DAYS >= .10 8 7.2 0.8 4
DAYS >= .50 3 2.4 0.6 1
DAYS >= 1.00 1 0.9 0.1 0
GREATEST
24 HR. TOTAL 1.84 10/06 TO 10/07
SNOWFALL (INCHES)
RECORDS
TOTAL 11.6 1993
24 HR TOTAL 6.8 10/31/1993 TO 10/31/1993
SNOW DEPTH 3 10/26/2005
10/25/2005
10/31/1993
TOTALS T 1.0 -1.0 T
SINCE 7/1 T 1.0 -1.0 MM
SNOWDEPTH AVG. 0 0
DAYS >= TRACE 1 0.9 0.1 1
DAYS >= 1.0 0 0.3 -0.3 0
GREATEST
SNOW DEPTH 0 0 MM
24 HR TOTAL T 10/31 TO 10/31
DEGREE DAYS
HEATING TOTAL 357 504 -147 491
SINCE 7/1 514 744 -230 MM
COOLING TOTAL 17 2 15 0
SINCE 1/1 507 384 123 MM
................................................................
WIND (MPH)
AVERAGE WIND SPEED 6.9
RESULTANT WIND SPEED/DIRECTION 3/260
HIGHEST WIND SPEED/DIRECTION 22/260 DATE 10/08
HIGHEST GUST SPEED/DIRECTION 33/240 DATE 10/10
33/290 10/22
SKY COVER
POSSIBLE SUNSHINE (PERCENT) MM
AVERAGE SKY COVER 0.57
NUMBER OF DAYS FAIR 12
NUMBER OF DAYS PC 4
NUMBER OF DAYS CLOUDY 15
AVERAGE RH (PERCENT) 73
WEATHER CONDITIONS. NUMBER OF DAYS WITH
THUNDERSTORM 2 MIXED PRECIP 0
HEAVY RAIN 2 RAIN 7
LIGHT RAIN 16 FREEZING RAIN 0
LT FREEZING RAIN 0 HAIL 0
HEAVY SNOW 0 SNOW 0
LIGHT SNOW 1 SLEET 0
FOG 15 FOG W/VIS <= 1/4 MILE 5
HAZE 0
- INDICATES NEGATIVE NUMBERS.
R INDICATES RECORD WAS SET OR TIED.
MM INDICATES DATA IS MISSING.
T INDICATES TRACE AMOUNT.
$$