000
CXUS51 KBGM 031504
CLMBGM

CLIMATE REPORT...UPDATED
NATIONAL WEATHER SERVICE BINGHAMTON NY
1105 AM EDT THU SEP 3 2015

...................................

...THE BINGHAMTON NY CLIMATE SUMMARY FOR THE MONTH OF AUGUST 2015...

CLIMATE NORMAL PERIOD 1981 TO 2010
CLIMATE RECORD PERIOD 1951 TO 2015

WEATHER         OBSERVED          NORMAL  DEPART  LAST YEAR`S
                 VALUE   DATE(S)  VALUE   FROM    VALUE  DATE(S)
                                          NORMAL
................................................................
TEMPERATURE (F)
RECORD
 HIGH              95   08/14/2002
                        08/09/2001
 LOW               37   08/30/1965
HIGHEST            85   08/18        76       9       81  08/10
                        08/17                             08/05
                                                          08/01
LOWEST             50   08/28        57      -7       47  08/19
                        08/22
AVG. MAXIMUM     76.4              76.5    -0.1     74.5
AVG. MINIMUM     58.0              58.3    -0.3     56.8
MEAN             67.2              67.4    -0.2     65.6
DAYS MAX >= 90      0               0.3    -0.3        0
DAYS MAX <= 32      0               0.0     0.0        0
DAYS MIN <= 32      0               0.0     0.0        0
DAYS MIN <= 0       0               0.0     0.0        0

PRECIPITATION (INCHES)
RECORD
 MAXIMUM         8.90   2011
 MINIMUM         0.61   1953
TOTALS           3.08              3.45   -0.37     5.46
DAILY AVG.       0.10              0.11   -0.01     0.18
DAYS >= .01        10              10.6    -0.6       10
DAYS >= .10         6               6.6    -0.6        7
DAYS >= .50         2               2.3    -0.3        4
DAYS >= 1.00        1               0.7     0.3        2
GREATEST
 24 HR. TOTAL    1.34   08/10 TO 08/11

SNOWFALL (INCHES)
RECORDS
 TOTAL              T   2008
 24 HR TOTAL        T   08/10/2008 TO 08/10/2008
 SNOW DEPTH         0   MM
TOTALS            0.0               0.0     0.0      0.0
SINCE 7/1           T               0.0     0.0        T
SNOWDEPTH AVG.      0                MM      MM        0
DAYS >= TRACE       0               0.0     0.0        0
DAYS >= 1.0         0               0.0     0.0        0
GREATEST
 SNOW DEPTH         0   MM                             0  MM
 24 HR TOTAL      0.0   08/31 TO 08/31

DEGREE_DAYS
HEATING TOTAL      25                39     -14       41
 SINCE 7/1         49                63     -14       66
COOLING TOTAL     100               113     -13       69
 SINCE 1/1        342               348      -6      302
.................................................................

WIND (MPH)
AVERAGE WIND SPEED              6.2
RESULTANT WIND SPEED/DIRECTION   2/251
HIGHEST WIND SPEED/DIRECTION    29/250    DATE  08/18
HIGHEST GUST SPEED/DIRECTION    37/250    DATE  08/18

SKY COVER
POSSIBLE SUNSHINE (PERCENT)   MM
AVERAGE SKY COVER           0.40
NUMBER OF DAYS FAIR           16
NUMBER OF DAYS PC             13
NUMBER OF DAYS CLOUDY          2

AVERAGE RH (PERCENT)     75

WEATHER CONDITIONS. NUMBER OF DAYS WITH
THUNDERSTORM              0     MIXED PRECIP               0
HEAVY RAIN                6     RAIN                       4
LIGHT RAIN               11     FREEZING RAIN              0
LT FREEZING RAIN          0     HAIL                       0
HEAVY SNOW                0     SNOW                       0
LIGHT SNOW                0     SLEET                      0
FOG                      13     FOG W/VIS <= 1/4 MILE      3
HAZE                      2

-  INDICATES NEGATIVE NUMBERS.
R  INDICATES RECORD WAS SET OR TIED.
MM INDICATES DATA IS MISSING.
T  INDICATES TRACE AMOUNT.

&&
DAILY RECORD HIGHEST MINIMUM TEMPERATURE OF 67 AUGUST 19TH
  TIED OLD RECORD SET IN 1955
DAILY RECORD RAINFALL OF 1.33 INCHES ON AUGUST 11TH
  OLD RECORD 0.99 INCHES IN 1984
$$
