000
CXUS51 KBGM 022031 CCA
CLMBGM

CLIMATE REPORT...CORRECTED
NATIONAL WEATHER SERVICE BINGHAMTON NY
330 PM EST TUE JAN 2 2018

...................................

...THE BINGHAMTON NY CLIMATE SUMMARY FOR THE MONTH OF DECEMBER 2017...

CLIMATE NORMAL PERIOD 1981 TO 2010
CLIMATE RECORD PERIOD 1951 TO 2017

WEATHER         OBSERVED          NORMAL  DEPART  LAST YEAR`S
                 VALUE   DATE(S)  VALUE   FROM    VALUE  DATE(S)
                                          NORMAL
................................................................
TEMPERATURE (F)
RECORD
 HIGH              65   12/01/2006
                        12/29/1984
                        12/06/1982
 LOW              -18   12/25/1980
HIGHEST            49   12/05        33      16       48  12/01
LOWEST             -3   12/31        21     -24        1  12/16
AVG. MAXIMUM     29.1              33.3    -4.2     32.5
AVG. MINIMUM     18.4              21.2    -2.8     21.2
MEAN             23.8              27.3    -3.5     26.8
DAYS MAX >= 90      0               0.0     0.0        0
DAYS MAX <= 32     18              14.2     3.8       13
DAYS MIN <= 32     29              26.5     2.5       30
DAYS MIN <= 0       3               0.7     2.3        0

PRECIPITATION (INCHES)
RECORD
 MAXIMUM         6.11   1983
 MINIMUM         0.94   1960
TOTALS           1.41              2.83   -1.42     3.59
DAILY AVG.       0.05              0.09   -0.04     0.12
DAYS >= .01        15              15.5    -0.5       24
DAYS >= .10         3               6.8    -3.8        9
DAYS >= .50         1               1.6    -0.6        2
DAYS >= 1.00        0               0.2    -0.2        0
GREATEST
 24 HR. TOTAL    0.51   12/23 TO 12/23

SNOWFALL (INCHES)
RECORDS
 TOTAL           59.6   1969
 24 HR TOTAL     15.6   12/25/1969 TO 12/26/1969
 SNOW DEPTH        33   12/28/1969
TOTALS           11.3              17.8    -6.5     29.8
SINCE 7/1        13.1              24.6   -11.5     58.4
SNOWDEPTH AVG.      1                 3      -2        3
DAYS >= TRACE      23              13.4     9.6       27
DAYS >= 1.0         6               5.3     0.7       12
GREATEST
 SNOW DEPTH         4   12/31                         10  12/17
                        12/30
 24 HR TOTAL      2.4   12/25 TO 12/25

DEGREE_DAYS
HEATING TOTAL    1272              1170     102     1176
 SINCE 7/1       2670              2745     -75     2525
COOLING TOTAL       0                 0       0        0
 SINCE 1/1        349               381     -32      563
.................................................................

WIND (MPH)
AVERAGE WIND SPEED              8.7
RESULTANT WIND SPEED/DIRECTION   5/256
HIGHEST WIND SPEED/DIRECTION    32/280    DATE  12/25
HIGHEST GUST SPEED/DIRECTION    46/290    DATE  12/25

SKY COVER
POSSIBLE SUNSHINE (PERCENT)   MM
AVERAGE SKY COVER           0.70
NUMBER OF DAYS FAIR            3
NUMBER OF DAYS PC             14
NUMBER OF DAYS CLOUDY         14

AVERAGE RH (PERCENT)     74

WEATHER CONDITIONS. NUMBER OF DAYS WITH
THUNDERSTORM              0     MIXED PRECIP               0
HEAVY RAIN                0     RAIN                       1
LIGHT RAIN                4     FREEZING RAIN              0
LT FREEZING RAIN          0     HAIL                       0
HEAVY SNOW                1     SNOW                       4
LIGHT SNOW               20     SLEET                      0
FOG                      19     FOG W/VIS <= 1/4 MILE      4
HAZE                     11

-  INDICATES NEGATIVE NUMBERS.
R  INDICATES RECORD WAS SET OR TIED.
MM INDICATES DATA IS MISSING.
T  INDICATES TRACE AMOUNT.

&&
CORRECTED BOTTOM TABLE
5TH DRIEST DECEMBER
$$
