000
CXUS51 KBGM 020116 CCA
CLMBGM

CLIMATE REPORT...CORRECTED AND AMENDED
NATIONAL WEATHER SERVICE BINGHAMTON NY
815 PM EST TUE MAR 1 2016

...................................

...THE BINGHAMTON NY CLIMATE SUMMARY FOR THE MONTH OF FEBRUARY 2016...

CLIMATE NORMAL PERIOD 1981 TO 2010
CLIMATE RECORD PERIOD 1951 TO 2016

WEATHER         OBSERVED          NORMAL  DEPART  LAST YEAR`S
                 VALUE   DATE(S)  VALUE   FROM    VALUE  DATE(S)
                                          NORMAL
................................................................
TEMPERATURE (F)
RECORD
 HIGH              66   02/16/1954
 LOW              -18   02/14/2016
HIGHEST            58   02/20        31      27       39  02/08
LOWEST            -18R  02/14        17     -35      -10  02/24
                                                          02/20
AVG. MAXIMUM     36.3              32.1     4.2     21.0
AVG. MINIMUM     18.8              17.4     1.4      3.4
MEAN             27.6              24.7     2.9     12.2
DAYS MAX >= 90      0               0.0     0.0        0
DAYS MAX <= 32     11              14.8    -3.8       27
DAYS MIN <= 32     28              25.7     2.3       28
DAYS MIN <= 0       3               1.3     1.7       15

PRECIPITATION (INCHES)
RECORD
 MAXIMUM         4.92   2011
 MINIMUM         0.51   1968
TOTALS           4.00              2.31    1.69     2.01
DAILY AVG.       0.14              0.08    0.06     0.07
DAYS >= .01        14              13.1     0.9       16
DAYS >= .10         6               5.8     0.2        7
DAYS >= .50         3               1.1     1.9        0
DAYS >= 1.00        1               0.2     0.8        0
GREATEST
 24 HR. TOTAL    1.66   02/15 TO 02/16

SNOWFALL (INCHES)
RECORDS
 TOTAL           44.3   1972
 24 HR TOTAL     23.0   02/03/1961 TO 02/04/1961
 SNOW DEPTH        28   02/05/1961
TOTALS            8.2              17.1    -8.9     32.9
SINCE 7/1        21.7              63.9   -42.2     75.8
SNOWDEPTH AVG.      1                MM      MM       17
DAYS >= TRACE      17              13.3     3.7       24
DAYS >= 1.0         4               5.3    -1.3        8
GREATEST
 SNOW DEPTH         3   02/15                         20  02/15
                        02/16                             02/14
 24 HR TOTAL      2.5   02/09 TO 02/10

DEGREE_DAYS
HEATING TOTAL    1080              1127     -47     1468
 SINCE 7/1       4358              5236    -878     5532
COOLING TOTAL       0                 0       0        0
 SINCE 1/1          0                 0       0        0
.................................................................

WIND (MPH)
AVERAGE WIND SPEED              10.1
RESULTANT WIND SPEED/DIRECTION   3/250
HIGHEST WIND SPEED/DIRECTION    26/250    DATE  02/25
HIGHEST GUST SPEED/DIRECTION    41/230    DATE  02/24

SKY COVER
POSSIBLE SUNSHINE (PERCENT)   MM
AVERAGE SKY COVER           0.60
NUMBER OF DAYS FAIR            6
NUMBER OF DAYS PC             13
NUMBER OF DAYS CLOUDY         10

AVERAGE RH (PERCENT)     70

WEATHER CONDITIONS. NUMBER OF DAYS WITH
THUNDERSTORM              0     MIXED PRECIP               0
HEAVY RAIN                4     RAIN                       4
LIGHT RAIN                6     FREEZING RAIN              1
LT FREEZING RAIN          4     HAIL                       0
HEAVY SNOW                1     SNOW                       3
LIGHT SNOW               16     SLEET                      0
FOG                      16     FOG W/VIS <= 1/4 MILE      3
HAZE                      9

-  INDICATES NEGATIVE NUMBERS.
R  INDICATES RECORD WAS SET OR TIED.
MM INDICATES DATA IS MISSING.
T  INDICATES TRACE AMOUNT.

&&
CORRECTED 24 HOUR GREATEST SNOWFALL
UPDATED TO ADD RECORD INFORMATION BELOW
13TH WARMEST FEBRUARY AFTER LAST YEARS COLDEST FEBRUARY
5TH WETTEST FEBRUARY
LOW TEMPERATURE ON 14TH COLDEST FEBRUARY TEMPERATURE
   AND TIED FOR SECOND COLDEST ALL TIME
2/14 RECORD DAILY COLDEST AVERAGE TEMPERATURE
2/16 RECORD DAILY PRECIPITATION
2/20 AND 2/28 RECORD DAILY HIGH TEMPERATURES

$$

TAC
