000
CXUS51 KBGM 012123 CCA
CLMBGM

CLIMATE REPORT...CORRECTED
NATIONAL WEATHER SERVICE BINGHAMTON NY
423 PM EST SAT MAR 1 2014

...................................

...THE BINGHAMTON NY CLIMATE SUMMARY FOR THE MONTH OF FEBRUARY 2014...

CLIMATE NORMAL PERIOD 1981 TO 2010
CLIMATE RECORD PERIOD 1951 TO 2014

WEATHER         OBSERVED          NORMAL  DEPART  LAST YEAR`S
                 VALUE   DATE(S)  VALUE   FROM    VALUE  DATE(S)
                                          NORMAL
................................................................
TEMPERATURE (F)
RECORD
 HIGH              66   02/16/1954
 LOW              -15   02/18/1979
                        02/17/1979
                        02/02/1961
HIGHEST            46   02/21        31      15       39  02/15
LOWEST             -4   02/28        17     -21        7  02/18
                                                          02/17
                                                          02/02
AVG. MAXIMUM     26.5              32.1    -5.6     29.5
AVG. MINIMUM     13.0              17.4    -4.4     18.5
MEAN             19.7              24.7    -5.0     24.0
DAYS MAX >= 90      0               0.0     0.0        0
DAYS MAX <= 32     21              14.8     6.2       15
DAYS MIN <= 32     27              25.7     1.3       28
DAYS MIN <= 0       3               1.3     1.7        0

PRECIPITATION (INCHES)
RECORD
 MAXIMUM         4.92   2011
 MINIMUM         0.51   1968
TOTALS           2.74              2.31    0.43     2.30
DAILY AVG.       0.10              0.08    0.02     0.08
DAYS >= .01        12              13.1    -1.1       16
DAYS >= .10         7               5.8     1.2        6
DAYS >= .50         1               1.1    -0.1        2
DAYS >= 1.00        1               0.2     0.8        0
GREATEST
 24 HR. TOTAL    1.29   02/05 TO 02/05

SNOWFALL (INCHES)
RECORDS
 TOTAL           44.3   1972
 24 HR TOTAL     23.0   02/03/1961 TO 02/04/1961
 SNOW DEPTH        28   02/05/1961
TOTALS           26.1              17.1     9.0     19.6
SINCE 7/1        82.5              63.9    18.6     53.8
SNOWDEPTH AVG.     10                 5       5        4
DAYS >= TRACE      20              13.3     6.7       26
DAYS >= 1.0         6               5.3     0.7        5
GREATEST
 SNOW DEPTH        17   02/17                          7  02/10
                        02/16                             02/09
                                                          02/08
 24 HR TOTAL     13.2   02/05

DEGREE_DAYS
HEATING TOTAL    1261              1127     134     1141
 SINCE 7/1       5471              5199     272     4884
COOLING TOTAL       0                 0       0        0
 SINCE 1/1          0                 0       0        0
.................................................................

WIND (MPH)
AVERAGE WIND SPEED              8.4
RESULTANT WIND SPEED/DIRECTION   3/268
HIGHEST WIND SPEED/DIRECTION    31/260    DATE  02/22
HIGHEST GUST SPEED/DIRECTION    41/270    DATE  02/22

SKY COVER
POSSIBLE SUNSHINE (PERCENT)   MM
AVERAGE SKY COVER           0.60
NUMBER OF DAYS FAIR            6
NUMBER OF DAYS PC             10
NUMBER OF DAYS CLOUDY         12

AVERAGE RH (PERCENT)     69

WEATHER CONDITIONS. NUMBER OF DAYS WITH
THUNDERSTORM              0     MIXED PRECIP               0
HEAVY RAIN                0     RAIN                       1
LIGHT RAIN                4     FREEZING RAIN              0
LT FREEZING RAIN          0     HAIL                       0
HEAVY SNOW                2     SNOW                       8
LIGHT SNOW               17     SLEET                      0
FOG                      19     FOG W/VIS <= 1/4 MILE      7
HAZE                     13

-  INDICATES NEGATIVE NUMBERS.
R  INDICATES RECORD WAS SET OR TIED.
MM INDICATES DATA IS MISSING.
T  INDICATES TRACE AMOUNT.

&&

CORRECTED MONTHLY AND TOTAL SNOWFALL
DAILY RECORD LOW ON DAY 28.
DAILY RECORD SNOWFALL AND PRECIPITATION ON DAY 5.

$$

TAC
