000
CXUS51 KBGM 011527
CLMBGM


CLIMATE REPORT
NATIONAL WEATHER SERVICE BINGHAMTON NY
1114 AM EDT MON JUL 1 2013

...................................

...THE BINGHAMTON NY CLIMATE SUMMARY FOR THE MONTH OF JUNE 2013...

CLIMATE NORMAL PERIOD 1981 TO 2010
CLIMATE RECORD PERIOD 1951 TO 2013

WEATHER         OBSERVED          NORMAL  DEPART  LAST YEAR`S
                 VALUE   DATE(S)  VALUE   FROM    VALUE  DATE(S)
                                          NORMAL
................................................................
TEMPERATURE (F)
RECORD
 HIGH              94   06/26/1952
 LOW               33   06/09/1980
HIGHEST            88   06/23        73      15       90  06/29
                                                          06/20
LOWEST             42   06/05        54     -12       45  06/06
                                                          06/05
AVG. MAXIMUM     73.1              73.7    -0.6     74.2
AVG. MINIMUM     56.1              55.2     0.9     55.4
MEAN             64.6              64.4     0.2     64.8
DAYS MAX >= 90      0               0.1    -0.1        2
DAYS MAX <= 32      0               0.0     0.0        0
DAYS MIN <= 32      0               0.0     0.0        0
DAYS MIN <= 0       0               0.0     0.0        0

PRECIPITATION (INCHES)
RECORD
 MAXIMUM        11.45   2006
 MINIMUM         0.98   1979
TOTALS           5.24              4.31    0.93     3.73
DAILY AVG.       0.17              0.14    0.03     0.12
DAYS >= .01        17              12.6     4.4       11
DAYS >= .10        10               8.1     1.9        9
DAYS >= .50         4               2.8     1.2        3
DAYS >= 1.00        1               0.9     0.1        0
GREATEST
 24 HR. TOTAL    1.90   06/27 TO 06/28

SNOWFALL (INCHES)
RECORDS
 TOTAL              T   2012
 24 HR TOTAL        T   06/06/2012 TO 06/06/2012
 SNOW DEPTH         T   06/06/2012
TOTALS            0.0               0.0     0.0        T
SINCE 7/1        69.1              83.4   -14.3     43.5
SNOWDEPTH AVG.      0                MM      MM        0
DAYS >= TRACE       0               0.0     0.0        1
DAYS >= 1.0         0               0.0     0.0        0
GREATEST
 SNOW DEPTH         0   MM                             T  06/06
 24 HR TOTAL      0.0   06/30 TO 06/30

DEGREE_DAYS
HEATING TOTAL      87                91      -4       90
 SINCE 7/1       6911              7195    -284     5813
COOLING TOTAL      83                74       9       93
 SINCE 1/1        126                97      29      149
.................................................................

WIND (MPH)
AVERAGE WIND SPEED              7.2
RESULTANT WIND SPEED/DIRECTION   2/268
HIGHEST WIND SPEED/DIRECTION    33/270    DATE  06/02
HIGHEST GUST SPEED/DIRECTION    47/270    DATE  06/02

SKY COVER
POSSIBLE SUNSHINE (PERCENT)   MM
AVERAGE SKY COVER           0.40
NUMBER OF DAYS FAIR           12
NUMBER OF DAYS PC             11
NUMBER OF DAYS CLOUDY          7

AVERAGE RH (PERCENT)     72

WEATHER CONDITIONS. NUMBER OF DAYS WITH
THUNDERSTORM              0     MIXED PRECIP               0
HEAVY RAIN                8     RAIN                       8
LIGHT RAIN               16     FREEZING RAIN              0
LT FREEZING RAIN          0     HAIL                       0
HEAVY SNOW                0     SNOW                       0
LIGHT SNOW                0     SLEET                      0
FOG                      17     FOG W/VIS <= 1/4 MILE      6
HAZE                      3

-  INDICATES NEGATIVE NUMBERS.
R  INDICATES RECORD WAS SET OR TIED.
MM INDICATES DATA IS MISSING.
T  INDICATES TRACE AMOUNT.

$$

TAC
