000
CXUS51 KBGM 012126 AAB
CLMBGM

CLIMATE REPORT...UPDATED AND CORRECTED
NATIONAL WEATHER SERVICE BINGHAMTON NY
525 PM EDT SUN SEP 1 2013

...................................

...THE BINGHAMTON NY CLIMATE SUMMARY FOR THE MONTH OF AUGUST 2013...

CLIMATE NORMAL PERIOD 1981 TO 2010
CLIMATE RECORD PERIOD 1951 TO 2013

WEATHER         OBSERVED          NORMAL  DEPART  LAST YEAR`S
                 VALUE   DATE(S)  VALUE   FROM    VALUE  DATE(S)
                                          NORMAL
................................................................
TEMPERATURE (F)
RECORD
 HIGH              95   08/14/2002
                        08/09/2001
 LOW               37   08/30/1965
HIGHEST            83   08/31        76       7       90  08/03
LOWEST             48   08/15        57      -9       48  08/30
                        08/14
AVG. MAXIMUM     75.3              76.5    -1.2     78.2
AVG. MINIMUM     57.0              58.3    -1.3     58.6
MEAN             66.2              67.4    -1.2     68.4
DAYS MAX >= 90      0               0.3    -0.3        1
DAYS MAX <= 32      0               0.0     0.0        0
DAYS MIN <= 32      0               0.0     0.0        0
DAYS MIN <= 0       0               0.0     0.0        0

PRECIPITATION (INCHES)
RECORD
 MAXIMUM         8.90   2011
 MINIMUM         0.61   1953
TOTALS           5.37              3.45    1.92     6.08
DAILY AVG.       0.17              0.11    0.06     0.20
DAYS >= .01        11              10.6     0.4       10
DAYS >= .10         9               6.6     2.4        8
DAYS >= .50         4               2.3     1.7        4
DAYS >= 1.00        1               0.7     0.3        3
GREATEST
 24 HR. TOTAL    2.74   08/08 TO 08/09

SNOWFALL (INCHES)
RECORDS
 TOTAL              T   2008
 24 HR TOTAL        T   08/10/2008 TO 08/10/2008
 SNOW DEPTH         0   MM
TOTALS            0.0               0.0     0.0      0.0
SINCE 7/1         0.0               0.0     0.0      0.0
SNOWDEPTH AVG.      0                MM      MM        0
DAYS >= TRACE       0               0.0     0.0        0
DAYS >= 1.0         0               0.0     0.0        0
GREATEST
 SNOW DEPTH         0   MM                             0  MM
 24 HR TOTAL      0.0   08/31 TO 08/31

DEGREE_DAYS
HEATING TOTAL      37                39      -2       18
 SINCE 7/1         51                63     -12       21
COOLING TOTAL      81               113     -32      128
 SINCE 1/1        427               348      79      511
.................................................................

WIND (MPH)
AVERAGE WIND SPEED              5.4
RESULTANT WIND SPEED/DIRECTION   2/264
HIGHEST WIND SPEED/DIRECTION    26/340    DATE  08/13
HIGHEST GUST SPEED/DIRECTION    39/280    DATE  08/13

SKY COVER
POSSIBLE SUNSHINE (PERCENT)   MM
AVERAGE SKY COVER           0.30
NUMBER OF DAYS FAIR           18
NUMBER OF DAYS PC             12
NUMBER OF DAYS CLOUDY          1

AVERAGE RH (PERCENT)     73

WEATHER CONDITIONS. NUMBER OF DAYS WITH
THUNDERSTORM              0     MIXED PRECIP               0
HEAVY RAIN                8     RAIN                       8
LIGHT RAIN               12     FREEZING RAIN              0
LT FREEZING RAIN          0     HAIL                       0
HEAVY SNOW                0     SNOW                       0
LIGHT SNOW                0     SLEET                      0
FOG                      17     FOG W/VIS <= 1/4 MILE     12
HAZE                      5

-  INDICATES NEGATIVE NUMBERS.
R  INDICATES RECORD WAS SET OR TIED.
MM INDICATES DATA IS MISSING.
T  INDICATES TRACE AMOUNT.

&&
UPDATED AND CORRECTED TO ADD AUGUST RAINFALL AND REMOVE DAILY RECORD
FROM JULY.
9TH HIGHEST AUGUST RAINFALL
SET DAILY MAX RAINFALL FOR 8/08 OF 2.03 INCHES. OLD RECORD OF 1.15
INCHES SET IN 1976.

$$
