000
CXUS51 KBGM 011404
CLMBGM


CLIMATE REPORT...CORRECTED
NATIONAL WEATHER SERVICE BINGHAMTON NY
958 AM EDT TUE APR 1 2014

...................................

...THE BINGHAMTON NY CLIMATE SUMMARY FOR THE MONTH OF MARCH 2014...

CLIMATE NORMAL PERIOD 1981 TO 2010
CLIMATE RECORD PERIOD 1951 TO 2014

WEATHER         OBSERVED          NORMAL  DEPART  LAST YEAR`S
                 VALUE   DATE(S)  VALUE   FROM    VALUE  DATE(S)
                                          NORMAL
................................................................
TEMPERATURE (F)
RECORD
 HIGH              82   03/31/1998
                        03/30/1998
 LOW               -7   03/19/1993
HIGHEST            55   03/11        41      14       53  03/10
LOWEST             -3   03/04        25     -28       14  03/18
AVG. MAXIMUM     35.2              41.1    -5.9     36.7
AVG. MINIMUM     16.9              24.6    -7.7     23.7
MEAN             26.1              32.8    -6.7     30.2
DAYS MAX >= 90      0               0.0     0.0        0
DAYS MAX <= 32     13               6.7     6.3       11
DAYS MIN <= 32     28              23.7     4.3       29
DAYS MIN <= 0       1               0.2     0.8        0

PRECIPITATION (INCHES)
RECORD
 MAXIMUM         6.33   2008
 MINIMUM         0.69   1981
TOTALS           2.68              2.99   -0.31     1.90
DAILY AVG.       0.09              0.10   -0.01     0.06
DAYS >= .01        12              14.6    -2.6       13
DAYS >= .10         4               7.3    -3.3        5
DAYS >= .50         2               1.9     0.1        1
DAYS >= 1.00        1               0.3     0.7        0
GREATEST
 24 HR. TOTAL    1.30   03/29 TO 03/30

SNOWFALL (INCHES)
RECORDS
 TOTAL           46.5   2001
 24 HR TOTAL     19.1   03/13/1993 TO 03/14/1993
 SNOW DEPTH        35   03/15/1993
TOTALS            1.9              15.1   -13.2     14.4
SINCE 7/1        84.4              79.0     5.4     68.2
SNOWDEPTH AVG.      2                 4      -2        2
DAYS >= TRACE      19              10.4     8.6       22
DAYS >= 1.0         0               3.8    -3.8        3
GREATEST
 SNOW DEPTH         7   03/01                          6  03/09
                                                          03/08
 24 HR TOTAL      0.4   03/12 TO 03/12
                        03/30 TO 03/30

DEGREE_DAYS
HEATING TOTAL    1200               997     203     1071
 SINCE 7/1       6671              6196     475     5955
COOLING TOTAL       0                 0       0        0
 SINCE 1/1          0                 0       0        0
.................................................................

WIND (MPH)
AVERAGE WIND SPEED              9.6
RESULTANT WIND SPEED/DIRECTION   3/299
HIGHEST WIND SPEED/DIRECTION    36/270    DATE  03/04
HIGHEST GUST SPEED/DIRECTION    46/330    DATE  03/13

SKY COVER
POSSIBLE SUNSHINE (PERCENT)   MM
AVERAGE SKY COVER           0.60
NUMBER OF DAYS FAIR            5
NUMBER OF DAYS PC             14
NUMBER OF DAYS CLOUDY         12

AVERAGE RH (PERCENT)     65

WEATHER CONDITIONS. NUMBER OF DAYS WITH
THUNDERSTORM              0     MIXED PRECIP               0
HEAVY RAIN                2     RAIN                       4
LIGHT RAIN                6     FREEZING RAIN              0
LT FREEZING RAIN          0     HAIL                       0
HEAVY SNOW                2     SNOW                       1
LIGHT SNOW               18     SLEET                      0
FOG                      17     FOG W/VIS <= 1/4 MILE      4
HAZE                     14

-  INDICATES NEGATIVE NUMBERS.
R  INDICATES RECORD WAS SET OR TIED.
MM INDICATES DATA IS MISSING.
T  INDICATES TRACE AMOUNT.

&&
3RD COLDEST MARCH  RECORD 22.7 IN 1960
3RD LOWEST MARCH SNOWFALL  0.9" IN 2009

$$

TAC
