000
CXUS51 KBGM 010606
CLMBGM


CLIMATE REPORT
NATIONAL WEATHER SERVICE BINGHAMTON NY
104 AM EST SAT FEB 1 2014

...................................

...THE BINGHAMTON NY CLIMATE SUMMARY FOR THE MONTH OF JANUARY 2014...

CLIMATE NORMAL PERIOD 1981 TO 2010
CLIMATE RECORD PERIOD 1951 TO 2014

WEATHER         OBSERVED          NORMAL  DEPART  LAST YEAR`S
                 VALUE   DATE(S)  VALUE   FROM    VALUE  DATE(S)
                                          NORMAL
................................................................
TEMPERATURE (F)
RECORD
 HIGH              63   01/08/2008
                        01/08/1998
                        01/25/1967
 LOW              -20   01/15/1957
HIGHEST            52   01/11        28      24       57  01/30
LOWEST            -11   01/22        15     -26       -1  01/24
                                                          01/23
AVG. MAXIMUM     25.4              28.7    -3.3     32.6
AVG. MINIMUM      9.1              15.7    -6.6     19.2
MEAN             17.3              22.2    -4.9     25.9
DAYS MAX >= 90      0               0.0     0.0        0
DAYS MAX <= 32     21              19.6     1.4       17
DAYS MIN <= 32     30              28.7     1.3       27
DAYS MIN <= 0      11               3.2     7.8        2

PRECIPITATION (INCHES)
RECORD
 MAXIMUM         6.39   1979
 MINIMUM         0.76   1970
TOTALS           2.94              2.45    0.49     2.25
DAILY AVG.       0.09              0.08    0.01     0.07
DAYS >= .01        18              15.7     2.3       12
DAYS >= .10         7               5.8     1.2        6
DAYS >= .50         2               1.2     0.8        1
DAYS >= 1.00        0               0.3    -0.3        0
GREATEST
 24 HR. TOTAL    0.95   01/10 TO 01/11

SNOWFALL (INCHES)
RECORDS
 TOTAL           45.9   2005
 24 HR TOTAL     18.4   01/13/1964 TO 01/13/1964
 SNOW DEPTH        32   01/08/1994
TOTALS           23.2              22.2     1.0      9.2
SINCE 7/1        56.4              46.8     9.6     34.2
SNOWDEPTH AVG.      2                 4      -2        3
DAYS >= TRACE      21              16.9     4.1       19
DAYS >= 1.0         7               6.1     0.9        3
GREATEST
 SNOW DEPTH        11   01/03                         10  01/04
                                                          01/03
                                                          01/01
 24 HR TOTAL      9.2   MM

DEGREE_DAYS
HEATING TOTAL    1471              1327     144     1202
 SINCE 7/1       4210              4072     138     3743
COOLING TOTAL       0                 0       0        0
 SINCE 1/1          0                 0       0        0
.................................................................

WIND (MPH)
AVERAGE WIND SPEED              9.1
RESULTANT WIND SPEED/DIRECTION   5/244
HIGHEST WIND SPEED/DIRECTION    29/280    DATE  01/27
HIGHEST GUST SPEED/DIRECTION    38/270    DATE  01/07

SKY COVER
POSSIBLE SUNSHINE (PERCENT)   MM
AVERAGE SKY COVER           0.60
NUMBER OF DAYS FAIR            6
NUMBER OF DAYS PC             12
NUMBER OF DAYS CLOUDY         13

AVERAGE RH (PERCENT)     72

WEATHER CONDITIONS. NUMBER OF DAYS WITH
THUNDERSTORM              0     MIXED PRECIP               0
HEAVY RAIN                1     RAIN                       1
LIGHT RAIN                6     FREEZING RAIN              0
LT FREEZING RAIN          0     HAIL                       0
HEAVY SNOW                0     SNOW                       5
LIGHT SNOW               18     SLEET                      0
FOG                      22     FOG W/VIS <= 1/4 MILE      7
HAZE                     14

-  INDICATES NEGATIVE NUMBERS.
R  INDICATES RECORD WAS SET OR TIED.
MM INDICATES DATA IS MISSING.
T  INDICATES TRACE AMOUNT.

$$
