000
CXUS51 KBGM 010649
CLMBGM


CLIMATE REPORT
NATIONAL WEATHER SERVICE BINGHAMTON NY
148 AM EST MON FEB 1 2016

...................................

...THE BINGHAMTON NY CLIMATE SUMMARY FOR THE MONTH OF JANUARY 2016...

CLIMATE NORMAL PERIOD 1981 TO 2010
CLIMATE RECORD PERIOD 1951 TO 2016

WEATHER         OBSERVED          NORMAL  DEPART  LAST YEAR`S
                 VALUE   DATE(S)  VALUE   FROM    VALUE  DATE(S)
                                          NORMAL
................................................................
TEMPERATURE (F)
RECORD
 HIGH              63   01/08/2008
                        01/08/1998
                        01/25/1967
 LOW              -20   01/15/1957
HIGHEST            53   01/31        28      25       50  01/04
LOWEST              0   01/05        15     -15       -5  01/14
AVG. MAXIMUM     31.3              28.7     2.6     25.7
AVG. MINIMUM     17.5              15.7     1.8      9.7
MEAN             24.4              22.2     2.2     17.7
DAYS MAX >= 90      0               0.0     0.0        0
DAYS MAX <= 32     19              19.6    -0.6       26
DAYS MIN <= 32     29              28.7     0.3       30
DAYS MIN <= 0       1               3.2    -2.2        4

PRECIPITATION (INCHES)
RECORD
 MAXIMUM         6.39   1979
 MINIMUM         0.76   1970
TOTALS           1.31              2.45   -1.14     1.93
DAILY AVG.       0.04              0.08   -0.04     0.06
DAYS >= .01        10              15.7    -5.7       16
DAYS >= .10         3               5.8    -2.8        3
DAYS >= .50         1               1.2    -0.2        1
DAYS >= 1.00        0               0.3    -0.3        0
GREATEST
 24 HR. TOTAL    0.74   01/10 TO 01/10

SNOWFALL (INCHES)
RECORDS
 TOTAL           45.9   2005
 24 HR TOTAL     18.4   01/13/1964 TO 01/13/1964
 SNOW DEPTH        32   01/08/1994
TOTALS           10.2              22.2   -12.0     16.1
SINCE 7/1        13.5              46.8   -33.3     42.9
SNOWDEPTH AVG.      1                 4      -3        3
DAYS >= TRACE      21              16.9     4.1       24
DAYS >= 1.0         3               6.1    -3.1        6
GREATEST
 SNOW DEPTH         4   01/14                          8  01/31
                                                          01/30
 24 HR TOTAL      2.1   01/12 TO 01/12

DEGREE_DAYS
HEATING TOTAL    1253              1327     -74     1460
 SINCE 7/1       3278              4072    -794     4064
COOLING TOTAL       0                 0       0        0
 SINCE 1/1          0                 0       0        0
.................................................................

WIND (MPH)
AVERAGE WIND SPEED              9.5
RESULTANT WIND SPEED/DIRECTION   4/258
HIGHEST WIND SPEED/DIRECTION    35/280    DATE  01/10
HIGHEST GUST SPEED/DIRECTION    46/310    DATE  01/19

SKY COVER
POSSIBLE SUNSHINE (PERCENT)   MM
AVERAGE SKY COVER           0.60
NUMBER OF DAYS FAIR            8
NUMBER OF DAYS PC              8
NUMBER OF DAYS CLOUDY         15

AVERAGE RH (PERCENT)     70

WEATHER CONDITIONS. NUMBER OF DAYS WITH
THUNDERSTORM              0     MIXED PRECIP               0
HEAVY RAIN                1     RAIN                       1
LIGHT RAIN                4     FREEZING RAIN              0
LT FREEZING RAIN          0     HAIL                       0
HEAVY SNOW                1     SNOW                       5
LIGHT SNOW               20     SLEET                      0
FOG                      17     FOG W/VIS <= 1/4 MILE      2
HAZE                     12

-  INDICATES NEGATIVE NUMBERS.
R  INDICATES RECORD WAS SET OR TIED.
MM INDICATES DATA IS MISSING.
T  INDICATES TRACE AMOUNT.

$$
