000
CXUS51 KBGM 010903
CLMBGM


CLIMATE REPORT
NATIONAL WEATHER SERVICE BINGHAMTON NY
446 AM EDT THU OCT 1 2015

...................................

...THE BINGHAMTON NY CLIMATE SUMMARY FOR THE MONTH OF SEPTEMBER 2015...

CLIMATE NORMAL PERIOD 1981 TO 2010
CLIMATE RECORD PERIOD 1951 TO 2015

WEATHER         OBSERVED          NORMAL  DEPART  LAST YEAR`S
                 VALUE   DATE(S)  VALUE   FROM    VALUE  DATE(S)
                                          NORMAL
................................................................
TEMPERATURE (F)
RECORD
 HIGH              96   09/03/1953
                        09/02/1953
 LOW               25   09/24/1974
HIGHEST            89   09/07        68      21       83  09/05
                                                          09/02
LOWEST             43   09/21        50      -7       37  09/19
AVG. MAXIMUM     75.4              68.4     7.0     70.2
AVG. MINIMUM     55.3              50.7     4.6     51.1
MEAN             65.3              59.6     5.7     60.7
DAYS MAX >= 90      0               0.0     0.0        0
DAYS MAX <= 32      0               0.0     0.0        0
DAYS MIN <= 32      0               0.2    -0.2        0
DAYS MIN <= 0       0               0.0     0.0        0

PRECIPITATION (INCHES)
RECORD
 MAXIMUM        16.58   2011
 MINIMUM         0.61   1961
TOTALS           2.20              3.63   -1.43     1.91
DAILY AVG.       0.07              0.12   -0.05     0.06
DAYS >= .01         9              11.1    -2.1        9
DAYS >= .10         4               6.4    -2.4        5
DAYS >= .50         1               2.3    -1.3        1
DAYS >= 1.00        1               0.8     0.2        0
GREATEST
 24 HR. TOTAL    1.60   09/29 TO 09/30

SNOWFALL (INCHES)
RECORDS
 TOTAL            0.0   2007
 24 HR TOTAL      0.0   MM
 SNOW DEPTH        MM   MM
TOTALS            0.0               0.0     0.0      0.0
SINCE 7/1           T               0.0     0.0        T
SNOWDEPTH AVG.      0                MM      MM        0
DAYS >= TRACE       0               0.0     0.0        0
DAYS >= 1.0         0               0.0     0.0        0
GREATEST
 SNOW DEPTH         0   MM                             0  MM
 24 HR TOTAL      0.0   09/30 TO 09/30

DEGREE_DAYS
HEATING TOTAL      82               194    -112      161
 SINCE 7/1        131               257    -126      227
COOLING TOTAL     101                31      70       38
 SINCE 1/1        443               379      64      340
.................................................................

WIND (MPH)
AVERAGE WIND SPEED              6.5
RESULTANT WIND SPEED/DIRECTION   1/214
HIGHEST WIND SPEED/DIRECTION    25/300    DATE  09/09
HIGHEST GUST SPEED/DIRECTION    40/270    DATE  09/09

SKY COVER
POSSIBLE SUNSHINE (PERCENT)   MM
AVERAGE SKY COVER           0.30
NUMBER OF DAYS FAIR           18
NUMBER OF DAYS PC              7
NUMBER OF DAYS CLOUDY          5

AVERAGE RH (PERCENT)     74

WEATHER CONDITIONS. NUMBER OF DAYS WITH
THUNDERSTORM              0     MIXED PRECIP               0
HEAVY RAIN                2     RAIN                       3
LIGHT RAIN                9     FREEZING RAIN              0
LT FREEZING RAIN          0     HAIL                       0
HEAVY SNOW                0     SNOW                       0
LIGHT SNOW                0     SLEET                      0
FOG                      17     FOG W/VIS <= 1/4 MILE      7
HAZE                      3

-  INDICATES NEGATIVE NUMBERS.
R  INDICATES RECORD WAS SET OR TIED.
MM INDICATES DATA IS MISSING.
T  INDICATES TRACE AMOUNT.

&&
SECOND WARMEST SEPTEMBER  WARMEST 65.9 IN 1961
RECORD WARM TEMPERATURES FOR SEPTEMBER 8TH
$$
