710
CXUS51 KBGM 010601
CLMBGM


CLIMATE REPORT
NATIONAL WEATHER SERVICE BINGHAMTON NY
100 AM EST FRI DEC 1 2017

...................................

...THE BINGHAMTON NY CLIMATE SUMMARY FOR THE MONTH OF NOVEMBER 2017...

CLIMATE NORMAL PERIOD 1981 TO 2010
CLIMATE RECORD PERIOD 1951 TO 2017

WEATHER         OBSERVED          NORMAL  DEPART  LAST YEAR`S
                 VALUE   DATE(S)  VALUE   FROM    VALUE  DATE(S)
                                          NORMAL
................................................................
TEMPERATURE (F)
RECORD
 HIGH              77   11/02/1982
 LOW                3   11/30/1976
HIGHEST            64   11/02        44      20       66  11/19
                                                          11/02
LOWEST             13   11/11        31     -18       23  11/23
                                                          11/21
AVG. MAXIMUM     44.8              45.1    -0.3     48.0
AVG. MINIMUM     28.7              31.4    -2.7     32.3
MEAN             36.8              38.3    -1.5     40.2
DAYS MAX >= 90      0               0.0     0.0        0
DAYS MAX <= 32      2               3.2    -1.2        4
DAYS MIN <= 32     21              16.4     4.6       17
DAYS MIN <= 0       0               0.0     0.0        0

PRECIPITATION (INCHES)
RECORD
 MAXIMUM         7.52   1972
 MINIMUM         1.01   1960
TOTALS           1.76              3.30   -1.54     2.11
DAILY AVG.       0.06              0.11   -0.05     0.07
DAYS >= .01        15              14.6     0.4       13
DAYS >= .10         5               7.0    -2.0        8
DAYS >= .50         0               2.0    -2.0        0
DAYS >= 1.00        0               0.5    -0.5        0
GREATEST
 24 HR. TOTAL    0.46   11/06 TO 11/06

SNOWFALL (INCHES)
RECORDS
 TOTAL           33.9   1995
 24 HR TOTAL     12.9   11/20/2016 TO 11/21/2016
 SNOW DEPTH        15   11/22/2016
TOTALS            1.8               5.8    -4.0     27.6
SINCE 7/1         1.8               6.8    -5.0     28.6
SNOWDEPTH AVG.      0                MM      MM        2
DAYS >= TRACE      14               6.0     8.0        7
DAYS >= 1.0         1               2.2    -1.2        4
GREATEST
 SNOW DEPTH         1   11/20                         15  11/22
 24 HR TOTAL      1.0   11/10 TO 11/10

DEGREE_DAYS
HEATING TOTAL     840               803      37      738
 SINCE 7/1       1398              1575    -177     1349
COOLING TOTAL       0                 0       0        0
 SINCE 1/1        349               381     -32      563
.................................................................

WIND (MPH)
AVERAGE WIND SPEED              8.9
RESULTANT WIND SPEED/DIRECTION   3/249
HIGHEST WIND SPEED/DIRECTION    32/280    DATE  11/19
HIGHEST GUST SPEED/DIRECTION    45/290    DATE  11/19

SKY COVER
POSSIBLE SUNSHINE (PERCENT)   MM
AVERAGE SKY COVER           0.60
NUMBER OF DAYS FAIR            7
NUMBER OF DAYS PC             12
NUMBER OF DAYS CLOUDY         11

AVERAGE RH (PERCENT)     71

WEATHER CONDITIONS. NUMBER OF DAYS WITH
THUNDERSTORM              0     MIXED PRECIP               0
HEAVY RAIN                0     RAIN                       4
LIGHT RAIN               15     FREEZING RAIN              0
LT FREEZING RAIN          0     HAIL                       0
HEAVY SNOW                1     SNOW                       2
LIGHT SNOW               11     SLEET                      0
FOG                      19     FOG W/VIS <= 1/4 MILE      1
HAZE                      3

-  INDICATES NEGATIVE NUMBERS.
R  INDICATES RECORD WAS SET OR TIED.
MM INDICATES DATA IS MISSING.
T  INDICATES TRACE AMOUNT.

$$
