079
CXUS51 KBGM 011455 CCA
CLMBGM

CLIMATE REPORT...CORRECTED
NATIONAL WEATHER SERVICE BINGHAMTON NY
1055 AM EDT TUE NOV 1 2016

...................................

...THE BINGHAMTON NY CLIMATE SUMMARY FOR THE MONTH OF OCTOBER 2016...

CLIMATE NORMAL PERIOD 1981 TO 2010
CLIMATE RECORD PERIOD 1951 TO 2016

WEATHER         OBSERVED          NORMAL  DEPART  LAST YEAR`S
                 VALUE   DATE(S)  VALUE   FROM    VALUE  DATE(S)
                                          NORMAL
................................................................
TEMPERATURE (F)
RECORD
 HIGH              85   10/05/1951
 LOW               17   10/28/1976
HIGHEST            77   10/18        57      20       72  10/12
LOWEST             28   10/29        40     -12       26  10/19
                        10/27                             10/18
AVG. MAXIMUM     57.7              56.8     0.9     56.1
AVG. MINIMUM     40.6              40.1     0.5     40.0
MEAN             49.2              48.5     0.7     48.0
DAYS MAX >= 90      0               0.0     0.0        0
DAYS MAX <= 32      0               0.0     0.0        0
DAYS MIN <= 32      7               5.3     1.7        7
DAYS MIN <= 0       0               0.0     0.0        0

PRECIPITATION (INCHES)
RECORD
 MAXIMUM         9.43   1955
 MINIMUM         0.26   1963
TOTALS           5.83              3.33    2.50     2.74
DAILY AVG.       0.19              0.11    0.08     0.09
DAYS >= .01        15              12.5     2.5       14
DAYS >= .10         9               6.6     2.4        6
DAYS >= .50         3               2.1     0.9        2
DAYS >= 1.00        1               0.8     0.2        1
GREATEST
 24 HR. TOTAL    2.83   10/20 TO 10/21

SNOWFALL (INCHES)
RECORDS
 TOTAL           11.6   1993
 24 HR TOTAL      6.8   10/31/1993 TO 10/31/1993
 SNOW DEPTH         3   10/26/2005
                        10/25/2005
                        10/31/1993
TOTALS            1.0               1.0     0.0      0.3
SINCE 7/1         1.0               1.0     0.0      0.3
SNOWDEPTH AVG.      0                MM      MM        0
DAYS >= TRACE       4               0.9     3.1        3
DAYS >= 1.0         1               0.2     0.8        0
GREATEST
 SNOW DEPTH         1   10/27                          0  MM
 24 HR TOTAL      1.0   10/27 TO 10/27

DEGREE_DAYS
HEATING TOTAL     488               515     -27      520
 SINCE 7/1        611               772    -161      651
COOLING TOTAL       4                 2       2        0
 SINCE 1/1        563               381     182      443
.................................................................

WIND (MPH)
AVERAGE WIND SPEED              8.3
RESULTANT WIND SPEED/DIRECTION   2/267
HIGHEST WIND SPEED/DIRECTION    26/290    DATE  10/22
HIGHEST GUST SPEED/DIRECTION    39/290    DATE  10/22

SKY COVER
POSSIBLE SUNSHINE (PERCENT)   MM
AVERAGE SKY COVER           0.60
NUMBER OF DAYS FAIR            9
NUMBER OF DAYS PC             10
NUMBER OF DAYS CLOUDY         12

AVERAGE RH (PERCENT)     80

WEATHER CONDITIONS. NUMBER OF DAYS WITH
THUNDERSTORM              3     MIXED PRECIP               0
HEAVY RAIN                5     RAIN                       9
LIGHT RAIN               20     FREEZING RAIN              1
LT FREEZING RAIN          1     HAIL                       0
HEAVY SNOW                0     SNOW                       0
LIGHT SNOW                4     SLEET                      0
FOG                      21     FOG W/VIS <= 1/4 MILE      6
HAZE                      0

-  INDICATES NEGATIVE NUMBERS.
R  INDICATES RECORD WAS SET OR TIED.
MM INDICATES DATA IS MISSING.
T  INDICATES TRACE AMOUNT.

&&
CORRECTED NUMBER OF THUNDERSTORM DAYS

$$

TAC
