000
CXUS51 KBGM 010749
CLMBGM


CLIMATE REPORT
NATIONAL WEATHER SERVICE BINGHAMTON NY
349 AM EDT MON SEP 1 2014

...................................

...THE BINGHAMTON NY CLIMATE SUMMARY FOR THE MONTH OF AUGUST 2014...

CLIMATE NORMAL PERIOD 1981 TO 2010
CLIMATE RECORD PERIOD 1951 TO 2014

WEATHER         OBSERVED          NORMAL  DEPART  LAST YEAR`S
                 VALUE   DATE(S)  VALUE   FROM    VALUE  DATE(S)
                                          NORMAL
................................................................
TEMPERATURE (F)
RECORD
 HIGH              95   08/14/2002
                        08/09/2001
 LOW               37   08/30/1965
HIGHEST            81   08/10        76       5       83  08/31
                        08/05
                        08/01
LOWEST             47   08/19        57     -10       48  08/15
                                                          08/14
AVG. MAXIMUM     74.5              76.5    -2.0     75.3
AVG. MINIMUM     56.8              58.3    -1.5     57.0
MEAN             65.6              67.4    -1.8     66.2
DAYS MAX >= 90      0               0.3    -0.3        0
DAYS MAX <= 32      0               0.0     0.0        0
DAYS MIN <= 32      0               0.0     0.0        0
DAYS MIN <= 0       0               0.0     0.0        0

PRECIPITATION (INCHES)
RECORD
 MAXIMUM         8.90   2011
 MINIMUM         0.61   1953
TOTALS           5.46              3.45    2.01     5.37
DAILY AVG.       0.18              0.11    0.07     0.17
DAYS >= .01        10              10.6    -0.6       11
DAYS >= .10         7               6.6     0.4        9
DAYS >= .50         4               2.3     1.7        4
DAYS >= 1.00        2               0.7     1.3        1
GREATEST
 24 HR. TOTAL    2.73   08/12 TO 08/13

SNOWFALL (INCHES)
RECORDS
 TOTAL              T   2008
 24 HR TOTAL        T   08/10/2008 TO 08/10/2008
 SNOW DEPTH         0   MM
TOTALS            0.0               0.0     0.0      0.0
SINCE 7/1           T               0.0     0.0      0.0
SNOWDEPTH AVG.      0                MM      MM        0
DAYS >= TRACE       0               0.0     0.0        0
DAYS >= 1.0         0               0.0     0.0        0
GREATEST
 SNOW DEPTH         0   MM                             0  MM
 24 HR TOTAL      0.0   08/31 TO 08/31

DEGREE_DAYS
HEATING TOTAL      41                39       2       37
 SINCE 7/1         66                63       3       51
COOLING TOTAL      69               113     -44       81
 SINCE 1/1        302               348     -46      427
.................................................................

WIND (MPH)
AVERAGE WIND SPEED              6.0
RESULTANT WIND SPEED/DIRECTION   2/233
HIGHEST WIND SPEED/DIRECTION    22/210    DATE  08/20
HIGHEST GUST SPEED/DIRECTION    30/140    DATE  08/12

SKY COVER
POSSIBLE SUNSHINE (PERCENT)   MM
AVERAGE SKY COVER           0.50
NUMBER OF DAYS FAIR           13
NUMBER OF DAYS PC             12
NUMBER OF DAYS CLOUDY          6

AVERAGE RH (PERCENT)     76

WEATHER CONDITIONS. NUMBER OF DAYS WITH
THUNDERSTORM              0     MIXED PRECIP               0
HEAVY RAIN                5     RAIN                       7
LIGHT RAIN               13     FREEZING RAIN              0
LT FREEZING RAIN          0     HAIL                       0
HEAVY SNOW                0     SNOW                       0
LIGHT SNOW                0     SLEET                      0
FOG                      18     FOG W/VIS <= 1/4 MILE      9
HAZE                      0

-  INDICATES NEGATIVE NUMBERS.
R  INDICATES RECORD WAS SET OR TIED.
MM INDICATES DATA IS MISSING.
T  INDICATES TRACE AMOUNT.

$$
