357
CXUS51 KBGM 030120 CCA
CLMBGM

CLIMATE REPORT...CORRECTED
NATIONAL WEATHER SERVICE BINGHAMTON NY
919 PM EDT TUE MAY 2 2017

...................................

...THE BINGHAMTON NY CLIMATE SUMMARY FOR THE MONTH OF APRIL 2017...

CLIMATE NORMAL PERIOD 1981 TO 2010
CLIMATE RECORD PERIOD 1951 TO 2017

WEATHER         OBSERVED          NORMAL  DEPART  LAST YEAR`S
                 VALUE   DATE(S)  VALUE   FROM    VALUE  DATE(S)
                                          NORMAL
................................................................
TEMPERATURE (F)
RECORD
 HIGH              89   04/27/2009
 LOW                9   04/07/1982
HIGHEST            79   04/16        53      26       74  04/17
LOWEST             28   04/08        35      -7       12  04/05
                        04/02
AVG. MAXIMUM     59.9              54.2     5.7     52.0
AVG. MINIMUM     40.8              35.9     4.9     32.3
MEAN             50.3              45.1     5.2     42.1
DAYS MAX >= 90      0               0.0     0.0        0
DAYS MAX <= 32      0               0.5    -0.5        4
DAYS MIN <= 32      6               9.9    -3.9       14
DAYS MIN <= 0       0               0.0     0.0        0

PRECIPITATION (INCHES)
RECORD
 MAXIMUM         8.57   1983
 MINIMUM         0.73   2001
TOTALS           5.61              3.43    2.18     2.83
DAILY AVG.       0.19              0.11    0.08     0.09
DAYS >= .01        17              13.4     3.6       13
DAYS >= .10        10               7.5     2.5       10
DAYS >= .50         4               2.1     1.9        1
DAYS >= 1.00        2               0.4     1.6        0
GREATEST
 24 HR. TOTAL    1.58   04/06 TO 04/06

SNOWFALL (INCHES)
RECORDS
 TOTAL           22.9   1983
 24 HR TOTAL     12.7   04/15/2007 TO 04/16/2007
 SNOW DEPTH         9   04/17/2007
                        04/16/2007
TOTALS            2.1               4.3    -2.2      9.3
SINCE 7/1       135.2              83.3    51.9     32.0
SNOWDEPTH AVG.      0                MM      MM        0
DAYS >= TRACE       2               3.4    -1.4        8
DAYS >= 1.0         1               1.0     0.0        3
GREATEST
 SNOW DEPTH         1   04/07                          4  04/05
                        04/01                             04/04
 24 HR TOTAL      1.2   04/01 TO 04/01

DEGREE_DAYS
HEATING TOTAL     435               603    -168      679
 SINCE 7/1       6160              6799    -639     5808
COOLING TOTAL       4                 4       0        0
 SINCE 1/1          4                 4       0        0
.................................................................

WIND (MPH)
AVERAGE WIND SPEED              8.9
RESULTANT WIND SPEED/DIRECTION   2/241
HIGHEST WIND SPEED/DIRECTION    29/330    DATE  04/16
HIGHEST GUST SPEED/DIRECTION    40/330    DATE  04/16

SKY COVER
POSSIBLE SUNSHINE (PERCENT)   MM
AVERAGE SKY COVER           0.50
NUMBER OF DAYS FAIR           12
NUMBER OF DAYS PC              8
NUMBER OF DAYS CLOUDY         10

AVERAGE RH (PERCENT)     66

WEATHER CONDITIONS. NUMBER OF DAYS WITH
THUNDERSTORM              5     MIXED PRECIP               0
HEAVY RAIN                6     RAIN                       9
LIGHT RAIN               16     FREEZING RAIN              0
LT FREEZING RAIN          0     HAIL                       0
HEAVY SNOW                0     SNOW                       0
LIGHT SNOW                2     SLEET                      0
FOG                      15     FOG W/VIS <= 1/4 MILE      3
HAZE                      1

-  INDICATES NEGATIVE NUMBERS.
R  INDICATES RECORD WAS SET OR TIED.
MM INDICATES DATA IS MISSING.
T  INDICATES TRACE AMOUNT.

&&
CORRECTED NUMBER OF THUNDERSTORM DAYS
CORRECTED DATES OF MAX 24 HOUR SNOWFALL AND SNOW DEPTH
2ND WARMEST APRIL   WARMEST 51.2F IN 2010
6TH WETTEST APRIL
$$
