000
CXUS51 KBGM 010616
CLMBGM


CLIMATE REPORT
NATIONAL WEATHER SERVICE BINGHAMTON NY
216 AM EDT THU MAY 1 2014

...................................

...THE BINGHAMTON NY CLIMATE SUMMARY FOR THE MONTH OF APRIL 2014...

CLIMATE NORMAL PERIOD 1981 TO 2010
CLIMATE RECORD PERIOD 1951 TO 2014

WEATHER         OBSERVED          NORMAL  DEPART  LAST YEAR`S
                 VALUE   DATE(S)  VALUE   FROM    VALUE  DATE(S)
                                          NORMAL
................................................................
TEMPERATURE (F)
RECORD
 HIGH              89   04/27/2009
 LOW                9   04/07/1982
HIGHEST            79   04/13        53      26       69  04/19
LOWEST             19   04/16        35     -16       19  04/04
                                                          04/02
AVG. MAXIMUM     54.9              54.2     0.7     53.7
AVG. MINIMUM     34.6              35.9    -1.3     34.4
MEAN             44.8              45.1    -0.3     44.1
DAYS MAX >= 90      0               0.0     0.0        0
DAYS MAX <= 32      0               0.5    -0.5        0
DAYS MIN <= 32     13               9.9     3.1       10
DAYS MIN <= 0       0               0.0     0.0        0

PRECIPITATION (INCHES)
RECORD
 MAXIMUM         8.57   1983
 MINIMUM         0.73   2001
TOTALS           2.77              3.43   -0.66     3.34
DAILY AVG.       0.09              0.11   -0.02     0.11
DAYS >= .01        13              13.4    -0.4       12
DAYS >= .10        10               7.5     2.5        9
DAYS >= .50         1               2.1    -1.1        3
DAYS >= 1.00        0               0.4    -0.4        0
GREATEST
 24 HR. TOTAL    0.78   04/14 TO 04/15

SNOWFALL (INCHES)
RECORDS
 TOTAL           22.9   1983
 24 HR TOTAL     12.7   10/07/5881 TO 10/07/5881
                        04/15/2007 TO 04/16/2007
                        10/07/5881 TO 10/07/5881
 SNOW DEPTH         9   10/07/5881
                        04/17/2007
                        04/16/2007
TOTALS            1.0               4.3    -3.3      0.9
SINCE 7/1        85.4              83.3     2.1     69.1
SNOWDEPTH AVG.      0                MM      MM        0
DAYS >= TRACE       5               3.4     1.6        6
DAYS >= 1.0         0               1.0    -1.0        0
GREATEST
 SNOW DEPTH         1   04/16                          1  04/02
 24 HR TOTAL      0.9   MM

DEGREE_DAYS
HEATING TOTAL     602               603      -1      619
 SINCE 7/1       7273              6799     474     6574
COOLING TOTAL       2                 4      -2        0
 SINCE 1/1          2                 4      -2        0
.................................................................

WIND (MPH)
AVERAGE WIND SPEED              9.8
RESULTANT WIND SPEED/DIRECTION   2/220
HIGHEST WIND SPEED/DIRECTION    32/140    DATE  04/30
HIGHEST GUST SPEED/DIRECTION    46/270    DATE  04/14

SKY COVER
POSSIBLE SUNSHINE (PERCENT)   MM
AVERAGE SKY COVER           0.40
NUMBER OF DAYS FAIR           15
NUMBER OF DAYS PC              6
NUMBER OF DAYS CLOUDY          9

AVERAGE RH (PERCENT)     64

WEATHER CONDITIONS. NUMBER OF DAYS WITH
THUNDERSTORM              0     MIXED PRECIP               0
HEAVY RAIN                2     RAIN                      10
LIGHT RAIN               15     FREEZING RAIN              0
LT FREEZING RAIN          0     HAIL                       0
HEAVY SNOW                0     SNOW                       1
LIGHT SNOW                5     SLEET                      0
FOG                      17     FOG W/VIS <= 1/4 MILE      3
HAZE                      2

-  INDICATES NEGATIVE NUMBERS.
R  INDICATES RECORD WAS SET OR TIED.
MM INDICATES DATA IS MISSING.
T  INDICATES TRACE AMOUNT.

$$
