061
CXUS51 KBGM 030239 CCA
CLMBGM

CLIMATE REPORT
NATIONAL WEATHER SERVICE BINGHAMTON NY
1040 PM EDT FRI JUN 2 2017

...................................

...THE BINGHAMTON NY CLIMATE SUMMARY FOR THE MONTH OF MAY 2017...

CLIMATE NORMAL PERIOD 1981 TO 2010
CLIMATE RECORD PERIOD 1951 TO 2017

WEATHER         OBSERVED          NORMAL  DEPART  LAST YEAR`S
                 VALUE   DATE(S)  VALUE   FROM    VALUE  DATE(S)
                                          NORMAL
................................................................
TEMPERATURE (F)
RECORD
 HIGH              89   05/20/1996
                        05/07/1982
 LOW               25   05/01/1978
                        05/10/1966
                        05/17/1956
HIGHEST            86   05/18        66      20       88  05/28
                        05/17
LOWEST             32   05/08        46     -14       30  05/16
                        05/04
AVG. MAXIMUM     62.0              65.5    -3.5     65.6
AVG. MINIMUM     45.5              46.1    -0.6     46.1
MEAN             53.8              55.8    -2.0     55.9
DAYS MAX >= 90      0               0.0     0.0        0
DAYS MAX <= 32      0               0.0     0.0        0
DAYS MIN <= 32      2               0.9     1.1        2
DAYS MIN <= 0       0               0.0     0.0        0

PRECIPITATION (INCHES)
RECORD
 MAXIMUM         7.48   2011
 MINIMUM         0.78   1962
TOTALS           6.97              3.57    3.40     2.85
DAILY AVG.       0.22              0.12    0.10     0.09
DAYS >= .01        19              13.7     5.3       13
DAYS >= .10        12               8.0     4.0        8
DAYS >= .50         6               2.3     3.7        1
DAYS >= 1.00        2               0.5     1.5        0
GREATEST
 24 HR. TOTAL    1.63   05/06 TO 05/06

SNOWFALL (INCHES)
RECORDS
 TOTAL            3.4   1966
 24 HR TOTAL      3.4   05/09/1966 TO 05/09/1966
 SNOW DEPTH         2   05/10/1966
TOTALS            0.0               0.1    -0.1        T
SINCE 7/1       135.2              83.4    51.8     32.0
SNOWDEPTH AVG.      0                MM      MM        0
DAYS >= TRACE       0               0.2    -0.2        2
DAYS >= 1.0         0               0.1    -0.1        0
GREATEST
 SNOW DEPTH         0   MM                             T  05/15
                                                          05/16
 24 HR TOTAL      0.0   05/31 TO 05/31

DEGREE_DAYS
HEATING TOTAL     356               305      51      321
 SINCE 7/1       6516              7104    -588     6129
COOLING TOTAL      17                19      -2       46
 SINCE 1/1         21                23      -2       46
.................................................................

WIND (MPH)
AVERAGE WIND SPEED              8.4
RESULTANT WIND SPEED/DIRECTION   2/207
HIGHEST WIND SPEED/DIRECTION    39/260    DATE  05/01
HIGHEST GUST SPEED/DIRECTION    59/260    DATE  05/01

SKY COVER
POSSIBLE SUNSHINE (PERCENT)   MM
AVERAGE SKY COVER           0.70
NUMBER OF DAYS FAIR            7
NUMBER OF DAYS PC              8
NUMBER OF DAYS CLOUDY         16

AVERAGE RH (PERCENT)     73

WEATHER CONDITIONS. NUMBER OF DAYS WITH
THUNDERSTORM              5     MIXED PRECIP               0
HEAVY RAIN               10     RAIN                      11
LIGHT RAIN               22     FREEZING RAIN              0
LT FREEZING RAIN          0     HAIL                       0
HEAVY SNOW                0     SNOW                       0
LIGHT SNOW                0     SLEET                      0
FOG                      16     FOG W/VIS <= 1/4 MILE      3
HAZE                      1

-  INDICATES NEGATIVE NUMBERS.
R  INDICATES RECORD WAS SET OR TIED.
MM INDICATES DATA IS MISSING.
T  INDICATES TRACE AMOUNT.

&&
CORRECTED NUMBER OF THUNDERSTORM DAYS
CORRECTED GREATEST SNOW DEPTH LAST YEAR
THIRD WETTEST MAY

$$

TAC
