000
CXUS51 KBGM 010534
CLMBGM


CLIMATE REPORT
NATIONAL WEATHER SERVICE BINGHAMTON NY
133 AM EDT SAT JUL 1 2017

...................................

...THE BINGHAMTON NY CLIMATE SUMMARY FOR THE MONTH OF JUNE 2017...

CLIMATE NORMAL PERIOD 1981 TO 2010
CLIMATE RECORD PERIOD 1951 TO 2017

WEATHER         OBSERVED          NORMAL  DEPART  LAST YEAR`S
                 VALUE   DATE(S)  VALUE   FROM    VALUE  DATE(S)
                                          NORMAL
................................................................
TEMPERATURE (F)
RECORD
 HIGH              94   06/26/1952
 LOW               33   06/09/1980
HIGHEST            85   06/12        73      12       85  06/20
                                                          06/19
LOWEST             44   06/04        54     -10       42  06/09
                        06/03
                        06/02
AVG. MAXIMUM     73.2              73.7    -0.5     75.1
AVG. MINIMUM     54.8              55.2    -0.4     54.1
MEAN             64.0              64.4    -0.4     64.6
DAYS MAX >= 90      0               0.1    -0.1        0
DAYS MAX <= 32      0               0.0     0.0        0
DAYS MIN <= 32      0               0.0     0.0        0
DAYS MIN <= 0       0               0.0     0.0        0

PRECIPITATION (INCHES)
RECORD
 MAXIMUM        11.45   2006
 MINIMUM         0.98   1979
TOTALS           5.74              4.31    1.43     3.04
DAILY AVG.       0.19              0.14    0.05     0.10
DAYS >= .01        18              12.6     5.4        8
DAYS >= .10        10               8.1     1.9        4
DAYS >= .50         4               2.8     1.2        2
DAYS >= 1.00        2               0.9     1.1        2
GREATEST
 24 HR. TOTAL    1.43   06/05 TO 06/05

SNOWFALL (INCHES)
RECORDS
 TOTAL              T   2012
 24 HR TOTAL        T   06/06/2012 TO 06/06/2012
 SNOW DEPTH         T   06/06/2012
TOTALS              TR              0.0     0.0      0.0
SINCE 7/1       135.2              83.4    51.8     32.0
SNOWDEPTH AVG.      0                MM      MM        0
DAYS >= TRACE       1               0.0     1.0        0
DAYS >= 1.0         0               0.0     0.0        0
GREATEST
 SNOW DEPTH         0   MM                             0  MM
 24 HR TOTAL        TR  06/27 TO 06/27

DEGREE_DAYS
HEATING TOTAL      95                91       4       69
 SINCE 7/1       6611              7195    -584     6198
COOLING TOTAL      73                74      -1       63
 SINCE 1/1         94                97      -3      109
.................................................................

WIND (MPH)
AVERAGE WIND SPEED              7.7
RESULTANT WIND SPEED/DIRECTION   3/238
HIGHEST WIND SPEED/DIRECTION    28/270    DATE  06/18
HIGHEST GUST SPEED/DIRECTION    36/300    DATE  06/27

SKY COVER
POSSIBLE SUNSHINE (PERCENT)   MM
AVERAGE SKY COVER           0.40
NUMBER OF DAYS FAIR           13
NUMBER OF DAYS PC             12
NUMBER OF DAYS CLOUDY          5

AVERAGE RH (PERCENT)     71

WEATHER CONDITIONS. NUMBER OF DAYS WITH
THUNDERSTORM              0     MIXED PRECIP               0
HEAVY RAIN                6     RAIN                       8
LIGHT RAIN               17     FREEZING RAIN              0
LT FREEZING RAIN          0     HAIL                       1
HEAVY SNOW                0     SNOW                       0
LIGHT SNOW                0     SLEET                      0
FOG                      17     FOG W/VIS <= 1/4 MILE      1
HAZE                      1

-  INDICATES NEGATIVE NUMBERS.
R  INDICATES RECORD WAS SET OR TIED.
MM INDICATES DATA IS MISSING.
T  INDICATES TRACE AMOUNT.

$$
