000
CXUS51 KBGM 010540
CLMBGM


CLIMATE REPORT
NATIONAL WEATHER SERVICE BINGHAMTON NY
140 AM EDT TUE OCT 1 2013

...................................

...THE BINGHAMTON NY CLIMATE SUMMARY FOR THE MONTH OF SEPTEMBER 2013...

CLIMATE NORMAL PERIOD 1981 TO 2010
CLIMATE RECORD PERIOD 1951 TO 2013

WEATHER         OBSERVED          NORMAL  DEPART  LAST YEAR`S
                 VALUE   DATE(S)  VALUE   FROM    VALUE  DATE(S)
                                          NORMAL
................................................................
TEMPERATURE (F)
RECORD
 HIGH              96   09/03/1953
                        09/02/1953
 LOW               25   09/24/1974
HIGHEST            88   09/11        68      20       82  09/06
LOWEST             36   09/17        50     -14       38  09/24
                        09/15
AVG. MAXIMUM     68.2              68.4    -0.2     68.4
AVG. MINIMUM     47.8              50.7    -2.9     50.2
MEAN             58.0              59.6    -1.6     59.3
DAYS MAX >= 90      0               0.0     0.0        0
DAYS MAX <= 32      0               0.0     0.0        0
DAYS MIN <= 32      0               0.2    -0.2        0
DAYS MIN <= 0       0               0.0     0.0        0

PRECIPITATION (INCHES)
RECORD
 MAXIMUM        16.58   2011
 MINIMUM         0.61   1961
TOTALS           2.91              3.63   -0.72     3.18
DAILY AVG.       0.10              0.12   -0.02     0.11
DAYS >= .01        11              11.1    -0.1       15
DAYS >= .10         5               6.4    -1.4        6
DAYS >= .50         3               2.3     0.7        2
DAYS >= 1.00        0               0.8    -0.8        0
GREATEST
 24 HR. TOTAL    0.79   09/11 TO 09/12

SNOWFALL (INCHES)
RECORDS
 TOTAL            0.0   2007
 24 HR TOTAL      0.0   MM
 SNOW DEPTH        MM   MM
TOTALS            0.0               0.0     0.0      0.0
SINCE 7/1         0.0               0.0     0.0      0.0
SNOWDEPTH AVG.      0                MM      MM        0
DAYS >= TRACE       0               0.0     0.0        0
DAYS >= 1.0         0               0.0     0.0        0
GREATEST
 SNOW DEPTH         0   MM                             0  MM
 24 HR TOTAL      0.0   09/30 TO 09/30

DEGREE_DAYS
HEATING TOTAL     241               194      47      193
 SINCE 7/1        292               257      35      214
COOLING TOTAL      41                31      10       29
 SINCE 1/1        468               379      89      547
.................................................................

WIND (MPH)
AVERAGE WIND SPEED              6.1
RESULTANT WIND SPEED/DIRECTION   2/273
HIGHEST WIND SPEED/DIRECTION    22/350    DATE  09/08
HIGHEST GUST SPEED/DIRECTION    31/180    DATE  09/21

SKY COVER
POSSIBLE SUNSHINE (PERCENT)   MM
AVERAGE SKY COVER           0.40
NUMBER OF DAYS FAIR           17
NUMBER OF DAYS PC              8
NUMBER OF DAYS CLOUDY          5

AVERAGE RH (PERCENT)     74

WEATHER CONDITIONS. NUMBER OF DAYS WITH
THUNDERSTORM              0     MIXED PRECIP               0
HEAVY RAIN                5     RAIN                       7
LIGHT RAIN               13     FREEZING RAIN              0
LT FREEZING RAIN          0     HAIL                       0
HEAVY SNOW                0     SNOW                       0
LIGHT SNOW                0     SLEET                      0
FOG                      18     FOG W/VIS <= 1/4 MILE      8
HAZE                      6

-  INDICATES NEGATIVE NUMBERS.
R  INDICATES RECORD WAS SET OR TIED.
MM INDICATES DATA IS MISSING.
T  INDICATES TRACE AMOUNT.

$$
