372
CXUS51 KBGM 061037
CLMBGM

CLIMATE REPORT
NATIONAL WEATHER SERVICE BINGHAMTON NY
605 AM EDT MON JUN 6 2016

...................................

...THE BINGHAMTON NY CLIMATE SUMMARY FOR THE MONTH OF MAY 2016...

CLIMATE NORMAL PERIOD 1981 TO 2010
CLIMATE RECORD PERIOD 1951 TO 2016

WEATHER         OBSERVED          NORMAL  DEPART  LAST YEAR`S
                 VALUE   DATE(S)  VALUE   FROM    VALUE  DATE(S)
                                          NORMAL
................................................................
TEMPERATURE (F)
RECORD
 HIGH              89   05/20/1996
                        05/07/1982
 LOW               25   05/01/1978
                        05/10/1966
                        05/17/1956
HIGHEST            88   05/28        66      22       85  05/08
LOWEST             30   05/16        46     -16       32  05/23
AVG. MAXIMUM     65.6              65.5     0.1     72.6
AVG. MINIMUM     46.1              46.1     0.0     51.7
MEAN             55.9              55.8     0.1     62.1
DAYS MAX >= 90      0               0.0     0.0        0
DAYS MAX <= 32      0               0.0     0.0        0
DAYS MIN <= 32      2               0.9     1.1        1
DAYS MIN <= 0       0               0.0     0.0        0

PRECIPITATION (INCHES)
RECORD
 MAXIMUM         7.48   2011
 MINIMUM         0.78   1962
TOTALS           2.85              3.57   -0.72     3.41
DAILY AVG.       0.09              0.12   -0.03     0.11
DAYS >= .01        13              13.7    -0.7       10
DAYS >= .10         8               8.0     0.0        5
DAYS >= .50         1               2.3    -1.3        2
DAYS >= 1.00        0               0.5    -0.5        1
GREATEST
 24 HR. TOTAL    0.83   05/13 TO 05/13

SNOWFALL (INCHES)
RECORDS
 TOTAL            3.4   1966
 24 HR TOTAL      3.4   05/09/1966 TO 05/09/1966
 SNOW DEPTH         2   05/10/1966
TOTALS              T               0.1    -0.1      0.0
SINCE 7/1        32.0              83.4   -51.4     93.4
SNOWDEPTH AVG.      0                MM      MM        0
DAYS >= TRACE       2               0.2     1.8        0
DAYS >= 1.0         0               0.1    -0.1        0
GREATEST
 SNOW DEPTH         T   05/15                          0  MM
                        05/16
 24 HR TOTAL        T   05/16 TO 05/16
                        05/15 TO 05/15

DEGREE_DAYS
HEATING TOTAL     321               305      16      153
 SINCE 7/1       6129              7104    -975     7458
COOLING TOTAL      46                19      27       73
 SINCE 1/1         46                23      23       73
.................................................................

WIND (MPH)
AVERAGE WIND SPEED              7.1
RESULTANT WIND SPEED/DIRECTION   2/299
HIGHEST WIND SPEED/DIRECTION    26/280    DATE  05/15
HIGHEST GUST SPEED/DIRECTION    38/280    DATE  05/16

SKY COVER
POSSIBLE SUNSHINE (PERCENT)   MM
AVERAGE SKY COVER           0.50
NUMBER OF DAYS FAIR           16
NUMBER OF DAYS PC              5
NUMBER OF DAYS CLOUDY         10

AVERAGE RH (PERCENT)     67

WEATHER CONDITIONS. NUMBER OF DAYS WITH
THUNDERSTORM              2     MIXED PRECIP               0
HEAVY RAIN                4     RAIN                       6
LIGHT RAIN               16     FREEZING RAIN              0
LT FREEZING RAIN          0     HAIL                       0
HEAVY SNOW                0     SNOW                       0
LIGHT SNOW                1     SLEET                      0
FOG                      14     FOG W/VIS <= 1/4 MILE      2
HAZE                      8

-  INDICATES NEGATIVE NUMBERS.
R  INDICATES RECORD WAS SET OR TIED.
MM INDICATES DATA IS MISSING.
T  INDICATES TRACE AMOUNT.

$$
